{"id":862,"date":"2025-05-24T13:44:06","date_gmt":"2025-05-24T11:44:06","guid":{"rendered":"https:\/\/starter.stage.shop-it.at\/?page_id=862"},"modified":"2025-10-23T15:21:37","modified_gmt":"2025-10-23T13:21:37","slug":"startseite","status":"publish","type":"page","link":"https:\/\/www.regionalis.shop\/paoli-natural\/","title":{"rendered":"Startseite"},"content":{"rendered":"<section>\n        <div class=\"header-image\">\n            <img decoding=\"async\" src=\"https:\/\/www.regionalis.shop\/app\/uploads\/sites\/464\/4100_2021_03_01_16_05_06_430225831.jpg\" alt=\"\">\n        <\/div>\n    \n    <\/section>\n    <section>\n    <div class=\"header-title\">\n        <h1 class=\"h2\">Willkommen bei Paoli natural<\/h1>\n    <\/div>\n            <h2 class=\"h3\">Handgemacht in Wien<\/h2>\n                <p>Unsere handgegossenen Kerzen bestehen zu 100% aus Sojawachs und nat\u00fcrlichen Zutaten. Alles ist mit Liebe handgemacht, einzigartig und umweltfreundlich. Wir verwenden nur hochwertige \u00e4therische \u00d6le  und stellen jede Kerze mit Liebe zum Detail her. Wir lieben was wir tun!<\/p>\n\n    \n    <h3>Produkte<\/h3>\n\n    <div class=\"woocommerce columns-3 \"><ul class=\"products columns-3\">\n<li class=\"product type-product post-1057 status-publish first instock product_cat-wohndekoration product_cat-wohnen-deko has-post-thumbnail purchasable product-type-simple\">\n\t<a href=\"https:\/\/www.regionalis.shop\/paoli-natural\/shop\/sojakerze-aetherisches-oel-rose-holzdocht-glas-mit-holzdeckel-hausdekoration\/\" class=\"woocommerce-LoopProduct-link woocommerce-loop-product__link\"><div class=\"wc-block-grid__product-image\"><img loading=\"lazy\" decoding=\"async\" width=\"420\" height=\"420\" src=\"https:\/\/www.regionalis.shop\/app\/uploads\/sites\/464\/4100_2021_04_03_14_36_00_183932873.png\" class=\"attachment-large size-large\" alt=\"Sojakerze, \u00e4therisches \u00d6l: ROSE, Holzdocht, Glas mit Holzdeckel, Hausdekoration\" srcset=\"https:\/\/www.regionalis.shop\/app\/uploads\/sites\/464\/4100_2021_04_03_14_36_00_183932873.png 420w, https:\/\/www.regionalis.shop\/app\/uploads\/sites\/464\/4100_2021_04_03_14_36_00_183932873-300x300.png 300w, https:\/\/www.regionalis.shop\/app\/uploads\/sites\/464\/4100_2021_04_03_14_36_00_183932873-150x150.png 150w, https:\/\/www.regionalis.shop\/app\/uploads\/sites\/464\/4100_2021_04_03_14_36_00_183932873-100x100.png 100w\" sizes=\"auto, (max-width: 420px) 100vw, 420px\" \/><\/div><h2 class=\"woocommerce-loop-product__title\">Sojakerze, \u00e4therisches \u00d6l: ROSE, Holzdocht, Glas mit Holzdeckel, Hausdekoration<\/h2>\n\t<span class=\"price\"><span class=\"woocommerce-Price-amount amount\"><bdi>28,00&nbsp;<span class=\"woocommerce-Price-currencySymbol\">&euro;<\/span><\/bdi><\/span><\/span>\n<\/a><\/li>\n<li class=\"product type-product post-1052 status-publish instock product_cat-wohndekoration product_cat-wohnen-deko has-post-thumbnail purchasable product-type-simple\">\n\t<a href=\"https:\/\/www.regionalis.shop\/paoli-natural\/shop\/sojawachskerze-aetherisches-oel-kokosnuss\/\" class=\"woocommerce-LoopProduct-link woocommerce-loop-product__link\"><div class=\"wc-block-grid__product-image\"><img loading=\"lazy\" decoding=\"async\" width=\"420\" height=\"420\" src=\"https:\/\/www.regionalis.shop\/app\/uploads\/sites\/464\/4100_2021_04_03_14_18_43_407685341.png\" class=\"attachment-large size-large\" alt=\"Sojawachskerze, \u00e4therisches \u00d6l: Kokosnuss\" srcset=\"https:\/\/www.regionalis.shop\/app\/uploads\/sites\/464\/4100_2021_04_03_14_18_43_407685341.png 420w, https:\/\/www.regionalis.shop\/app\/uploads\/sites\/464\/4100_2021_04_03_14_18_43_407685341-300x300.png 300w, https:\/\/www.regionalis.shop\/app\/uploads\/sites\/464\/4100_2021_04_03_14_18_43_407685341-150x150.png 150w, https:\/\/www.regionalis.shop\/app\/uploads\/sites\/464\/4100_2021_04_03_14_18_43_407685341-100x100.png 100w\" sizes=\"auto, (max-width: 420px) 100vw, 420px\" \/><\/div><h2 class=\"woocommerce-loop-product__title\">Sojawachskerze, \u00e4therisches \u00d6l: Kokosnuss<\/h2>\n\t<span class=\"price\"><span class=\"woocommerce-Price-amount amount\"><bdi>18,00&nbsp;<span class=\"woocommerce-Price-currencySymbol\">&euro;<\/span><\/bdi><\/span><\/span>\n<\/a><\/li>\n<li class=\"product type-product post-1062 status-publish last instock product_cat-kerzen-kerzenstaender product_cat-wohnen-deko has-post-thumbnail purchasable product-type-simple\">\n\t<a href=\"https:\/\/www.regionalis.shop\/paoli-natural\/shop\/sojakerze-aetherische-oele-lavendel-rosmarin-handgemacht-hausdekoration\/\" class=\"woocommerce-LoopProduct-link woocommerce-loop-product__link\"><div class=\"wc-block-grid__product-image\"><img loading=\"lazy\" decoding=\"async\" width=\"420\" height=\"420\" src=\"https:\/\/www.regionalis.shop\/app\/uploads\/sites\/464\/4100_2021_03_23_19_49_09_793930100.png\" class=\"attachment-large size-large\" alt=\"Sojakerze, \u00c4therische \u00d6le: LAVENDEL &amp; ROSMARIN, handgemacht, Hausdekoration\" srcset=\"https:\/\/www.regionalis.shop\/app\/uploads\/sites\/464\/4100_2021_03_23_19_49_09_793930100.png 420w, https:\/\/www.regionalis.shop\/app\/uploads\/sites\/464\/4100_2021_03_23_19_49_09_793930100-300x300.png 300w, https:\/\/www.regionalis.shop\/app\/uploads\/sites\/464\/4100_2021_03_23_19_49_09_793930100-150x150.png 150w, https:\/\/www.regionalis.shop\/app\/uploads\/sites\/464\/4100_2021_03_23_19_49_09_793930100-100x100.png 100w\" sizes=\"auto, (max-width: 420px) 100vw, 420px\" \/><\/div><h2 class=\"woocommerce-loop-product__title\">Sojakerze, \u00c4therische \u00d6le: LAVENDEL &#038; ROSMARIN, handgemacht, Hausdekoration<\/h2>\n\t<span class=\"price\"><span class=\"woocommerce-Price-amount amount\"><bdi>18,00&nbsp;<span class=\"woocommerce-Price-currencySymbol\">&euro;<\/span><\/bdi><\/span><\/span>\n<\/a><\/li>\n<\/ul>\n<\/div>\n    <p>\n        <a href=\"https:\/\/www.regionalis.shop\/paoli-natural\/shop\/\" class=\"btn btn-primary btn-icon-right\">\n            Alle Produkte <i class=\"bi bi-arrow-right-short\"><\/i>\n        <\/a>\n    <\/p>\n<\/section>\n\n<div data-block-name=\"woocommerce\/store-notices\" class=\"wc-block-store-notices woocommerce alignwide alignwide wp-block-woocommerce-store-notices\"><div class=\"woocommerce-notices-wrapper\"><\/div><\/div>","protected":false},"excerpt":{"rendered":"","protected":false},"author":1,"featured_media":0,"parent":0,"menu_order":0,"comment_status":"closed","ping_status":"closed","template":"template-home.blade.php","meta":{"_acf_changed":false,"footnotes":""},"class_list":["post-862","page","type-page","status-publish","hentry"],"acf":[],"_links":{"self":[{"href":"https:\/\/www.regionalis.shop\/paoli-natural\/wp-json\/wp\/v2\/pages\/862","targetHints":{"allow":["GET"]}}],"collection":[{"href":"https:\/\/www.regionalis.shop\/paoli-natural\/wp-json\/wp\/v2\/pages"}],"about":[{"href":"https:\/\/www.regionalis.shop\/paoli-natural\/wp-json\/wp\/v2\/types\/page"}],"author":[{"embeddable":true,"href":"https:\/\/www.regionalis.shop\/paoli-natural\/wp-json\/wp\/v2\/users\/1"}],"replies":[{"embeddable":true,"href":"https:\/\/www.regionalis.shop\/paoli-natural\/wp-json\/wp\/v2\/comments?post=862"}],"version-history":[{"count":28,"href":"https:\/\/www.regionalis.shop\/paoli-natural\/wp-json\/wp\/v2\/pages\/862\/revisions"}],"predecessor-version":[{"id":1041,"href":"https:\/\/www.regionalis.shop\/paoli-natural\/wp-json\/wp\/v2\/pages\/862\/revisions\/1041"}],"wp:attachment":[{"href":"https:\/\/www.regionalis.shop\/paoli-natural\/wp-json\/wp\/v2\/media?parent=862"}],"curies":[{"name":"wp","href":"https:\/\/api.w.org\/{rel}","templated":true}]}}