{"id":1875,"date":"2025-11-20T12:04:12","date_gmt":"2025-11-20T11:04:12","guid":{"rendered":"https:\/\/www.regionalis.shop\/pressmayr\/shop\/holunderblueten-sirup\/"},"modified":"2025-11-21T08:24:39","modified_gmt":"2025-11-21T07:24:39","slug":"holunderblueten-sirup","status":"publish","type":"product","link":"https:\/\/www.regionalis.shop\/pressmayr\/shop\/holunderblueten-sirup\/","title":{"rendered":"Holunderbl\u00fcten Sirup"},"content":{"rendered":"<p>Zutaten: Wasser, Zucker, Holunderbl\u00fcten-Extrakt, Bio-Orangen, Bio-Zitronen, S\u00e4uerungsmittel: Citronens\u00e4ure<\/p>\n<p>Lichtgesch\u00fctzt aufbewahren. Nach dem \u00d6ffnen im K\u00fchlschrank lagern und bald verbrauchen.<\/p>\n<p>Inhalt: 250ml<\/p>\n<p>Verd\u00fcnnbar 1:7<\/p>\n","protected":false},"excerpt":{"rendered":"<p>Sobald im Mai der Holunderstrauch zu bl\u00fchen anf\u00e4ngt, beginnen die sch\u00f6nsten Wochen im Jahr&#8230; Da wird gepfl\u00fcckt, gerebelt und verarbeitet bis der wunderbar unvergleichliche Holunderbl\u00fctenduft das ganze Haus erf\u00fcllt.<\/p>\n<p>Der Holunderbl\u00fcten Sirup ist einfach DER Klassiker schlechthin. Was ist erfrischender als ein Glas gespritzter Hollersirup (so wird er hierzulande auch genannt)?<\/p>\n<p>Verwendung: mit Mineralwasser, Leitungswasser, im Sekt\/Prosecco oder im G&#8217;spritzten entfaltet er seine erfrischendste Wirkung. Oder wie w\u00e4r&#8217;s einmal mit einem Holunderbl\u00fctenparfait?<\/p>\n","protected":false},"featured_media":1404,"template":"","meta":{"_acf_changed":false},"product_brand":[],"product_cat":[18],"product_tag":[],"class_list":{"0":"post-1875","1":"product","2":"type-product","3":"status-publish","4":"has-post-thumbnail","6":"product_cat-uncategorised","8":"first","9":"instock","10":"taxable","11":"shipping-taxable","12":"purchasable","13":"product-type-simple"},"acf":[],"_links":{"self":[{"href":"https:\/\/www.regionalis.shop\/pressmayr\/wp-json\/wp\/v2\/product\/1875","targetHints":{"allow":["GET"]}}],"collection":[{"href":"https:\/\/www.regionalis.shop\/pressmayr\/wp-json\/wp\/v2\/product"}],"about":[{"href":"https:\/\/www.regionalis.shop\/pressmayr\/wp-json\/wp\/v2\/types\/product"}],"wp:featuredmedia":[{"embeddable":true,"href":"https:\/\/www.regionalis.shop\/pressmayr\/wp-json\/wp\/v2\/media\/1404"}],"wp:attachment":[{"href":"https:\/\/www.regionalis.shop\/pressmayr\/wp-json\/wp\/v2\/media?parent=1875"}],"wp:term":[{"taxonomy":"product_brand","embeddable":true,"href":"https:\/\/www.regionalis.shop\/pressmayr\/wp-json\/wp\/v2\/product_brand?post=1875"},{"taxonomy":"product_cat","embeddable":true,"href":"https:\/\/www.regionalis.shop\/pressmayr\/wp-json\/wp\/v2\/product_cat?post=1875"},{"taxonomy":"product_tag","embeddable":true,"href":"https:\/\/www.regionalis.shop\/pressmayr\/wp-json\/wp\/v2\/product_tag?post=1875"}],"curies":[{"name":"wp","href":"https:\/\/api.w.org\/{rel}","templated":true}]}}