{"id":1887,"date":"2025-11-20T12:04:17","date_gmt":"2025-11-20T11:04:17","guid":{"rendered":"https:\/\/www.regionalis.shop\/pressmayr\/shop\/melissen-sirup\/"},"modified":"2025-11-20T12:06:27","modified_gmt":"2025-11-20T11:06:27","slug":"melissen-sirup","status":"publish","type":"product","link":"https:\/\/www.regionalis.shop\/pressmayr\/shop\/melissen-sirup\/","title":{"rendered":"Melissen Sirup"},"content":{"rendered":"<p>Zutaten: Wasser, Zucker, Extrakt aus Zitronenmelisse und Goldmelissebl\u00fcten, S\u00e4uerungsmittel: Citronens\u00e4ure.<\/p>\n<p>Lichtgesch\u00fctzt aufbewahren. Nach dem \u00d6ffnen im K\u00fchlschrank lagern und bald verbrauchen.<\/p>\n<p>Inhalt: 250ml<\/p>\n<p>Verd\u00fcnnbar 1:7<\/p>\n","protected":false},"excerpt":{"rendered":"<p>In unserem Garten kommt man nicht an ihr vorbei: die Goldmelisse mit ihren lustig gefiederten, leuchtend roten Bl\u00fcten zieht nicht nur alle Blicke auf sich. Auch Bienen und Hummeln sind ganz verr\u00fcckt danach. Die roten, l\u00e4nglichen Bl\u00fcten sorgen f\u00fcr die kr\u00e4ftige Farbe und einen angenehmen, blumigen Geschmack. Dagegen bringt die Zitronenmelisse ein feines zitroniges Aroma ins Spiel.<\/p>\n<p>Verwendung: dieser liebliche, rosa Sirup schmeckt klassischerweise mit Mineralwasser oder Leitungswasser, ist aber auch als Zusatz zu Prosecco oder einem wei\u00dfen G&#8217;Spritzten einen Versuch wert.<\/p>\n","protected":false},"featured_media":1459,"template":"","meta":{"_acf_changed":false},"product_brand":[],"product_cat":[167,18],"product_tag":[],"class_list":{"0":"post-1887","1":"product","2":"type-product","3":"status-publish","4":"has-post-thumbnail","6":"product_cat-saefte-sirupe","7":"product_cat-uncategorised","9":"first","10":"instock","11":"taxable","12":"shipping-taxable","13":"purchasable","14":"product-type-simple"},"acf":[],"_links":{"self":[{"href":"https:\/\/www.regionalis.shop\/pressmayr\/wp-json\/wp\/v2\/product\/1887","targetHints":{"allow":["GET"]}}],"collection":[{"href":"https:\/\/www.regionalis.shop\/pressmayr\/wp-json\/wp\/v2\/product"}],"about":[{"href":"https:\/\/www.regionalis.shop\/pressmayr\/wp-json\/wp\/v2\/types\/product"}],"wp:featuredmedia":[{"embeddable":true,"href":"https:\/\/www.regionalis.shop\/pressmayr\/wp-json\/wp\/v2\/media\/1459"}],"wp:attachment":[{"href":"https:\/\/www.regionalis.shop\/pressmayr\/wp-json\/wp\/v2\/media?parent=1887"}],"wp:term":[{"taxonomy":"product_brand","embeddable":true,"href":"https:\/\/www.regionalis.shop\/pressmayr\/wp-json\/wp\/v2\/product_brand?post=1887"},{"taxonomy":"product_cat","embeddable":true,"href":"https:\/\/www.regionalis.shop\/pressmayr\/wp-json\/wp\/v2\/product_cat?post=1887"},{"taxonomy":"product_tag","embeddable":true,"href":"https:\/\/www.regionalis.shop\/pressmayr\/wp-json\/wp\/v2\/product_tag?post=1887"}],"curies":[{"name":"wp","href":"https:\/\/api.w.org\/{rel}","templated":true}]}}