{"id":1890,"date":"2025-11-20T12:04:18","date_gmt":"2025-11-20T11:04:18","guid":{"rendered":"https:\/\/www.regionalis.shop\/pressmayr\/shop\/apfel-holunderblueten-sirup\/"},"modified":"2025-11-20T12:06:26","modified_gmt":"2025-11-20T11:06:26","slug":"apfel-holunderblueten-sirup","status":"publish","type":"product","link":"https:\/\/www.regionalis.shop\/pressmayr\/shop\/apfel-holunderblueten-sirup\/","title":{"rendered":"Apfel-Holunderbl\u00fcten Sirup"},"content":{"rendered":"<p>Zutaten: Apfelsaft naturtr\u00fcb, Zucker, Holunderbl\u00fcten-Extrakt, Bio-Zitronen, Bio-Orangen, S\u00e4uerungsmittel: Citronens\u00e4ure<\/p>\n<p>Verd\u00fcnnbar: 1:7<\/p>\n<p>Lichtgesch\u00fctzt aufbewahren. Nach dem \u00d6ffnen im K\u00fchlschrank lagern und bald verbrauchen.<\/p>\n<p>Inhalt: 250ml<\/p>\n","protected":false},"excerpt":{"rendered":"<p>Auch wenn \u00c4pfel und Holunderbl\u00fcten (im Gegensatz zu den Holunderbeeren) auf den ersten Blick zumindest zeitlich nicht miteinander in Verbindung gebracht werden, so gehen sie in diesem Sirup doch eine unwiderstehliche Liaison ein.<\/p>\n<p>Der naturtr\u00fcbe Apfelsaft von unseren Streuobstwiesen tr\u00e4gt die leichte S\u00e4ure bei, die Holunderbl\u00fcten sorgen f\u00fcr ein blumig-duftiges Aroma. Ein Genuss zu jeder Jahreszeit!<\/p>\n<p>Verwendung: schmeckt k\u00f6stlich mit Mineral- oder Leitungswasser, aber auch im Prosecco oder Obstsalat!<\/p>\n","protected":false},"featured_media":1481,"template":"","meta":{"_acf_changed":false},"product_brand":[],"product_cat":[167,18],"product_tag":[],"class_list":{"0":"post-1890","1":"product","2":"type-product","3":"status-publish","4":"has-post-thumbnail","6":"product_cat-saefte-sirupe","7":"product_cat-uncategorised","9":"first","10":"instock","11":"taxable","12":"shipping-taxable","13":"purchasable","14":"product-type-simple"},"acf":[],"_links":{"self":[{"href":"https:\/\/www.regionalis.shop\/pressmayr\/wp-json\/wp\/v2\/product\/1890","targetHints":{"allow":["GET"]}}],"collection":[{"href":"https:\/\/www.regionalis.shop\/pressmayr\/wp-json\/wp\/v2\/product"}],"about":[{"href":"https:\/\/www.regionalis.shop\/pressmayr\/wp-json\/wp\/v2\/types\/product"}],"wp:featuredmedia":[{"embeddable":true,"href":"https:\/\/www.regionalis.shop\/pressmayr\/wp-json\/wp\/v2\/media\/1481"}],"wp:attachment":[{"href":"https:\/\/www.regionalis.shop\/pressmayr\/wp-json\/wp\/v2\/media?parent=1890"}],"wp:term":[{"taxonomy":"product_brand","embeddable":true,"href":"https:\/\/www.regionalis.shop\/pressmayr\/wp-json\/wp\/v2\/product_brand?post=1890"},{"taxonomy":"product_cat","embeddable":true,"href":"https:\/\/www.regionalis.shop\/pressmayr\/wp-json\/wp\/v2\/product_cat?post=1890"},{"taxonomy":"product_tag","embeddable":true,"href":"https:\/\/www.regionalis.shop\/pressmayr\/wp-json\/wp\/v2\/product_tag?post=1890"}],"curies":[{"name":"wp","href":"https:\/\/api.w.org\/{rel}","templated":true}]}}