{"id":1897,"date":"2025-11-20T12:04:21","date_gmt":"2025-11-20T11:04:21","guid":{"rendered":"https:\/\/www.regionalis.shop\/pressmayr\/shop\/wermutino-bitter-sirup\/"},"modified":"2025-11-20T12:06:26","modified_gmt":"2025-11-20T11:06:26","slug":"wermutino-bitter-sirup","status":"publish","type":"product","link":"https:\/\/www.regionalis.shop\/pressmayr\/shop\/wermutino-bitter-sirup\/","title":{"rendered":"Wermutino Bitter Sirup"},"content":{"rendered":"<p>Zutaten: Ribiselsaft rot\/schwarz, Zucker, Wasser, Wermut-, Duftpelargonien-, Salbei-Extrakt, S\u00e4uerungsmittel: Citronens\u00e4ure<\/p>\n<p>Lichtgesch\u00fctzt aufbewahren. Nach dem \u00d6ffnen im K\u00fchlschrank lagern und bald verbrauchen.<\/p>\n<p>Inhalt: 250ml<\/p>\n<p>Verd\u00fcnnbar 1:7<\/p>\n","protected":false},"excerpt":{"rendered":"<p>Bitter? Hmmmm! Wenn Sie auch so auf diese Geschmacksrichtung stehen wie wir, sind Sie bei unserer neuesten Kreation genau richtig. Roter und schwarzer Ribiselsaft (in purer Version nicht unbedingt unser Liebling) bildet den s\u00e4uerlichen, tiefroten Hintergrund f\u00fcr die sanfte aber \u00fcberzeugende Bitterkeit dieses Sirups.<\/p>\n<p>Ein leichter Hauch von Salbei und der bet\u00f6renden Duftpelargonie geben dem Ganzen den letzten Schliff. F\u00fcr uns ist dieser wunderbar sommerliche, herbe Sirup ein Gl\u00fccksgriff!<\/p>\n<p>Verwendung: schmeckt herrlich erfrischend ganz klassisch mit Mineralwasser verd\u00fcnnt. Am besten aber: ein Schuss Wermutino Bitter Sirup im Prosecco l\u00e4\u00dft den allseits beliebten Aperol beinahe in Vergessenheit geraten \ud83d\ude09<\/p>\n","protected":false},"featured_media":1607,"template":"","meta":{"_acf_changed":false},"product_brand":[],"product_cat":[167,18],"product_tag":[],"class_list":{"0":"post-1897","1":"product","2":"type-product","3":"status-publish","4":"has-post-thumbnail","6":"product_cat-saefte-sirupe","7":"product_cat-uncategorised","9":"first","10":"instock","11":"taxable","12":"shipping-taxable","13":"purchasable","14":"product-type-simple"},"acf":[],"_links":{"self":[{"href":"https:\/\/www.regionalis.shop\/pressmayr\/wp-json\/wp\/v2\/product\/1897","targetHints":{"allow":["GET"]}}],"collection":[{"href":"https:\/\/www.regionalis.shop\/pressmayr\/wp-json\/wp\/v2\/product"}],"about":[{"href":"https:\/\/www.regionalis.shop\/pressmayr\/wp-json\/wp\/v2\/types\/product"}],"wp:featuredmedia":[{"embeddable":true,"href":"https:\/\/www.regionalis.shop\/pressmayr\/wp-json\/wp\/v2\/media\/1607"}],"wp:attachment":[{"href":"https:\/\/www.regionalis.shop\/pressmayr\/wp-json\/wp\/v2\/media?parent=1897"}],"wp:term":[{"taxonomy":"product_brand","embeddable":true,"href":"https:\/\/www.regionalis.shop\/pressmayr\/wp-json\/wp\/v2\/product_brand?post=1897"},{"taxonomy":"product_cat","embeddable":true,"href":"https:\/\/www.regionalis.shop\/pressmayr\/wp-json\/wp\/v2\/product_cat?post=1897"},{"taxonomy":"product_tag","embeddable":true,"href":"https:\/\/www.regionalis.shop\/pressmayr\/wp-json\/wp\/v2\/product_tag?post=1897"}],"curies":[{"name":"wp","href":"https:\/\/api.w.org\/{rel}","templated":true}]}}