{"id":1903,"date":"2025-11-20T12:04:25","date_gmt":"2025-11-20T11:04:25","guid":{"rendered":"https:\/\/www.regionalis.shop\/pressmayr\/shop\/rosenblueten-sirup\/"},"modified":"2025-11-20T12:06:26","modified_gmt":"2025-11-20T11:06:26","slug":"rosenblueten-sirup","status":"publish","type":"product","link":"https:\/\/www.regionalis.shop\/pressmayr\/shop\/rosenblueten-sirup\/","title":{"rendered":"Rosenbl\u00fcten Sirup"},"content":{"rendered":"<p>Zutaten: Wasser, Zucker, Rosenbl\u00fcten-Extrakt, S\u00e4uerungsmittel: Citronens\u00e4ure<\/p>\n<p>Lichtgesch\u00fctzt aufbewahren. Nach dem \u00d6ffnen im K\u00fchlschrank lagern und bald verbrauchen.<\/p>\n<p>Inhalt: 250ml<\/p>\n<p>Verd\u00fcnnbar 1:7<\/p>\n","protected":false},"excerpt":{"rendered":"<p>Sie ist die K\u00f6nigin der Blumen schlechthin: die Rose. Sobald die rosa und pink bl\u00fchenden Damaszenerrosen mit ihrem besonders intensiven Duft in unserem Garten in voller Bl\u00fcte stehen, gibt es kein Warten mehr. Jeden Tag, \u00fcber Wochen hinweg, f\u00fcllen die Bl\u00fcten ganze Sch\u00fcsseln voll. Entweder werden sie frisch (Lik\u00f6r, Marmelade) oder getrocknet (Sirup, Salz, Tee,&#8230;) verarbeitet.<\/p>\n<p>Verwendung: f\u00fcr alle, die Rosen ohnehin lieben, braucht es wahrscheinlich keine Anregungen zur Verwendung dieses Rosenbl\u00fcten Sirups. Er schmeckt wunderbar mit Mineralwasser, aber auch im Prosecco oder G&#8217;Spritzten. Oder Sie geben etwas davon ins Joghurt oder in den Obstsalat, &#8230;<\/p>\n","protected":false},"featured_media":1669,"template":"","meta":{"_acf_changed":false},"product_brand":[],"product_cat":[167,18],"product_tag":[],"class_list":{"0":"post-1903","1":"product","2":"type-product","3":"status-publish","4":"has-post-thumbnail","6":"product_cat-saefte-sirupe","7":"product_cat-uncategorised","9":"first","10":"instock","11":"taxable","12":"shipping-taxable","13":"purchasable","14":"product-type-simple"},"acf":[],"_links":{"self":[{"href":"https:\/\/www.regionalis.shop\/pressmayr\/wp-json\/wp\/v2\/product\/1903","targetHints":{"allow":["GET"]}}],"collection":[{"href":"https:\/\/www.regionalis.shop\/pressmayr\/wp-json\/wp\/v2\/product"}],"about":[{"href":"https:\/\/www.regionalis.shop\/pressmayr\/wp-json\/wp\/v2\/types\/product"}],"wp:featuredmedia":[{"embeddable":true,"href":"https:\/\/www.regionalis.shop\/pressmayr\/wp-json\/wp\/v2\/media\/1669"}],"wp:attachment":[{"href":"https:\/\/www.regionalis.shop\/pressmayr\/wp-json\/wp\/v2\/media?parent=1903"}],"wp:term":[{"taxonomy":"product_brand","embeddable":true,"href":"https:\/\/www.regionalis.shop\/pressmayr\/wp-json\/wp\/v2\/product_brand?post=1903"},{"taxonomy":"product_cat","embeddable":true,"href":"https:\/\/www.regionalis.shop\/pressmayr\/wp-json\/wp\/v2\/product_cat?post=1903"},{"taxonomy":"product_tag","embeddable":true,"href":"https:\/\/www.regionalis.shop\/pressmayr\/wp-json\/wp\/v2\/product_tag?post=1903"}],"curies":[{"name":"wp","href":"https:\/\/api.w.org\/{rel}","templated":true}]}}