{"id":1908,"date":"2025-11-20T12:07:58","date_gmt":"2025-11-20T11:07:58","guid":{"rendered":"https:\/\/www.regionalis.shop\/pressmayr\/shop\/zwetschken-grillsauce\/"},"modified":"2025-11-20T12:08:43","modified_gmt":"2025-11-20T11:08:43","slug":"zwetschken-grillsauce","status":"publish","type":"product","link":"https:\/\/www.regionalis.shop\/pressmayr\/shop\/zwetschken-grillsauce\/","title":{"rendered":"Zwetschken-Grillsauce"},"content":{"rendered":"<p>Zutaten: Zwetschken, Rohrzucker, Wei\u00dfweinessig, <strong>Erdnuss\u00f6l<\/strong>, Chiliflocken, Knoblauch<\/p>\n<p>Lichtgesch\u00fctzt lagern. Nach dem \u00d6ffnen im K\u00fchlschrank aufbewahren und bald verbrauchen.<\/p>\n<p>Inhalt: 260ml<\/p>\n","protected":false},"excerpt":{"rendered":"<p>Was w\u00e4re Gegrilltes oder Gebratenes ohne eine herzhafte, g&#8217;schmackige Sauce? Diese Grillsauce aus unseren aromatisch-reifen Zwetschken passt aber nicht nur ideal zum Grillen, sondern auch zu Fondue, Raclette oder anderen Speisen, die w\u00fcrzig-pikante Begleitung vertragen.<\/p>\n","protected":false},"featured_media":1700,"template":"","meta":{"_acf_changed":false},"product_brand":[],"product_cat":[120,18],"product_tag":[],"class_list":{"0":"post-1908","1":"product","2":"type-product","3":"status-publish","4":"has-post-thumbnail","6":"product_cat-chutneys-saucen","7":"product_cat-uncategorised","9":"first","10":"instock","11":"taxable","12":"shipping-taxable","13":"purchasable","14":"product-type-simple"},"acf":[],"_links":{"self":[{"href":"https:\/\/www.regionalis.shop\/pressmayr\/wp-json\/wp\/v2\/product\/1908","targetHints":{"allow":["GET"]}}],"collection":[{"href":"https:\/\/www.regionalis.shop\/pressmayr\/wp-json\/wp\/v2\/product"}],"about":[{"href":"https:\/\/www.regionalis.shop\/pressmayr\/wp-json\/wp\/v2\/types\/product"}],"wp:featuredmedia":[{"embeddable":true,"href":"https:\/\/www.regionalis.shop\/pressmayr\/wp-json\/wp\/v2\/media\/1700"}],"wp:attachment":[{"href":"https:\/\/www.regionalis.shop\/pressmayr\/wp-json\/wp\/v2\/media?parent=1908"}],"wp:term":[{"taxonomy":"product_brand","embeddable":true,"href":"https:\/\/www.regionalis.shop\/pressmayr\/wp-json\/wp\/v2\/product_brand?post=1908"},{"taxonomy":"product_cat","embeddable":true,"href":"https:\/\/www.regionalis.shop\/pressmayr\/wp-json\/wp\/v2\/product_cat?post=1908"},{"taxonomy":"product_tag","embeddable":true,"href":"https:\/\/www.regionalis.shop\/pressmayr\/wp-json\/wp\/v2\/product_tag?post=1908"}],"curies":[{"name":"wp","href":"https:\/\/api.w.org\/{rel}","templated":true}]}}