{"id":1913,"date":"2025-11-20T12:09:32","date_gmt":"2025-11-20T11:09:32","guid":{"rendered":"https:\/\/www.regionalis.shop\/pressmayr\/shop\/rote-zwiebeln-portwein-chutney\/"},"modified":"2025-11-20T12:10:40","modified_gmt":"2025-11-20T11:10:40","slug":"rote-zwiebeln-portwein-chutney","status":"publish","type":"product","link":"https:\/\/www.regionalis.shop\/pressmayr\/shop\/rote-zwiebeln-portwein-chutney\/","title":{"rendered":"Rote Zwiebeln-Portwein Chutney"},"content":{"rendered":"<p>Zutaten: Rote Zwiebeln, Zucker, Rotweinessig, Portwein, Rotwein, Zitronensaft, Knoblauch, \u00d6l, Piment, Lorbeer, Thymian, Chili, Ingwer, Salz.<\/p>\n<p>Lichtgesch\u00fctzt aufbewahren. Nach dem \u00d6ffnen im K\u00fchlschrank lagern und bald aufbrauchen.<\/p>\n<p>Inhalt: 150g<\/p>\n","protected":false},"excerpt":{"rendered":"<p>Der\u00a0 &#8222;Bestseller&#8220; unteren unseren Chutneysorten!<\/p>\n<p>Mitte bis Ende September ist es soweit: die \u00fcber den Sommer gehegten und gepflegten Zwiebeln werden vom Acker geerntet und am &#8222;Schredl&#8220; (Holzbalkon) zum Trocknen aufgelegt. Die aromatischen roten Zwiebeln werden mit Zucker karamellisiert und mit Portwein, Essig sowie einigen Gew\u00fcrzen verfeinert.<\/p>\n<p>Verwendung: diese Kombination schmeckt hervorragend zur K\u00e4seplatte oder zu Gegrilltem aller Art &#8211; auch Gem\u00fcse. Aber am besten l\u00e4\u00dft sich dieses Chutney als Topping f\u00fcr Burger oder ger\u00f6stetes Brot (z.B. mit Ziegenk\u00e4se&#8230;) verwenden.<\/p>\n","protected":false},"featured_media":1474,"template":"","meta":{"_acf_changed":false},"product_brand":[],"product_cat":[120,18],"product_tag":[],"class_list":{"0":"post-1913","1":"product","2":"type-product","3":"status-publish","4":"has-post-thumbnail","6":"product_cat-chutneys-saucen","7":"product_cat-uncategorised","9":"first","10":"instock","11":"taxable","12":"shipping-taxable","13":"purchasable","14":"product-type-simple"},"acf":[],"_links":{"self":[{"href":"https:\/\/www.regionalis.shop\/pressmayr\/wp-json\/wp\/v2\/product\/1913","targetHints":{"allow":["GET"]}}],"collection":[{"href":"https:\/\/www.regionalis.shop\/pressmayr\/wp-json\/wp\/v2\/product"}],"about":[{"href":"https:\/\/www.regionalis.shop\/pressmayr\/wp-json\/wp\/v2\/types\/product"}],"wp:featuredmedia":[{"embeddable":true,"href":"https:\/\/www.regionalis.shop\/pressmayr\/wp-json\/wp\/v2\/media\/1474"}],"wp:attachment":[{"href":"https:\/\/www.regionalis.shop\/pressmayr\/wp-json\/wp\/v2\/media?parent=1913"}],"wp:term":[{"taxonomy":"product_brand","embeddable":true,"href":"https:\/\/www.regionalis.shop\/pressmayr\/wp-json\/wp\/v2\/product_brand?post=1913"},{"taxonomy":"product_cat","embeddable":true,"href":"https:\/\/www.regionalis.shop\/pressmayr\/wp-json\/wp\/v2\/product_cat?post=1913"},{"taxonomy":"product_tag","embeddable":true,"href":"https:\/\/www.regionalis.shop\/pressmayr\/wp-json\/wp\/v2\/product_tag?post=1913"}],"curies":[{"name":"wp","href":"https:\/\/api.w.org\/{rel}","templated":true}]}}