{"id":1921,"date":"2025-11-20T12:09:35","date_gmt":"2025-11-20T11:09:35","guid":{"rendered":"https:\/\/www.regionalis.shop\/pressmayr\/shop\/chili-paprika-gelee\/"},"modified":"2025-11-20T12:10:39","modified_gmt":"2025-11-20T11:10:39","slug":"chili-paprika-gelee","status":"publish","type":"product","link":"https:\/\/www.regionalis.shop\/pressmayr\/shop\/chili-paprika-gelee\/","title":{"rendered":"Chili-Paprika Gelee"},"content":{"rendered":"<p>Zutaten: Chilis, Paprika, Zucker, Salz, Apfelsaft, Apfelessig, Geliermittel: Pektin<\/p>\n<p>Lichtgesch\u00fctzt lagern. Nach dem \u00d6ffnen im K\u00fchlschrank aufbewahren und bald verbrauchen.<\/p>\n<p>Inhalt: 150g<\/p>\n","protected":false},"excerpt":{"rendered":"<p>Im Oktober, wenn es auch im Folientunnel Zeit f\u00fcr die Winterruhe wird, wandern die letzten gr\u00fcnen und roten Fr\u00fcchte der Chili- und Paprikapflanzen in den Kochtopf. Heraus kommt dieses wunderbar fruchtige, scharfe Gelee, welches aufgrund seiner pikanten Verwendungsm\u00f6glichkeit eher in die Kategorie Chutneys passt.<\/p>\n<p>Verwendung: ein L\u00f6ffelchen von diesem Chili-Paprika Gelee verpasst jeder noch so einfachen Speise das gewisse Etwas. Ob K\u00e4sebrot, Raclette, Reis oder Sandwich \u2013 Liebhaber der Sch\u00e4rfe werden es sch\u00e4tzen!<\/p>\n","protected":false},"featured_media":1659,"template":"","meta":{"_acf_changed":false},"product_brand":[],"product_cat":[120,18],"product_tag":[],"class_list":{"0":"post-1921","1":"product","2":"type-product","3":"status-publish","4":"has-post-thumbnail","6":"product_cat-chutneys-saucen","7":"product_cat-uncategorised","9":"first","10":"instock","11":"taxable","12":"shipping-taxable","13":"purchasable","14":"product-type-simple"},"acf":[],"_links":{"self":[{"href":"https:\/\/www.regionalis.shop\/pressmayr\/wp-json\/wp\/v2\/product\/1921","targetHints":{"allow":["GET"]}}],"collection":[{"href":"https:\/\/www.regionalis.shop\/pressmayr\/wp-json\/wp\/v2\/product"}],"about":[{"href":"https:\/\/www.regionalis.shop\/pressmayr\/wp-json\/wp\/v2\/types\/product"}],"wp:featuredmedia":[{"embeddable":true,"href":"https:\/\/www.regionalis.shop\/pressmayr\/wp-json\/wp\/v2\/media\/1659"}],"wp:attachment":[{"href":"https:\/\/www.regionalis.shop\/pressmayr\/wp-json\/wp\/v2\/media?parent=1921"}],"wp:term":[{"taxonomy":"product_brand","embeddable":true,"href":"https:\/\/www.regionalis.shop\/pressmayr\/wp-json\/wp\/v2\/product_brand?post=1921"},{"taxonomy":"product_cat","embeddable":true,"href":"https:\/\/www.regionalis.shop\/pressmayr\/wp-json\/wp\/v2\/product_cat?post=1921"},{"taxonomy":"product_tag","embeddable":true,"href":"https:\/\/www.regionalis.shop\/pressmayr\/wp-json\/wp\/v2\/product_tag?post=1921"}],"curies":[{"name":"wp","href":"https:\/\/api.w.org\/{rel}","templated":true}]}}