{"id":1922,"date":"2025-11-20T12:09:35","date_gmt":"2025-11-20T11:09:35","guid":{"rendered":"https:\/\/www.regionalis.shop\/pressmayr\/shop\/apfel-kren-chutney\/"},"modified":"2025-11-20T12:10:38","modified_gmt":"2025-11-20T11:10:38","slug":"apfel-kren-chutney","status":"publish","type":"product","link":"https:\/\/www.regionalis.shop\/pressmayr\/shop\/apfel-kren-chutney\/","title":{"rendered":"Apfel-Kren Chutney"},"content":{"rendered":"<p>Zutaten: \u00c4pfel, Zucker, Apfelessig, Salz, Kren (Meerrettich)<\/p>\n<p>Lichtgesch\u00fctzt lagern. Nach dem \u00d6ffnen im K\u00fchlschrank aufbewahren und bald verbrauchen.<\/p>\n<p>Inhalt: 150g<\/p>\n","protected":false},"excerpt":{"rendered":"<p>Die \u00c4pfel von unserer Streuobstwiese, der Kren von der Wiese neben dem Haus. Ab Mitte Oktober wird die Ernte eingelagert und zu diesem wunderbar s\u00e4uerlich-scharfen Chutney eingekocht.<\/p>\n<p>Verwendung: dieses, an den typisch \u00f6sterreichischen \u201eApfelkren\u201c angelehnte, Chutney passt ausgezeichnet zu gekochtem Rindfleisch, zur K\u00e4seplatte, kalten Jause oder ger\u00f6steten Erd\u00e4pfeln. Probieren Sie auch einmal Ofengem\u00fcse mit diesem Chutney!<\/p>\n","protected":false},"featured_media":1661,"template":"","meta":{"_acf_changed":false},"product_brand":[],"product_cat":[120,18],"product_tag":[],"class_list":{"0":"post-1922","1":"product","2":"type-product","3":"status-publish","4":"has-post-thumbnail","6":"product_cat-chutneys-saucen","7":"product_cat-uncategorised","9":"first","10":"instock","11":"taxable","12":"shipping-taxable","13":"purchasable","14":"product-type-simple"},"acf":[],"_links":{"self":[{"href":"https:\/\/www.regionalis.shop\/pressmayr\/wp-json\/wp\/v2\/product\/1922","targetHints":{"allow":["GET"]}}],"collection":[{"href":"https:\/\/www.regionalis.shop\/pressmayr\/wp-json\/wp\/v2\/product"}],"about":[{"href":"https:\/\/www.regionalis.shop\/pressmayr\/wp-json\/wp\/v2\/types\/product"}],"wp:featuredmedia":[{"embeddable":true,"href":"https:\/\/www.regionalis.shop\/pressmayr\/wp-json\/wp\/v2\/media\/1661"}],"wp:attachment":[{"href":"https:\/\/www.regionalis.shop\/pressmayr\/wp-json\/wp\/v2\/media?parent=1922"}],"wp:term":[{"taxonomy":"product_brand","embeddable":true,"href":"https:\/\/www.regionalis.shop\/pressmayr\/wp-json\/wp\/v2\/product_brand?post=1922"},{"taxonomy":"product_cat","embeddable":true,"href":"https:\/\/www.regionalis.shop\/pressmayr\/wp-json\/wp\/v2\/product_cat?post=1922"},{"taxonomy":"product_tag","embeddable":true,"href":"https:\/\/www.regionalis.shop\/pressmayr\/wp-json\/wp\/v2\/product_tag?post=1922"}],"curies":[{"name":"wp","href":"https:\/\/api.w.org\/{rel}","templated":true}]}}