{"id":1942,"date":"2025-11-20T12:14:17","date_gmt":"2025-11-20T11:14:17","guid":{"rendered":"https:\/\/www.regionalis.shop\/pressmayr\/shop\/rosenblueten-likoer\/"},"modified":"2025-11-20T12:15:14","modified_gmt":"2025-11-20T11:15:14","slug":"rosenblueten-likoer","status":"publish","type":"product","link":"https:\/\/www.regionalis.shop\/pressmayr\/shop\/rosenblueten-likoer\/","title":{"rendered":"Rosenbl\u00fcten Lik\u00f6r"},"content":{"rendered":"<p>Inhalt: 350ml<\/p>\n<p>Alkoholgehalt: 18,9 %\u00b0 vol.<\/p>\n","protected":false},"excerpt":{"rendered":"<p>Ein kleines Gl\u00e4schen blumig-duftiger Rosenbl\u00fcten Lik\u00f6r vers\u00fc\u00dft nicht nur Rosenliebhabern den Tag (oder Abend). Die intensiv duftenden Bl\u00fcten unserer Damaszenerrosen werden im erntefrischen Zustand in gro\u00dfe Gl\u00e4ser gef\u00fcllt wo sie mit Wodka aufgef\u00fcllt einige Wochen lang reifen m\u00fcssen. Leicht ges\u00fc\u00dft und in angenehmer Trinkst\u00e4rke bietet dieser Lik\u00f6r einen wohligen Genuss.<\/p>\n<p>Verwendung: pur oder im Tee, auch in einer Bowle einen Versuch wert!<\/p>\n<p>Da es sich um ein Naturprodukt handelt, kann sich ein Bodensatz bilden. Einfach vor dem Genie\u00dfen kr\u00e4ftig aufsch\u00fctteln!<\/p>\n","protected":false},"featured_media":1505,"template":"","meta":{"_acf_changed":false},"product_brand":[],"product_cat":[89,18],"product_tag":[],"class_list":{"0":"post-1942","1":"product","2":"type-product","3":"status-publish","4":"has-post-thumbnail","6":"product_cat-spirituosen-schnapserl","7":"product_cat-uncategorised","9":"first","10":"instock","11":"taxable","12":"shipping-taxable","13":"purchasable","14":"product-type-simple"},"acf":[],"_links":{"self":[{"href":"https:\/\/www.regionalis.shop\/pressmayr\/wp-json\/wp\/v2\/product\/1942","targetHints":{"allow":["GET"]}}],"collection":[{"href":"https:\/\/www.regionalis.shop\/pressmayr\/wp-json\/wp\/v2\/product"}],"about":[{"href":"https:\/\/www.regionalis.shop\/pressmayr\/wp-json\/wp\/v2\/types\/product"}],"wp:featuredmedia":[{"embeddable":true,"href":"https:\/\/www.regionalis.shop\/pressmayr\/wp-json\/wp\/v2\/media\/1505"}],"wp:attachment":[{"href":"https:\/\/www.regionalis.shop\/pressmayr\/wp-json\/wp\/v2\/media?parent=1942"}],"wp:term":[{"taxonomy":"product_brand","embeddable":true,"href":"https:\/\/www.regionalis.shop\/pressmayr\/wp-json\/wp\/v2\/product_brand?post=1942"},{"taxonomy":"product_cat","embeddable":true,"href":"https:\/\/www.regionalis.shop\/pressmayr\/wp-json\/wp\/v2\/product_cat?post=1942"},{"taxonomy":"product_tag","embeddable":true,"href":"https:\/\/www.regionalis.shop\/pressmayr\/wp-json\/wp\/v2\/product_tag?post=1942"}],"curies":[{"name":"wp","href":"https:\/\/api.w.org\/{rel}","templated":true}]}}