{"id":1944,"date":"2025-11-20T12:14:18","date_gmt":"2025-11-20T11:14:18","guid":{"rendered":"https:\/\/www.regionalis.shop\/pressmayr\/shop\/eier-likoer\/"},"modified":"2025-11-21T08:12:01","modified_gmt":"2025-11-21T07:12:01","slug":"eier-likoer","status":"publish","type":"product","link":"https:\/\/www.regionalis.shop\/pressmayr\/shop\/eier-likoer\/","title":{"rendered":"Eier Lik\u00f6r"},"content":{"rendered":"<p>Vor dem \u00d6ffnen kr\u00e4ftig sch\u00fctteln.<\/p>\n<p>Enth\u00e4lt Milch.<\/p>\n<p>Inhalt: 350ml<\/p>\n<p>Alkoholgehalt: 15 %\u00b0 vol.<\/p>\n","protected":false},"excerpt":{"rendered":"<p>Ein Gl\u00e4schen in Ehren&#8230; Diesen cremig-vollmundigen Eierlik\u00f6r-Klassiker mit leichtem Anklang von Vanille stellen wir aus den Eiern unserer eigenen H\u00fchner her &#8211; und mit viel Liebe, Sorgfalt und selbstverst\u00e4ndlich nach h\u00f6chsten Hygienekriterien.<\/p>\n<p>Zur sicheren Haltbarkeit wird der Lik\u00f6r auf 70 Grad erhitzt und auf 15%\u00b0 vol. Alkohol eingestellt.<\/p>\n<p>Verwendung: schmeckt wunderbar einfach pur, \u00fcber Eiscreme, als Zutat von Kuchen oder Desserts, Cocktails, etc.<\/p>\n<p>&nbsp;<\/p>\n","protected":false},"featured_media":1527,"template":"","meta":{"_acf_changed":false},"product_brand":[],"product_cat":[89,18],"product_tag":[],"class_list":{"0":"post-1944","1":"product","2":"type-product","3":"status-publish","4":"has-post-thumbnail","6":"product_cat-spirituosen-schnapserl","7":"product_cat-uncategorised","9":"first","10":"instock","11":"taxable","12":"shipping-taxable","13":"purchasable","14":"product-type-simple"},"acf":[],"_links":{"self":[{"href":"https:\/\/www.regionalis.shop\/pressmayr\/wp-json\/wp\/v2\/product\/1944","targetHints":{"allow":["GET"]}}],"collection":[{"href":"https:\/\/www.regionalis.shop\/pressmayr\/wp-json\/wp\/v2\/product"}],"about":[{"href":"https:\/\/www.regionalis.shop\/pressmayr\/wp-json\/wp\/v2\/types\/product"}],"wp:featuredmedia":[{"embeddable":true,"href":"https:\/\/www.regionalis.shop\/pressmayr\/wp-json\/wp\/v2\/media\/1527"}],"wp:attachment":[{"href":"https:\/\/www.regionalis.shop\/pressmayr\/wp-json\/wp\/v2\/media?parent=1944"}],"wp:term":[{"taxonomy":"product_brand","embeddable":true,"href":"https:\/\/www.regionalis.shop\/pressmayr\/wp-json\/wp\/v2\/product_brand?post=1944"},{"taxonomy":"product_cat","embeddable":true,"href":"https:\/\/www.regionalis.shop\/pressmayr\/wp-json\/wp\/v2\/product_cat?post=1944"},{"taxonomy":"product_tag","embeddable":true,"href":"https:\/\/www.regionalis.shop\/pressmayr\/wp-json\/wp\/v2\/product_tag?post=1944"}],"curies":[{"name":"wp","href":"https:\/\/api.w.org\/{rel}","templated":true}]}}