{"id":1948,"date":"2025-11-20T12:14:19","date_gmt":"2025-11-20T11:14:19","guid":{"rendered":"https:\/\/www.regionalis.shop\/pressmayr\/shop\/walnuss-likoer\/"},"modified":"2025-11-21T08:12:01","modified_gmt":"2025-11-21T07:12:01","slug":"walnuss-likoer","status":"publish","type":"product","link":"https:\/\/www.regionalis.shop\/pressmayr\/shop\/walnuss-likoer\/","title":{"rendered":"Walnuss Lik\u00f6r"},"content":{"rendered":"<p>Vor dem \u00d6ffnen kr\u00e4ftig sch\u00fctteln.<\/p>\n<p>Inhalt: 350ml<\/p>\n<p>Alkoholgehalt: 15,5 % vol.<\/p>\n","protected":false},"excerpt":{"rendered":"<p>Der klassische &#8222;Nuss&#8220; ist in \u00d6sterreich ein sehr beliebter Digestiv. Der aus gr\u00fcnen Waln\u00fcssen (vor dem 24. Juni geerntet) und verschiedenen Gew\u00fcrzen angesetzte Lik\u00f6r braucht allerdings Zeit um zu reifen. Erst gegen Weihnachten bekommt er seinen wunderbar runden, leicht herben Geschmack und ist daher bei uns normalerweise auch erst sp\u00e4t im Jahr erh\u00e4ltlich. Sollte von der letztj\u00e4hrigen Produktion noch etwas \u00fcbergeblieben sein &#8211; umso besser, dann haben Sie definitiv Gl\u00fcck! \ud83d\ude09<\/p>\n<p>Verwendung: am besten pur nach dem Essen genie\u00dfen &#8211; vor allem wenn das Mahl wieder einmal zu reichlich und \u00fcppig war&#8230;<\/p>\n","protected":false},"featured_media":1620,"template":"","meta":{"_acf_changed":false},"product_brand":[],"product_cat":[89,18],"product_tag":[],"class_list":{"0":"post-1948","1":"product","2":"type-product","3":"status-publish","4":"has-post-thumbnail","6":"product_cat-spirituosen-schnapserl","7":"product_cat-uncategorised","9":"first","10":"instock","11":"taxable","12":"shipping-taxable","13":"purchasable","14":"product-type-simple"},"acf":[],"_links":{"self":[{"href":"https:\/\/www.regionalis.shop\/pressmayr\/wp-json\/wp\/v2\/product\/1948","targetHints":{"allow":["GET"]}}],"collection":[{"href":"https:\/\/www.regionalis.shop\/pressmayr\/wp-json\/wp\/v2\/product"}],"about":[{"href":"https:\/\/www.regionalis.shop\/pressmayr\/wp-json\/wp\/v2\/types\/product"}],"wp:featuredmedia":[{"embeddable":true,"href":"https:\/\/www.regionalis.shop\/pressmayr\/wp-json\/wp\/v2\/media\/1620"}],"wp:attachment":[{"href":"https:\/\/www.regionalis.shop\/pressmayr\/wp-json\/wp\/v2\/media?parent=1948"}],"wp:term":[{"taxonomy":"product_brand","embeddable":true,"href":"https:\/\/www.regionalis.shop\/pressmayr\/wp-json\/wp\/v2\/product_brand?post=1948"},{"taxonomy":"product_cat","embeddable":true,"href":"https:\/\/www.regionalis.shop\/pressmayr\/wp-json\/wp\/v2\/product_cat?post=1948"},{"taxonomy":"product_tag","embeddable":true,"href":"https:\/\/www.regionalis.shop\/pressmayr\/wp-json\/wp\/v2\/product_tag?post=1948"}],"curies":[{"name":"wp","href":"https:\/\/api.w.org\/{rel}","templated":true}]}}