{"id":1954,"date":"2025-11-20T12:16:24","date_gmt":"2025-11-20T11:16:24","guid":{"rendered":"https:\/\/www.regionalis.shop\/pressmayr\/shop\/jalapeno-ringe\/"},"modified":"2025-11-23T21:18:57","modified_gmt":"2025-11-23T20:18:57","slug":"jalapeno-ringe","status":"publish","type":"product","link":"https:\/\/www.regionalis.shop\/pressmayr\/shop\/jalapeno-ringe\/","title":{"rendered":"Jalapeno-Ringe"},"content":{"rendered":"<p>Zutaten: Gr\u00fcne Jalapenos (Chilis), Wasser, Wei\u00dfweinessig, Zucker, Salz<\/p>\n<p>Lichtgesch\u00fctzt aufbewahren. Nach dem \u00d6ffnen im K\u00fchlschrank lagern und bald aufbrauchen.<\/p>\n<p>F\u00fcllmenge: 390g<br \/>\nAbtropfgewicht: 160g<\/p>\n","protected":false},"excerpt":{"rendered":"<p>Vor K\u00e4lte und Wind gesch\u00fctzt wachsen unsere Chilipflanzen hier im Oberen M\u00fchlviertel im Folientunnel genauso \u00fcppig wie in s\u00fcdlicheren Gefilden. Die Sorte &#8222;Jalapeno&#8220; eignet sich dank ihrer dickwandigen Fr\u00fcchte besonders gut zum Einlegen in Essig. Bevor sie von gr\u00fcn nach rot abreifen werden sie von uns in Ringe geschnitten, vom Gro\u00dfteil der Kerne befreit, in Gl\u00e4ser geschichtet und mit kochender Essiglake \u00fcbergossen.<\/p>\n<p>Verwendung: die mittelscharfen gr\u00fcnen Chili-Ringe passen hervorragend in Burger, verschiedene Salate, aber auch einfach so zur Jause oder als scharfe Zutat f\u00fcr Bowls.<\/p>\n","protected":false},"featured_media":1523,"template":"","meta":{"_acf_changed":false},"product_brand":[],"product_cat":[126],"product_tag":[],"class_list":{"0":"post-1954","1":"product","2":"type-product","3":"status-publish","4":"has-post-thumbnail","6":"product_cat-eingelegtes-eingemachtes","8":"first","9":"instock","10":"taxable","11":"shipping-taxable","12":"purchasable","13":"product-type-simple"},"acf":[],"_links":{"self":[{"href":"https:\/\/www.regionalis.shop\/pressmayr\/wp-json\/wp\/v2\/product\/1954","targetHints":{"allow":["GET"]}}],"collection":[{"href":"https:\/\/www.regionalis.shop\/pressmayr\/wp-json\/wp\/v2\/product"}],"about":[{"href":"https:\/\/www.regionalis.shop\/pressmayr\/wp-json\/wp\/v2\/types\/product"}],"wp:featuredmedia":[{"embeddable":true,"href":"https:\/\/www.regionalis.shop\/pressmayr\/wp-json\/wp\/v2\/media\/1523"}],"wp:attachment":[{"href":"https:\/\/www.regionalis.shop\/pressmayr\/wp-json\/wp\/v2\/media?parent=1954"}],"wp:term":[{"taxonomy":"product_brand","embeddable":true,"href":"https:\/\/www.regionalis.shop\/pressmayr\/wp-json\/wp\/v2\/product_brand?post=1954"},{"taxonomy":"product_cat","embeddable":true,"href":"https:\/\/www.regionalis.shop\/pressmayr\/wp-json\/wp\/v2\/product_cat?post=1954"},{"taxonomy":"product_tag","embeddable":true,"href":"https:\/\/www.regionalis.shop\/pressmayr\/wp-json\/wp\/v2\/product_tag?post=1954"}],"curies":[{"name":"wp","href":"https:\/\/api.w.org\/{rel}","templated":true}]}}