{"id":1955,"date":"2025-11-20T12:16:25","date_gmt":"2025-11-20T11:16:25","guid":{"rendered":"https:\/\/www.regionalis.shop\/pressmayr\/shop\/chili-oel\/"},"modified":"2025-11-24T10:37:02","modified_gmt":"2025-11-24T09:37:02","slug":"chili-oel","status":"publish","type":"product","link":"https:\/\/www.regionalis.shop\/pressmayr\/shop\/chili-oel\/","title":{"rendered":"Chili \u00d6l"},"content":{"rendered":"<p>Zutaten: Sonnenblumen\u00f6l, getrocknete Chilischoten<\/p>\n<p>Lichtgesch\u00fctzt aufbewahren. Nach dem \u00d6ffnen im K\u00fchlschrank lagern und zeitnah verbrauchen.<\/p>\n<p>Inhalt: 250ml<\/p>\n","protected":false},"excerpt":{"rendered":"<p>Verwendung: Dieses scharfe W\u00fcrz\u00f6l eignet sich sowohl zum Anbraten von Fleisch oder Gem\u00fcse als auch zum nachtr\u00e4glichen W\u00fcrzen allerlei Speisen, die etwas Sch\u00e4rfe vertragen. Wir genie\u00dfen&#8217;s als schnelles Mittagessen zu Bandnudeln mit Parmesan und Cocktailtomaten oder zum W\u00fcrzen einer cremigen Gem\u00fcsesuppe. Und wie w\u00e4r&#8217;s dazu mit Brotw\u00fcrfeln in Chili \u00d6l ger\u00f6stet?<\/p>\n","protected":false},"featured_media":1604,"template":"","meta":{"_acf_changed":false},"product_brand":[],"product_cat":[128],"product_tag":[],"class_list":{"0":"post-1955","1":"product","2":"type-product","3":"status-publish","4":"has-post-thumbnail","6":"product_cat-essig-oel","8":"first","9":"instock","10":"taxable","11":"shipping-taxable","12":"purchasable","13":"product-type-simple"},"acf":[],"_links":{"self":[{"href":"https:\/\/www.regionalis.shop\/pressmayr\/wp-json\/wp\/v2\/product\/1955","targetHints":{"allow":["GET"]}}],"collection":[{"href":"https:\/\/www.regionalis.shop\/pressmayr\/wp-json\/wp\/v2\/product"}],"about":[{"href":"https:\/\/www.regionalis.shop\/pressmayr\/wp-json\/wp\/v2\/types\/product"}],"wp:featuredmedia":[{"embeddable":true,"href":"https:\/\/www.regionalis.shop\/pressmayr\/wp-json\/wp\/v2\/media\/1604"}],"wp:attachment":[{"href":"https:\/\/www.regionalis.shop\/pressmayr\/wp-json\/wp\/v2\/media?parent=1955"}],"wp:term":[{"taxonomy":"product_brand","embeddable":true,"href":"https:\/\/www.regionalis.shop\/pressmayr\/wp-json\/wp\/v2\/product_brand?post=1955"},{"taxonomy":"product_cat","embeddable":true,"href":"https:\/\/www.regionalis.shop\/pressmayr\/wp-json\/wp\/v2\/product_cat?post=1955"},{"taxonomy":"product_tag","embeddable":true,"href":"https:\/\/www.regionalis.shop\/pressmayr\/wp-json\/wp\/v2\/product_tag?post=1955"}],"curies":[{"name":"wp","href":"https:\/\/api.w.org\/{rel}","templated":true}]}}