{"id":1078,"date":"2025-04-18T08:54:40","date_gmt":"2025-04-18T06:54:40","guid":{"rendered":"https:\/\/www.regionalis.shop\/rainwows-by-teresa-kutlesa\/product\/diy-erti-mit-kindernaehnadel-anleitung\/"},"modified":"2025-04-18T08:54:40","modified_gmt":"2025-04-18T06:54:40","slug":"diy-erti-mit-kindernaehnadel-anleitung","status":"publish","type":"product","link":"https:\/\/www.regionalis.shop\/rainwows-by-teresa-kutlesa\/shop\/diy-erti-mit-kindernaehnadel-anleitung\/","title":{"rendered":"DIY Erti mit Kindern\u00e4hnadel &#038; Anleitung"},"content":{"rendered":"<p>Das kleine DIY Erti ist perfekt f\u00fcr jede Geburtsagsparty und alle, die sich gern ein kleines Erti selber bem\u00e4hnen und bebasteln wollen.  Auf der R\u00fcckseite des DIY Kits gibt es die Anleitung zum selber Machen.<\/p>\n<p>Viel Spa\u00df mit deinem kleinen Erti!*<\/p>\n<p>*Bitte nur unter Aufsicht eines Erwachsenen!<\/p>\n","protected":false},"excerpt":{"rendered":"<p>Das kleine DIY Erti ist perfekt f\u00fcr jede Geburtsagsparty und alle, die sich gern ein kleines Erti selber bem\u00e4hnen und bebasteln wollen. Auf der R\u00fcckseite des DIY Kits gibt es die Anleitung zum selber Machen. Viel Spa\u00df mit deinem kleinen Erti!* *Bitte nur unter Aufsicht eines Erwachsenen!<\/p>\n","protected":false},"featured_media":1079,"template":"","meta":{"_acf_changed":false},"product_brand":[],"product_cat":[38,50],"product_tag":[],"class_list":{"0":"post-1078","1":"product","2":"type-product","3":"status-publish","4":"has-post-thumbnail","6":"product_cat-baby-kinder","7":"product_cat-kinderzimmer","9":"first","10":"instock","11":"purchasable","12":"product-type-simple"},"acf":[],"_links":{"self":[{"href":"https:\/\/www.regionalis.shop\/rainwows-by-teresa-kutlesa\/wp-json\/wp\/v2\/product\/1078","targetHints":{"allow":["GET"]}}],"collection":[{"href":"https:\/\/www.regionalis.shop\/rainwows-by-teresa-kutlesa\/wp-json\/wp\/v2\/product"}],"about":[{"href":"https:\/\/www.regionalis.shop\/rainwows-by-teresa-kutlesa\/wp-json\/wp\/v2\/types\/product"}],"wp:featuredmedia":[{"embeddable":true,"href":"https:\/\/www.regionalis.shop\/rainwows-by-teresa-kutlesa\/wp-json\/wp\/v2\/media\/1079"}],"wp:attachment":[{"href":"https:\/\/www.regionalis.shop\/rainwows-by-teresa-kutlesa\/wp-json\/wp\/v2\/media?parent=1078"}],"wp:term":[{"taxonomy":"product_brand","embeddable":true,"href":"https:\/\/www.regionalis.shop\/rainwows-by-teresa-kutlesa\/wp-json\/wp\/v2\/product_brand?post=1078"},{"taxonomy":"product_cat","embeddable":true,"href":"https:\/\/www.regionalis.shop\/rainwows-by-teresa-kutlesa\/wp-json\/wp\/v2\/product_cat?post=1078"},{"taxonomy":"product_tag","embeddable":true,"href":"https:\/\/www.regionalis.shop\/rainwows-by-teresa-kutlesa\/wp-json\/wp\/v2\/product_tag?post=1078"}],"curies":[{"name":"wp","href":"https:\/\/api.w.org\/{rel}","templated":true}]}}