{"id":1115,"date":"2025-04-18T07:03:58","date_gmt":"2025-04-18T05:03:58","guid":{"rendered":"https:\/\/www.regionalis.shop\/rainwows-by-teresa-kutlesa\/product\/rainwow-5-reihen\/"},"modified":"2025-04-18T07:03:58","modified_gmt":"2025-04-18T05:03:58","slug":"rainwow-5-reihen","status":"publish","type":"product","link":"https:\/\/www.regionalis.shop\/rainwows-by-teresa-kutlesa\/shop\/rainwow-5-reihen\/","title":{"rendered":"RainWow &#8211; 5 Reihen"},"content":{"rendered":"<p>5 Reihen &#8211; so viele M\u00f6glichkeiten!<br \/>\nDu m\u00f6chtest Deinen RainWow farbig perfekt angepasst haben? Kein Problem.<\/p>\n<p>Schreib mir und ich stell dir Deine  gew\u00fcnschten Farben so zusammen, wie Du es dir vorstellst.<\/p>\n<p>Von Glitzer bis Stoff- einfach alles ist m\u00f6glich!<\/p>\n","protected":false},"excerpt":{"rendered":"<p>5 Reihen &#8211; so viele M\u00f6glichkeiten! Du m\u00f6chtest Deinen RainWow farbig perfekt angepasst haben? Kein Problem. Schreib mir und ich stell dir Deine gew\u00fcnschten Farben so zusammen, wie Du es dir vorstellst. Von Glitzer bis Stoff- einfach alles ist m\u00f6glich!<\/p>\n","protected":false},"featured_media":1116,"template":"","meta":{"_acf_changed":false},"product_brand":[],"product_cat":[38,50],"product_tag":[],"class_list":{"0":"post-1115","1":"product","2":"type-product","3":"status-publish","4":"has-post-thumbnail","6":"product_cat-baby-kinder","7":"product_cat-kinderzimmer","9":"first","10":"instock","11":"purchasable","12":"product-type-simple"},"acf":[],"_links":{"self":[{"href":"https:\/\/www.regionalis.shop\/rainwows-by-teresa-kutlesa\/wp-json\/wp\/v2\/product\/1115","targetHints":{"allow":["GET"]}}],"collection":[{"href":"https:\/\/www.regionalis.shop\/rainwows-by-teresa-kutlesa\/wp-json\/wp\/v2\/product"}],"about":[{"href":"https:\/\/www.regionalis.shop\/rainwows-by-teresa-kutlesa\/wp-json\/wp\/v2\/types\/product"}],"wp:featuredmedia":[{"embeddable":true,"href":"https:\/\/www.regionalis.shop\/rainwows-by-teresa-kutlesa\/wp-json\/wp\/v2\/media\/1116"}],"wp:attachment":[{"href":"https:\/\/www.regionalis.shop\/rainwows-by-teresa-kutlesa\/wp-json\/wp\/v2\/media?parent=1115"}],"wp:term":[{"taxonomy":"product_brand","embeddable":true,"href":"https:\/\/www.regionalis.shop\/rainwows-by-teresa-kutlesa\/wp-json\/wp\/v2\/product_brand?post=1115"},{"taxonomy":"product_cat","embeddable":true,"href":"https:\/\/www.regionalis.shop\/rainwows-by-teresa-kutlesa\/wp-json\/wp\/v2\/product_cat?post=1115"},{"taxonomy":"product_tag","embeddable":true,"href":"https:\/\/www.regionalis.shop\/rainwows-by-teresa-kutlesa\/wp-json\/wp\/v2\/product_tag?post=1115"}],"curies":[{"name":"wp","href":"https:\/\/api.w.org\/{rel}","templated":true}]}}