{"id":1063,"date":"2025-04-28T04:15:14","date_gmt":"2025-04-28T02:15:14","guid":{"rendered":"https:\/\/www.regionalis.shop\/ricardart\/product\/blume-des-lebens-armband-set\/"},"modified":"2025-04-28T04:15:14","modified_gmt":"2025-04-28T02:15:14","slug":"blume-des-lebens-armband-set","status":"publish","type":"product","link":"https:\/\/www.regionalis.shop\/ricardart\/shop\/blume-des-lebens-armband-set\/","title":{"rendered":"Blume des Lebens Armband Set"},"content":{"rendered":"<p>F\u00fcr dich &#038; deinen Lieblingsmenschen<br \/>\nHandgefertigte Armb\u00e4nder aus gewachstem Makrameegarn  (wasserfest &#038; strapazierf\u00e4hig) mit l\u00e4ngenverstellbarem Schiebeverschluss zum individuellen anpassen &#038; 20mm Lebensblume in antikem Silber (nickel-&#038; bleifrei)<br \/>\n\u300bBandfarbe auch in vielen anderen Farben erh\u00e4ltlich (beim Bestellvorgang bitte gew\u00fcnschte Farbe angeben)<\/p>\n","protected":false},"excerpt":{"rendered":"<p>F\u00fcr dich &#038; deinen Lieblingsmenschen Handgefertigte Armb\u00e4nder aus gewachstem Makrameegarn (wasserfest &#038; strapazierf\u00e4hig) mit l\u00e4ngenverstellbarem Schiebeverschluss zum individuellen anpassen &#038; 20mm Lebensblume in antikem Silber (nickel-&#038; bleifrei) \u300bBandfarbe auch in vielen anderen Farben erh\u00e4ltlich (beim Bestellvorgang bitte gew\u00fcnschte Farbe angeben)<\/p>\n","protected":false},"featured_media":1064,"template":"","meta":{"_acf_changed":false},"product_brand":[],"product_cat":[110,70],"product_tag":[],"class_list":{"0":"post-1063","1":"product","2":"type-product","3":"status-publish","4":"has-post-thumbnail","6":"product_cat-armbaender","7":"product_cat-schmuck","9":"first","10":"instock","11":"purchasable","12":"product-type-simple"},"acf":[],"_links":{"self":[{"href":"https:\/\/www.regionalis.shop\/ricardart\/wp-json\/wp\/v2\/product\/1063","targetHints":{"allow":["GET"]}}],"collection":[{"href":"https:\/\/www.regionalis.shop\/ricardart\/wp-json\/wp\/v2\/product"}],"about":[{"href":"https:\/\/www.regionalis.shop\/ricardart\/wp-json\/wp\/v2\/types\/product"}],"wp:featuredmedia":[{"embeddable":true,"href":"https:\/\/www.regionalis.shop\/ricardart\/wp-json\/wp\/v2\/media\/1064"}],"wp:attachment":[{"href":"https:\/\/www.regionalis.shop\/ricardart\/wp-json\/wp\/v2\/media?parent=1063"}],"wp:term":[{"taxonomy":"product_brand","embeddable":true,"href":"https:\/\/www.regionalis.shop\/ricardart\/wp-json\/wp\/v2\/product_brand?post=1063"},{"taxonomy":"product_cat","embeddable":true,"href":"https:\/\/www.regionalis.shop\/ricardart\/wp-json\/wp\/v2\/product_cat?post=1063"},{"taxonomy":"product_tag","embeddable":true,"href":"https:\/\/www.regionalis.shop\/ricardart\/wp-json\/wp\/v2\/product_tag?post=1063"}],"curies":[{"name":"wp","href":"https:\/\/api.w.org\/{rel}","templated":true}]}}