{"id":1090,"date":"2025-04-18T12:26:00","date_gmt":"2025-04-18T10:26:00","guid":{"rendered":"https:\/\/www.regionalis.shop\/ricardart\/product\/make-a-wish-geburtssteinarmband-mai-aventurin\/"},"modified":"2025-04-18T12:26:00","modified_gmt":"2025-04-18T10:26:00","slug":"make-a-wish-geburtssteinarmband-mai-aventurin","status":"publish","type":"product","link":"https:\/\/www.regionalis.shop\/ricardart\/shop\/make-a-wish-geburtssteinarmband-mai-aventurin\/","title":{"rendered":"*MAKE A WISH* Geburtssteinarmband MAI\/AVENTURIN"},"content":{"rendered":"<p>Dein GeburtssteinArmband soll dich darin best\u00e4rken, deinen Tr\u00e4umen, W\u00fcnschen &#038; Zielen n\u00e4her zu kommen.<br \/>\n*Denke daf\u00fcr beim Anlegen des Armbands ganz fest an deinen Wunsch\/ dein Ziel  &#8211; wenn es von alleine abf\u00e4llt, so sagt man, solltest du deinem Ziel schon etwas n\u00e4her sein\/es erreicht haben <\/p>\n<p>&#8222;put the bracelet arround your wrist, close your eyes and make a wish&#8220;<\/p>\n<p>Eine nette M\u00f6glichkeit um seine Ziele &#038; Tr\u00e4ume zu visualisieren &#038; zu manifestieren<\/p>\n<p>Material: gewachstes Makrameegarn (strapazierf\u00e4hig &#038; wasserabweisend), facettierter Aventurin mit ca. 4mm Durchmesser, l\u00e4ngenverstellbarer Schiebeverschluss zum individuellen Anpassen.<br \/>\nDu bekommst dein Armband h\u00fcbsch verpackt &#038; mit pers\u00f6nlichem Steckbrief beigelegt auf dem du die wichtigsten Infos zu deinem neuen Begleiter nachlesen kannst.<\/p>\n<p>AVENTURIN \u00a0(Herzchakra\/ An\u00e3hata)<br \/>\nOptimismus~ Mut~ Selbstbestimmung ~ Lebensfreude ~ innere Ruhe<br \/>\nWie der Amethyst ist auch der Aventurin ein wunderbarer Helfer beim Ein-&#038;, Durchschlafen, denn er schenkt dir innere Ruhe &#038; Balance. Abgeleitet wird der Name aus dem Italienischen &#8222;a ventura&#8216;, was &#8218;auf gut Gl\u00fcck&#8216; bedeutet &#8211; denn auch Mut &#038; Optimismus geh\u00f6ren zu seinen positiven Eigenschaften. Ein wohlwollender Begleiter in jeder Lebenslage<br \/>\nGeburtsstein: Mai<\/p>\n","protected":false},"excerpt":{"rendered":"<p>Dein GeburtssteinArmband soll dich darin best\u00e4rken, deinen Tr\u00e4umen, W\u00fcnschen &#038; Zielen n\u00e4her zu kommen. *Denke daf\u00fcr beim Anlegen des Armbands ganz fest an deinen Wunsch\/ dein Ziel &#8211; wenn es von alleine abf\u00e4llt, so sagt man, solltest du deinem Ziel schon etwas n\u00e4her sein\/es erreicht haben &#8222;put the bracelet arround your wrist, close your eyes &hellip; <a href=\"https:\/\/www.regionalis.shop\/ricardart\/shop\/make-a-wish-geburtssteinarmband-mai-aventurin\/\">Continued<\/a><\/p>\n","protected":false},"featured_media":1091,"template":"","meta":{"_acf_changed":false},"product_brand":[],"product_cat":[110,70],"product_tag":[],"class_list":{"0":"post-1090","1":"product","2":"type-product","3":"status-publish","4":"has-post-thumbnail","6":"product_cat-armbaender","7":"product_cat-schmuck","9":"first","10":"instock","11":"purchasable","12":"product-type-simple"},"acf":[],"_links":{"self":[{"href":"https:\/\/www.regionalis.shop\/ricardart\/wp-json\/wp\/v2\/product\/1090","targetHints":{"allow":["GET"]}}],"collection":[{"href":"https:\/\/www.regionalis.shop\/ricardart\/wp-json\/wp\/v2\/product"}],"about":[{"href":"https:\/\/www.regionalis.shop\/ricardart\/wp-json\/wp\/v2\/types\/product"}],"wp:featuredmedia":[{"embeddable":true,"href":"https:\/\/www.regionalis.shop\/ricardart\/wp-json\/wp\/v2\/media\/1091"}],"wp:attachment":[{"href":"https:\/\/www.regionalis.shop\/ricardart\/wp-json\/wp\/v2\/media?parent=1090"}],"wp:term":[{"taxonomy":"product_brand","embeddable":true,"href":"https:\/\/www.regionalis.shop\/ricardart\/wp-json\/wp\/v2\/product_brand?post=1090"},{"taxonomy":"product_cat","embeddable":true,"href":"https:\/\/www.regionalis.shop\/ricardart\/wp-json\/wp\/v2\/product_cat?post=1090"},{"taxonomy":"product_tag","embeddable":true,"href":"https:\/\/www.regionalis.shop\/ricardart\/wp-json\/wp\/v2\/product_tag?post=1090"}],"curies":[{"name":"wp","href":"https:\/\/api.w.org\/{rel}","templated":true}]}}