{"id":1152,"date":"2025-04-18T10:09:04","date_gmt":"2025-04-18T08:09:04","guid":{"rendered":"https:\/\/www.regionalis.shop\/ricardart\/product\/suesswasserperle-strass-ohrschmuck-rhodochrosit-edelstahl\/"},"modified":"2025-04-18T10:09:04","modified_gmt":"2025-04-18T08:09:04","slug":"suesswasserperle-strass-ohrschmuck-rhodochrosit-edelstahl","status":"publish","type":"product","link":"https:\/\/www.regionalis.shop\/ricardart\/shop\/suesswasserperle-strass-ohrschmuck-rhodochrosit-edelstahl\/","title":{"rendered":"S\u00fc\u00dfwasserperle\/Strass Ohrschmuck *RHODOCHROSIT* Edelstahl"},"content":{"rendered":"<p>Strahlende Strassohrstecker aus hochwertig vergoldetem Edelstahl (nickelfrei, wasserfest), best\u00fcckt mit 6mm Rhodochrosit-&#038; nat\u00fcrlichen S\u00fc\u00dfwasserperlen, sowie Zwischenperlen aus 18k vergoldetem Kupfer.<br \/>\nGesamtl\u00e4nge: ~ 30mm<\/p>\n<p>Du bekommst dein Schmuckst\u00fcck h\u00fcbsch verpackt in einer handbedruckten Box aus recyceltem Altpapier, mit pers\u00f6nlichem Steckbrief beigelegt auf dem du die wichtigsten Infos zu deinem neuen Begleiter nachlesen kannst<\/p>\n<p>RHODOCHROSIT \u00a0(Herz-, &#038; Wurzelchakra)<br \/>\nKreativit\u00e4t ~ Lebensfreude ~ Wandel ~ Vitalit\u00e4t ~ Sexualit\u00e4t<br \/>\nSchenkt dir neue Perspektiven &#038; ist in Zeiten des Wandels ein treuer und unterst\u00fctzender Begleiter  Vitalit\u00e4t &#038; Lebensfreude werden gest\u00e4rkt und die positiven Dinge des Lebens r\u00fccken mit diesem rosaroten Schatz immer mehr in den Vordergrund<br \/>\nDer Rhodochrosit wird au\u00dferdem auch bei Hauptproblem angewendet (direkter Hautkontakt oder mit Edelsteinwasser)<br \/>\nSternzeichen: Stier<\/p>\n","protected":false},"excerpt":{"rendered":"<p>Strahlende Strassohrstecker aus hochwertig vergoldetem Edelstahl (nickelfrei, wasserfest), best\u00fcckt mit 6mm Rhodochrosit-&#038; nat\u00fcrlichen S\u00fc\u00dfwasserperlen, sowie Zwischenperlen aus 18k vergoldetem Kupfer. Gesamtl\u00e4nge: ~ 30mm Du bekommst dein Schmuckst\u00fcck h\u00fcbsch verpackt in einer handbedruckten Box aus recyceltem Altpapier, mit pers\u00f6nlichem Steckbrief beigelegt auf dem du die wichtigsten Infos zu deinem neuen Begleiter nachlesen kannst RHODOCHROSIT \u00a0(Herz-, &#038; &hellip; <a href=\"https:\/\/www.regionalis.shop\/ricardart\/shop\/suesswasserperle-strass-ohrschmuck-rhodochrosit-edelstahl\/\">Continued<\/a><\/p>\n","protected":false},"featured_media":1153,"template":"","meta":{"_acf_changed":false},"product_brand":[],"product_cat":[163,70],"product_tag":[],"class_list":{"0":"post-1152","1":"product","2":"type-product","3":"status-publish","4":"has-post-thumbnail","6":"product_cat-ohrringe","7":"product_cat-schmuck","9":"first","10":"instock","11":"purchasable","12":"product-type-simple"},"acf":[],"_links":{"self":[{"href":"https:\/\/www.regionalis.shop\/ricardart\/wp-json\/wp\/v2\/product\/1152","targetHints":{"allow":["GET"]}}],"collection":[{"href":"https:\/\/www.regionalis.shop\/ricardart\/wp-json\/wp\/v2\/product"}],"about":[{"href":"https:\/\/www.regionalis.shop\/ricardart\/wp-json\/wp\/v2\/types\/product"}],"wp:featuredmedia":[{"embeddable":true,"href":"https:\/\/www.regionalis.shop\/ricardart\/wp-json\/wp\/v2\/media\/1153"}],"wp:attachment":[{"href":"https:\/\/www.regionalis.shop\/ricardart\/wp-json\/wp\/v2\/media?parent=1152"}],"wp:term":[{"taxonomy":"product_brand","embeddable":true,"href":"https:\/\/www.regionalis.shop\/ricardart\/wp-json\/wp\/v2\/product_brand?post=1152"},{"taxonomy":"product_cat","embeddable":true,"href":"https:\/\/www.regionalis.shop\/ricardart\/wp-json\/wp\/v2\/product_cat?post=1152"},{"taxonomy":"product_tag","embeddable":true,"href":"https:\/\/www.regionalis.shop\/ricardart\/wp-json\/wp\/v2\/product_tag?post=1152"}],"curies":[{"name":"wp","href":"https:\/\/api.w.org\/{rel}","templated":true}]}}