{"id":1161,"date":"2025-04-18T10:09:04","date_gmt":"2025-04-18T08:09:04","guid":{"rendered":"https:\/\/www.regionalis.shop\/ricardart\/product\/suesswasserperle-strass-ohrschmuck-labradorit-edelstahl\/"},"modified":"2025-04-18T10:09:04","modified_gmt":"2025-04-18T08:09:04","slug":"suesswasserperle-strass-ohrschmuck-labradorit-edelstahl","status":"publish","type":"product","link":"https:\/\/www.regionalis.shop\/ricardart\/shop\/suesswasserperle-strass-ohrschmuck-labradorit-edelstahl\/","title":{"rendered":"S\u00fc\u00dfwasserperle\/Strass Ohrschmuck *LABRADORIT* Edelstahl"},"content":{"rendered":"<p>Funkelnde, mit Strasssteinen besetzte Ohrstecker aus hochwertigem Edelstahl (nickelfrei), best\u00fcckt mit facettierten Labradorit (~4mm) &#038; nat\u00fcrlichen S\u00fc\u00dfwasserperlen,<br \/>\nGesamtl\u00e4nge: ~ 35mm<\/p>\n<p>*Du bekommst dein Schmuckst\u00fcck h\u00fcbsch verpackt in einer handbedruckten Box aus recyceltem Altpapier, mit pers\u00f6nlichem Steckbrief beigelegt auf dem du die wichtigsten Infos zu deinem neuen Begleiter nachlesen kannst<\/p>\n<p>LABRADORIT \u00a0(alle Chakren)<br \/>\nFantasie &#8211; Kreativit\u00e4t- Intuition &#8211; Balance<br \/>\nDer schimmernde Labradorit befl\u00fcgelt den Geist &#038; die kreative Vorstellungskraft. Er unterst\u00fctzt dich dabei im Leben voranzukommen &#038; ist dir ein wunderbarer, unterst\u00fctzender Begleiter in jeder Lebenslage<br \/>\nName: Fundort\/Halbinsel &#8218;Labrador&#8216;<br \/>\nSternzeichen: Wassermann<\/p>\n","protected":false},"excerpt":{"rendered":"<p>Funkelnde, mit Strasssteinen besetzte Ohrstecker aus hochwertigem Edelstahl (nickelfrei), best\u00fcckt mit facettierten Labradorit (~4mm) &#038; nat\u00fcrlichen S\u00fc\u00dfwasserperlen, Gesamtl\u00e4nge: ~ 35mm *Du bekommst dein Schmuckst\u00fcck h\u00fcbsch verpackt in einer handbedruckten Box aus recyceltem Altpapier, mit pers\u00f6nlichem Steckbrief beigelegt auf dem du die wichtigsten Infos zu deinem neuen Begleiter nachlesen kannst LABRADORIT \u00a0(alle Chakren) Fantasie &#8211; Kreativit\u00e4t- &hellip; <a href=\"https:\/\/www.regionalis.shop\/ricardart\/shop\/suesswasserperle-strass-ohrschmuck-labradorit-edelstahl\/\">Continued<\/a><\/p>\n","protected":false},"featured_media":1162,"template":"","meta":{"_acf_changed":false},"product_brand":[],"product_cat":[163,70],"product_tag":[],"class_list":{"0":"post-1161","1":"product","2":"type-product","3":"status-publish","4":"has-post-thumbnail","6":"product_cat-ohrringe","7":"product_cat-schmuck","9":"first","10":"instock","11":"purchasable","12":"product-type-simple"},"acf":[],"_links":{"self":[{"href":"https:\/\/www.regionalis.shop\/ricardart\/wp-json\/wp\/v2\/product\/1161","targetHints":{"allow":["GET"]}}],"collection":[{"href":"https:\/\/www.regionalis.shop\/ricardart\/wp-json\/wp\/v2\/product"}],"about":[{"href":"https:\/\/www.regionalis.shop\/ricardart\/wp-json\/wp\/v2\/types\/product"}],"wp:featuredmedia":[{"embeddable":true,"href":"https:\/\/www.regionalis.shop\/ricardart\/wp-json\/wp\/v2\/media\/1162"}],"wp:attachment":[{"href":"https:\/\/www.regionalis.shop\/ricardart\/wp-json\/wp\/v2\/media?parent=1161"}],"wp:term":[{"taxonomy":"product_brand","embeddable":true,"href":"https:\/\/www.regionalis.shop\/ricardart\/wp-json\/wp\/v2\/product_brand?post=1161"},{"taxonomy":"product_cat","embeddable":true,"href":"https:\/\/www.regionalis.shop\/ricardart\/wp-json\/wp\/v2\/product_cat?post=1161"},{"taxonomy":"product_tag","embeddable":true,"href":"https:\/\/www.regionalis.shop\/ricardart\/wp-json\/wp\/v2\/product_tag?post=1161"}],"curies":[{"name":"wp","href":"https:\/\/api.w.org\/{rel}","templated":true}]}}