{"id":1170,"date":"2025-04-18T10:07:20","date_gmt":"2025-04-18T08:07:20","guid":{"rendered":"https:\/\/www.regionalis.shop\/ricardart\/product\/lebensblume-ohrstecker-perlmutt-weiss-12mm\/"},"modified":"2025-04-18T10:07:20","modified_gmt":"2025-04-18T08:07:20","slug":"lebensblume-ohrstecker-perlmutt-weiss-12mm","status":"publish","type":"product","link":"https:\/\/www.regionalis.shop\/ricardart\/shop\/lebensblume-ohrstecker-perlmutt-weiss-12mm\/","title":{"rendered":"Lebensblume Ohrstecker *PERLMUTT WEISS* 12mm"},"content":{"rendered":"<p>Nickelfreie Edelstahlohrstecker mit handgefertigten Fimo Applikationen in leicht schimmerndem Perlmutt wei\u00df. Aufgrund der individuellen Farbstruktur gleicht kein St\u00fcck zu 100% dem anderen &#8211; jedes Paar wird so zu einem Unikat<br \/>\nDurchmesser: ~12mm<br \/>\n*du bekommst deine Sch\u00e4tze h\u00fcbsch vepackt in einer handbedruckten Box aus recyceltem Altpapier &#8211; individuell &#038; umweltfreundlich<\/p>\n","protected":false},"excerpt":{"rendered":"<p>Nickelfreie Edelstahlohrstecker mit handgefertigten Fimo Applikationen in leicht schimmerndem Perlmutt wei\u00df. Aufgrund der individuellen Farbstruktur gleicht kein St\u00fcck zu 100% dem anderen &#8211; jedes Paar wird so zu einem Unikat Durchmesser: ~12mm *du bekommst deine Sch\u00e4tze h\u00fcbsch vepackt in einer handbedruckten Box aus recyceltem Altpapier &#8211; individuell &#038; umweltfreundlich<\/p>\n","protected":false},"featured_media":1171,"template":"","meta":{"_acf_changed":false},"product_brand":[],"product_cat":[163,70],"product_tag":[],"class_list":{"0":"post-1170","1":"product","2":"type-product","3":"status-publish","4":"has-post-thumbnail","6":"product_cat-ohrringe","7":"product_cat-schmuck","9":"first","10":"instock","11":"purchasable","12":"product-type-simple"},"acf":[],"_links":{"self":[{"href":"https:\/\/www.regionalis.shop\/ricardart\/wp-json\/wp\/v2\/product\/1170","targetHints":{"allow":["GET"]}}],"collection":[{"href":"https:\/\/www.regionalis.shop\/ricardart\/wp-json\/wp\/v2\/product"}],"about":[{"href":"https:\/\/www.regionalis.shop\/ricardart\/wp-json\/wp\/v2\/types\/product"}],"wp:featuredmedia":[{"embeddable":true,"href":"https:\/\/www.regionalis.shop\/ricardart\/wp-json\/wp\/v2\/media\/1171"}],"wp:attachment":[{"href":"https:\/\/www.regionalis.shop\/ricardart\/wp-json\/wp\/v2\/media?parent=1170"}],"wp:term":[{"taxonomy":"product_brand","embeddable":true,"href":"https:\/\/www.regionalis.shop\/ricardart\/wp-json\/wp\/v2\/product_brand?post=1170"},{"taxonomy":"product_cat","embeddable":true,"href":"https:\/\/www.regionalis.shop\/ricardart\/wp-json\/wp\/v2\/product_cat?post=1170"},{"taxonomy":"product_tag","embeddable":true,"href":"https:\/\/www.regionalis.shop\/ricardart\/wp-json\/wp\/v2\/product_tag?post=1170"}],"curies":[{"name":"wp","href":"https:\/\/api.w.org\/{rel}","templated":true}]}}