{"id":1174,"date":"2025-04-18T10:03:58","date_gmt":"2025-04-18T08:03:58","guid":{"rendered":"https:\/\/www.regionalis.shop\/ricardart\/product\/tuerkis-halskette-lebensbaum-antikgold\/"},"modified":"2025-04-18T10:03:58","modified_gmt":"2025-04-18T08:03:58","slug":"tuerkis-halskette-lebensbaum-antikgold","status":"publish","type":"product","link":"https:\/\/www.regionalis.shop\/ricardart\/shop\/tuerkis-halskette-lebensbaum-antikgold\/","title":{"rendered":"T\u00dcRKIS Halskette *LEBENSBAUM* antikgold"},"content":{"rendered":"<p>Von Hand gekn\u00fcpfte Makrameehalskette aus gewachstem, sehr strapazierf\u00e4higem Makrameegarn (wasserfest) mit tropfenf\u00f6rmigem, in Kupferdraht gefasstem T\u00fcrkis. Perlen: 6mm T\u00fcrkisperlen &#038; Messingperlen.<br \/>\nVerschluss: Karabinerverschluss (nickelfrei)<br \/>\n*du bekommst dein Schmuckst\u00fcck h\u00fcbsch verpackt in einer handbedruckten Box aus recyceltem Altpapier, mit pers\u00f6nlichem Steckbrief beigelegt auf dem du die wichtigsten Infos zu deinem neuen Begleiter nachlesen kannst <\/p>\n<p>T\u00dcRKIS (Halschakra\/ Vi\u015buddha)<br \/>\nKreativit\u00e4t ~ Lebensfreude\/ Lebenskraft ~ Selbstbewusstsein ~ Kommunikation<br \/>\nDer wundersch\u00f6ne T\u00fcrkis ist ein Multitalent &#038; einer meiner pers\u00f6nlichen Lieblinge  Er unterstreicht deine individuellen Z\u00fcge &#038; deine Kreativit\u00e4t, f\u00f6rdert Selbstbewusstsein &#038; Kommunikation und ist auch im beruflichen Alltag &#038; beim Streben nach Erfolg ein positiver &#038; unterst\u00fctzender Begleiter.\u00a0 Besonders in schweren Krisenzeiten, bei Kummer &#038; Depression ist der T\u00fcrkis ein wunderbarer Krisenhelfer \u00a0<br \/>\nGeburtsstein: Dezember\u00a0<\/p>\n","protected":false},"excerpt":{"rendered":"<p>Von Hand gekn\u00fcpfte Makrameehalskette aus gewachstem, sehr strapazierf\u00e4higem Makrameegarn (wasserfest) mit tropfenf\u00f6rmigem, in Kupferdraht gefasstem T\u00fcrkis. Perlen: 6mm T\u00fcrkisperlen &#038; Messingperlen. Verschluss: Karabinerverschluss (nickelfrei) *du bekommst dein Schmuckst\u00fcck h\u00fcbsch verpackt in einer handbedruckten Box aus recyceltem Altpapier, mit pers\u00f6nlichem Steckbrief beigelegt auf dem du die wichtigsten Infos zu deinem neuen Begleiter nachlesen kannst T\u00dcRKIS (Halschakra\/ &hellip; <a href=\"https:\/\/www.regionalis.shop\/ricardart\/shop\/tuerkis-halskette-lebensbaum-antikgold\/\">Continued<\/a><\/p>\n","protected":false},"featured_media":1175,"template":"","meta":{"_acf_changed":false},"product_brand":[],"product_cat":[141,70],"product_tag":[],"class_list":{"0":"post-1174","1":"product","2":"type-product","3":"status-publish","4":"has-post-thumbnail","6":"product_cat-halsketten","7":"product_cat-schmuck","9":"first","10":"instock","11":"purchasable","12":"product-type-simple"},"acf":[],"_links":{"self":[{"href":"https:\/\/www.regionalis.shop\/ricardart\/wp-json\/wp\/v2\/product\/1174","targetHints":{"allow":["GET"]}}],"collection":[{"href":"https:\/\/www.regionalis.shop\/ricardart\/wp-json\/wp\/v2\/product"}],"about":[{"href":"https:\/\/www.regionalis.shop\/ricardart\/wp-json\/wp\/v2\/types\/product"}],"wp:featuredmedia":[{"embeddable":true,"href":"https:\/\/www.regionalis.shop\/ricardart\/wp-json\/wp\/v2\/media\/1175"}],"wp:attachment":[{"href":"https:\/\/www.regionalis.shop\/ricardart\/wp-json\/wp\/v2\/media?parent=1174"}],"wp:term":[{"taxonomy":"product_brand","embeddable":true,"href":"https:\/\/www.regionalis.shop\/ricardart\/wp-json\/wp\/v2\/product_brand?post=1174"},{"taxonomy":"product_cat","embeddable":true,"href":"https:\/\/www.regionalis.shop\/ricardart\/wp-json\/wp\/v2\/product_cat?post=1174"},{"taxonomy":"product_tag","embeddable":true,"href":"https:\/\/www.regionalis.shop\/ricardart\/wp-json\/wp\/v2\/product_tag?post=1174"}],"curies":[{"name":"wp","href":"https:\/\/api.w.org\/{rel}","templated":true}]}}