{"id":1178,"date":"2025-04-18T10:03:58","date_gmt":"2025-04-18T08:03:58","guid":{"rendered":"https:\/\/www.regionalis.shop\/ricardart\/product\/citrin-halskette-lotus-edelstahl-vergoldet\/"},"modified":"2025-04-18T10:03:58","modified_gmt":"2025-04-18T08:03:58","slug":"citrin-halskette-lotus-edelstahl-vergoldet","status":"publish","type":"product","link":"https:\/\/www.regionalis.shop\/ricardart\/shop\/citrin-halskette-lotus-edelstahl-vergoldet\/","title":{"rendered":"Citrin Halskette *LOTUS* Edelstahl\/vergoldet"},"content":{"rendered":"<p>Zarte, doppelreihige Halskette, von Hand gefertigt aus gewachstem Makrameegarn (wasserfest &#038; strapazierf\u00e4hig) mit l\u00e4ngenverstellbarem Schiebeverschluss zum individuellen Anpassen.<br \/>\nBest\u00fcckt mit nat\u00fcrlichem Citrin (~4mm), 18k vergoldeten Kupferperlen &#038; Lotus Anh\u00e4nger aus hochwertig vergoldetem Edelstahl (~15mm)<\/p>\n<p>*du bekommst dein Schmuckst\u00fcck h\u00fcbsch verpackt in einer handbedruckten Box aus recyceltem Altpapier, mit pers\u00f6nlichem Steckbrief beigelegt auf dem du die wichtigsten Infos zu deinem neuen Begleiter nachlesen kannst<\/p>\n<p>CITRIN (Solarplexuschakra\/ Manip\u016bra)<br \/>\nLebensfreude ~ Energie ~ Lebensmut ~<br \/>\nEin Powerstein &#038; Energiespender \u00a0<br \/>\nDer Citrin bringt deine inneres Licht zum Strahlen  Er schenkt Lebensfreude &#038; Energie und ist, insbesonder auch an betr\u00fcbten Tagen, ein wahrer Sonnenspender &#038; Seelentr\u00f6ster  Ein wohlwollender Begleiter in psychischen Krisen, belastenden Lebensphasen &#038; f\u00fcr deine innere Balance<br \/>\nGeburtsstein: November<\/p>\n","protected":false},"excerpt":{"rendered":"<p>Zarte, doppelreihige Halskette, von Hand gefertigt aus gewachstem Makrameegarn (wasserfest &#038; strapazierf\u00e4hig) mit l\u00e4ngenverstellbarem Schiebeverschluss zum individuellen Anpassen. Best\u00fcckt mit nat\u00fcrlichem Citrin (~4mm), 18k vergoldeten Kupferperlen &#038; Lotus Anh\u00e4nger aus hochwertig vergoldetem Edelstahl (~15mm) *du bekommst dein Schmuckst\u00fcck h\u00fcbsch verpackt in einer handbedruckten Box aus recyceltem Altpapier, mit pers\u00f6nlichem Steckbrief beigelegt auf dem du die &hellip; <a href=\"https:\/\/www.regionalis.shop\/ricardart\/shop\/citrin-halskette-lotus-edelstahl-vergoldet\/\">Continued<\/a><\/p>\n","protected":false},"featured_media":1179,"template":"","meta":{"_acf_changed":false},"product_brand":[],"product_cat":[141,70],"product_tag":[],"class_list":{"0":"post-1178","1":"product","2":"type-product","3":"status-publish","4":"has-post-thumbnail","6":"product_cat-halsketten","7":"product_cat-schmuck","9":"first","10":"instock","11":"purchasable","12":"product-type-simple"},"acf":[],"_links":{"self":[{"href":"https:\/\/www.regionalis.shop\/ricardart\/wp-json\/wp\/v2\/product\/1178","targetHints":{"allow":["GET"]}}],"collection":[{"href":"https:\/\/www.regionalis.shop\/ricardart\/wp-json\/wp\/v2\/product"}],"about":[{"href":"https:\/\/www.regionalis.shop\/ricardart\/wp-json\/wp\/v2\/types\/product"}],"wp:featuredmedia":[{"embeddable":true,"href":"https:\/\/www.regionalis.shop\/ricardart\/wp-json\/wp\/v2\/media\/1179"}],"wp:attachment":[{"href":"https:\/\/www.regionalis.shop\/ricardart\/wp-json\/wp\/v2\/media?parent=1178"}],"wp:term":[{"taxonomy":"product_brand","embeddable":true,"href":"https:\/\/www.regionalis.shop\/ricardart\/wp-json\/wp\/v2\/product_brand?post=1178"},{"taxonomy":"product_cat","embeddable":true,"href":"https:\/\/www.regionalis.shop\/ricardart\/wp-json\/wp\/v2\/product_cat?post=1178"},{"taxonomy":"product_tag","embeddable":true,"href":"https:\/\/www.regionalis.shop\/ricardart\/wp-json\/wp\/v2\/product_tag?post=1178"}],"curies":[{"name":"wp","href":"https:\/\/api.w.org\/{rel}","templated":true}]}}