{"id":1235,"date":"2025-04-18T09:55:49","date_gmt":"2025-04-18T07:55:49","guid":{"rendered":"https:\/\/www.regionalis.shop\/ricardart\/product\/duftstein-raeucherschale-mandala-naturton-weiss\/"},"modified":"2025-04-18T09:55:49","modified_gmt":"2025-04-18T07:55:49","slug":"duftstein-raeucherschale-mandala-naturton-weiss","status":"publish","type":"product","link":"https:\/\/www.regionalis.shop\/ricardart\/shop\/duftstein-raeucherschale-mandala-naturton-weiss\/","title":{"rendered":"Duftstein\/R\u00e4ucherschale *MANDALA*  Naturton wei\u00df"},"content":{"rendered":"<p>DUFTSTEIN aus Naturton mit R\u00e4ucherst\u00e4bchenhalterung. Durchmesser: 7cm<br \/>\nAnwendung: einige Tropfen deines Lieblingsdufts direkt auf den Ton auftragen &#8211; die rauhe Oberfl\u00e4che nimmt den Duft sehr gut auf &#038; speichert ihn \u00fcber l\u00e4ngere Zeit. So hast du deinen Lieblingsduft immer da, wo du ihn gerne haben m\u00f6chtest \ud83d\ude42<br \/>\nGeeignet f\u00fcr alle Innenr\u00e4ume, f\u00fcrs Bad\/WC, super auch im Kleiderschrank oder im Auto unterwegs.<br \/>\nAroma Tipp: f\u00fcr Schlafr\u00e4ume ist zB \u00e4therisches Lavendel\u00f6l ein wunderbarer Duft zum Entspannen &#038; Abschalten<\/p>\n<p>*du bekommst deinen Duftstein h\u00fcbsch verpackt in einer handbedruckten Box aus recyceltem Altpapier &#038; mit pers\u00f6nlichem Steckbrief beigelegt<\/p>\n","protected":false},"excerpt":{"rendered":"<p>DUFTSTEIN aus Naturton mit R\u00e4ucherst\u00e4bchenhalterung. Durchmesser: 7cm Anwendung: einige Tropfen deines Lieblingsdufts direkt auf den Ton auftragen &#8211; die rauhe Oberfl\u00e4che nimmt den Duft sehr gut auf &#038; speichert ihn \u00fcber l\u00e4ngere Zeit. So hast du deinen Lieblingsduft immer da, wo du ihn gerne haben m\u00f6chtest \ud83d\ude42 Geeignet f\u00fcr alle Innenr\u00e4ume, f\u00fcrs Bad\/WC, super auch &hellip; <a href=\"https:\/\/www.regionalis.shop\/ricardart\/shop\/duftstein-raeucherschale-mandala-naturton-weiss\/\">Continued<\/a><\/p>\n","protected":false},"featured_media":1236,"template":"","meta":{"_acf_changed":false},"product_brand":[],"product_cat":[174,103],"product_tag":[],"class_list":{"0":"post-1235","1":"product","2":"type-product","3":"status-publish","4":"has-post-thumbnail","6":"product_cat-wohndekoration","7":"product_cat-wohnen-deko","9":"first","10":"instock","11":"purchasable","12":"product-type-simple"},"acf":[],"_links":{"self":[{"href":"https:\/\/www.regionalis.shop\/ricardart\/wp-json\/wp\/v2\/product\/1235","targetHints":{"allow":["GET"]}}],"collection":[{"href":"https:\/\/www.regionalis.shop\/ricardart\/wp-json\/wp\/v2\/product"}],"about":[{"href":"https:\/\/www.regionalis.shop\/ricardart\/wp-json\/wp\/v2\/types\/product"}],"wp:featuredmedia":[{"embeddable":true,"href":"https:\/\/www.regionalis.shop\/ricardart\/wp-json\/wp\/v2\/media\/1236"}],"wp:attachment":[{"href":"https:\/\/www.regionalis.shop\/ricardart\/wp-json\/wp\/v2\/media?parent=1235"}],"wp:term":[{"taxonomy":"product_brand","embeddable":true,"href":"https:\/\/www.regionalis.shop\/ricardart\/wp-json\/wp\/v2\/product_brand?post=1235"},{"taxonomy":"product_cat","embeddable":true,"href":"https:\/\/www.regionalis.shop\/ricardart\/wp-json\/wp\/v2\/product_cat?post=1235"},{"taxonomy":"product_tag","embeddable":true,"href":"https:\/\/www.regionalis.shop\/ricardart\/wp-json\/wp\/v2\/product_tag?post=1235"}],"curies":[{"name":"wp","href":"https:\/\/api.w.org\/{rel}","templated":true}]}}