{"id":1239,"date":"2025-04-18T09:55:49","date_gmt":"2025-04-18T07:55:49","guid":{"rendered":"https:\/\/www.regionalis.shop\/ricardart\/product\/fimo-raeucherschale-spirit\/"},"modified":"2025-04-18T09:55:49","modified_gmt":"2025-04-18T07:55:49","slug":"fimo-raeucherschale-spirit","status":"publish","type":"product","link":"https:\/\/www.regionalis.shop\/ricardart\/shop\/fimo-raeucherschale-spirit\/","title":{"rendered":"Fimo R\u00e4ucherschale *SPIRIT*"},"content":{"rendered":"<p>Handgefertigte Fimo Designs f\u00fcr R\u00e4ucherst\u00e4bchen, R\u00e4ucherkegel, Teelicht &#038; Co.<br \/>\nDurchmesser: ~ 70mm<\/p>\n<p>*du bekommst deine Bestellung h\u00fcbsch verpackt in einer handbedruckten Box aus recyceltem Altpapier &#038; mit pers\u00f6nlichem Steckbrief beigelegt<\/p>\n","protected":false},"excerpt":{"rendered":"<p>Handgefertigte Fimo Designs f\u00fcr R\u00e4ucherst\u00e4bchen, R\u00e4ucherkegel, Teelicht &#038; Co. Durchmesser: ~ 70mm *du bekommst deine Bestellung h\u00fcbsch verpackt in einer handbedruckten Box aus recyceltem Altpapier &#038; mit pers\u00f6nlichem Steckbrief beigelegt<\/p>\n","protected":false},"featured_media":1240,"template":"","meta":{"_acf_changed":false},"product_brand":[],"product_cat":[174,103],"product_tag":[],"class_list":{"0":"post-1239","1":"product","2":"type-product","3":"status-publish","4":"has-post-thumbnail","6":"product_cat-wohndekoration","7":"product_cat-wohnen-deko","9":"first","10":"instock","11":"purchasable","12":"product-type-simple"},"acf":[],"_links":{"self":[{"href":"https:\/\/www.regionalis.shop\/ricardart\/wp-json\/wp\/v2\/product\/1239","targetHints":{"allow":["GET"]}}],"collection":[{"href":"https:\/\/www.regionalis.shop\/ricardart\/wp-json\/wp\/v2\/product"}],"about":[{"href":"https:\/\/www.regionalis.shop\/ricardart\/wp-json\/wp\/v2\/types\/product"}],"wp:featuredmedia":[{"embeddable":true,"href":"https:\/\/www.regionalis.shop\/ricardart\/wp-json\/wp\/v2\/media\/1240"}],"wp:attachment":[{"href":"https:\/\/www.regionalis.shop\/ricardart\/wp-json\/wp\/v2\/media?parent=1239"}],"wp:term":[{"taxonomy":"product_brand","embeddable":true,"href":"https:\/\/www.regionalis.shop\/ricardart\/wp-json\/wp\/v2\/product_brand?post=1239"},{"taxonomy":"product_cat","embeddable":true,"href":"https:\/\/www.regionalis.shop\/ricardart\/wp-json\/wp\/v2\/product_cat?post=1239"},{"taxonomy":"product_tag","embeddable":true,"href":"https:\/\/www.regionalis.shop\/ricardart\/wp-json\/wp\/v2\/product_tag?post=1239"}],"curies":[{"name":"wp","href":"https:\/\/api.w.org\/{rel}","templated":true}]}}