{"id":1282,"date":"2025-04-18T09:45:37","date_gmt":"2025-04-18T07:45:37","guid":{"rendered":"https:\/\/www.regionalis.shop\/ricardart\/product\/doppelarmband-10mm-circle-18kvergoldet-mit-amethyst-rhodonit-oder-lavastein\/"},"modified":"2025-04-18T09:45:37","modified_gmt":"2025-04-18T07:45:37","slug":"doppelarmband-10mm-circle-18kvergoldet-mit-amethyst-rhodonit-oder-lavastein","status":"publish","type":"product","link":"https:\/\/www.regionalis.shop\/ricardart\/shop\/doppelarmband-10mm-circle-18kvergoldet-mit-amethyst-rhodonit-oder-lavastein\/","title":{"rendered":"Doppelarmband *10mm CIRCLE 18kvergoldet* mit Amethyst, Rhodonit oder Lavastein"},"content":{"rendered":"<p>Kraftvolle Edelsteinarmb\u00e4nder wahlweise mit  Amethyst, Rhodonit oder Lavastein (in 4 -6mm Perlenform) &#038; 18k vergoldeten Messingperlen.<br \/>\nDas Verbindungsst\u00fcck aus 18k vergoldetem Kupfer ist nickelfrei &#038; hat einen Durchmesser von 10mm.<br \/>\nDas verwendete Makrameegarn ist gewachst, sehr strapazierf\u00e4hig &#038; wasserfest. Dank l\u00e4ngenverstellbarem Schiebeverschluss l\u00e4sst sich jedes Armband individuell anpassen<\/p>\n<p>*Du bekommst dein Armband h\u00fcbsch verpackt in einer handbedruckten Box aus recyceltem Altpapier &#038; mit pers\u00f6nlichem Steckbrief beigelegt auf dem du  die wichtigsten Infos zu deinem neuen Begleiter nachlesen kannst<\/p>\n","protected":false},"excerpt":{"rendered":"<p>Kraftvolle Edelsteinarmb\u00e4nder wahlweise mit Amethyst, Rhodonit oder Lavastein (in 4 -6mm Perlenform) &#038; 18k vergoldeten Messingperlen. Das Verbindungsst\u00fcck aus 18k vergoldetem Kupfer ist nickelfrei &#038; hat einen Durchmesser von 10mm. Das verwendete Makrameegarn ist gewachst, sehr strapazierf\u00e4hig &#038; wasserfest. Dank l\u00e4ngenverstellbarem Schiebeverschluss l\u00e4sst sich jedes Armband individuell anpassen *Du bekommst dein Armband h\u00fcbsch verpackt in &hellip; <a href=\"https:\/\/www.regionalis.shop\/ricardart\/shop\/doppelarmband-10mm-circle-18kvergoldet-mit-amethyst-rhodonit-oder-lavastein\/\">Continued<\/a><\/p>\n","protected":false},"featured_media":1283,"template":"","meta":{"_acf_changed":false},"product_brand":[],"product_cat":[110,70],"product_tag":[],"class_list":{"0":"post-1282","1":"product","2":"type-product","3":"status-publish","4":"has-post-thumbnail","6":"product_cat-armbaender","7":"product_cat-schmuck","9":"first","10":"instock","11":"purchasable","12":"product-type-simple"},"acf":[],"_links":{"self":[{"href":"https:\/\/www.regionalis.shop\/ricardart\/wp-json\/wp\/v2\/product\/1282","targetHints":{"allow":["GET"]}}],"collection":[{"href":"https:\/\/www.regionalis.shop\/ricardart\/wp-json\/wp\/v2\/product"}],"about":[{"href":"https:\/\/www.regionalis.shop\/ricardart\/wp-json\/wp\/v2\/types\/product"}],"wp:featuredmedia":[{"embeddable":true,"href":"https:\/\/www.regionalis.shop\/ricardart\/wp-json\/wp\/v2\/media\/1283"}],"wp:attachment":[{"href":"https:\/\/www.regionalis.shop\/ricardart\/wp-json\/wp\/v2\/media?parent=1282"}],"wp:term":[{"taxonomy":"product_brand","embeddable":true,"href":"https:\/\/www.regionalis.shop\/ricardart\/wp-json\/wp\/v2\/product_brand?post=1282"},{"taxonomy":"product_cat","embeddable":true,"href":"https:\/\/www.regionalis.shop\/ricardart\/wp-json\/wp\/v2\/product_cat?post=1282"},{"taxonomy":"product_tag","embeddable":true,"href":"https:\/\/www.regionalis.shop\/ricardart\/wp-json\/wp\/v2\/product_tag?post=1282"}],"curies":[{"name":"wp","href":"https:\/\/api.w.org\/{rel}","templated":true}]}}