{"id":1291,"date":"2025-04-18T09:44:33","date_gmt":"2025-04-18T07:44:33","guid":{"rendered":"https:\/\/www.regionalis.shop\/ricardart\/product\/tigerauge-halskette-saat-des-lebens-edelstahl-vergoldet\/"},"modified":"2025-04-18T09:44:33","modified_gmt":"2025-04-18T07:44:33","slug":"tigerauge-halskette-saat-des-lebens-edelstahl-vergoldet","status":"publish","type":"product","link":"https:\/\/www.regionalis.shop\/ricardart\/shop\/tigerauge-halskette-saat-des-lebens-edelstahl-vergoldet\/","title":{"rendered":"Tigerauge Halskette *SAAT DES LEBENS* Edelstahl\/vergoldet"},"content":{"rendered":"<p>Doppelreihige Halskette, von Hand gefertigt aus gewachstem Makrameegarn (wasserfest &#038; strapazierf\u00e4hig) mit l\u00e4ngenverstellbarem Schiebeverschluss zum individuellen Anpassen.<br \/>\nBest\u00fcckr mit nat\u00fcrlichen Tigeraugeperlen (4mm), 18k vergoldeten Kupferperlen &#038; Lebenssaat Anh\u00e4nger aus hochwertigem Edelstahl\/vergoldet (~25mm)<\/p>\n<p>*du bekommst dein Schmuckst\u00fcck h\u00fcbsch verpackt in einer handbedruckten Box aus recyceltem Altpapier, mit pers\u00f6nlichem Steckbrief beigelegt auf dem du die wichtigsten Infos zu deinem neuen Begleiter nachlesen kannst<\/p>\n<p>TIGERAUGE\u00a0(Solarplexuschakra\/ Manip\u016bra)<br \/>\nMut ~ Durchblick ~ Optimismus\u00a0&#8211; Entschlossenheit-<br \/>\nDer &#8218;Entscheidungs-Stein&#8216; &#8211; Mit ihm f\u00e4llt es dir leichter klare Entscheidungen zu treffen. Das Tigerauge schafft &#8218;Ordnung im Chaos&#8216;. In un\u00fcberschaubaren Situationen und wenn du dir einmal unsicher bist, unterst\u00fctzt es dabei den Durchblick zu bewahren &#038; den Fokus zu sch\u00e4rfen. Als Talisman ein wunderbarer Wegbegleiter auf Reisen und unterwegs<\/p>\n","protected":false},"excerpt":{"rendered":"<p>Doppelreihige Halskette, von Hand gefertigt aus gewachstem Makrameegarn (wasserfest &#038; strapazierf\u00e4hig) mit l\u00e4ngenverstellbarem Schiebeverschluss zum individuellen Anpassen. Best\u00fcckr mit nat\u00fcrlichen Tigeraugeperlen (4mm), 18k vergoldeten Kupferperlen &#038; Lebenssaat Anh\u00e4nger aus hochwertigem Edelstahl\/vergoldet (~25mm) *du bekommst dein Schmuckst\u00fcck h\u00fcbsch verpackt in einer handbedruckten Box aus recyceltem Altpapier, mit pers\u00f6nlichem Steckbrief beigelegt auf dem du die wichtigsten Infos &hellip; <a href=\"https:\/\/www.regionalis.shop\/ricardart\/shop\/tigerauge-halskette-saat-des-lebens-edelstahl-vergoldet\/\">Continued<\/a><\/p>\n","protected":false},"featured_media":1292,"template":"","meta":{"_acf_changed":false},"product_brand":[],"product_cat":[141,70],"product_tag":[],"class_list":{"0":"post-1291","1":"product","2":"type-product","3":"status-publish","4":"has-post-thumbnail","6":"product_cat-halsketten","7":"product_cat-schmuck","9":"first","10":"instock","11":"purchasable","12":"product-type-simple"},"acf":[],"_links":{"self":[{"href":"https:\/\/www.regionalis.shop\/ricardart\/wp-json\/wp\/v2\/product\/1291","targetHints":{"allow":["GET"]}}],"collection":[{"href":"https:\/\/www.regionalis.shop\/ricardart\/wp-json\/wp\/v2\/product"}],"about":[{"href":"https:\/\/www.regionalis.shop\/ricardart\/wp-json\/wp\/v2\/types\/product"}],"wp:featuredmedia":[{"embeddable":true,"href":"https:\/\/www.regionalis.shop\/ricardart\/wp-json\/wp\/v2\/media\/1292"}],"wp:attachment":[{"href":"https:\/\/www.regionalis.shop\/ricardart\/wp-json\/wp\/v2\/media?parent=1291"}],"wp:term":[{"taxonomy":"product_brand","embeddable":true,"href":"https:\/\/www.regionalis.shop\/ricardart\/wp-json\/wp\/v2\/product_brand?post=1291"},{"taxonomy":"product_cat","embeddable":true,"href":"https:\/\/www.regionalis.shop\/ricardart\/wp-json\/wp\/v2\/product_cat?post=1291"},{"taxonomy":"product_tag","embeddable":true,"href":"https:\/\/www.regionalis.shop\/ricardart\/wp-json\/wp\/v2\/product_tag?post=1291"}],"curies":[{"name":"wp","href":"https:\/\/api.w.org\/{rel}","templated":true}]}}