{"id":1296,"date":"2025-04-18T09:44:33","date_gmt":"2025-04-18T07:44:33","guid":{"rendered":"https:\/\/www.regionalis.shop\/ricardart\/product\/doppelarmband-mandalablume-rubinzoisit\/"},"modified":"2025-04-18T09:44:33","modified_gmt":"2025-04-18T07:44:33","slug":"doppelarmband-mandalablume-rubinzoisit","status":"publish","type":"product","link":"https:\/\/www.regionalis.shop\/ricardart\/shop\/doppelarmband-mandalablume-rubinzoisit\/","title":{"rendered":"Doppelarmband *MANDALABLUME RUBINZOISIT*"},"content":{"rendered":"<p>Doppelreihiges Armband, von Hand gefertigt aus gewachstem Makrameegarn (wasserfest &#038; strapazierf\u00e4hig), mit 6mm Rubinzoisit, vergoldeten H\u00e4matitperlen &#038;  nickelfreiem, vergoldetem\/ros\u00e9vergoldetem Messingverbinder (15mm). Dank l\u00e4ngenverstellbarem Schiebeverschluss ideal zum individuellen Anpassen.<\/p>\n<p>*du bekommst dein Armband h\u00fcbsch verpackt &#038; mit pers\u00f6nlichem Steckbrief beigelegt auf dem du die wichtigsten Infos zu deinem neuen Begleiter nachlesen kannst<\/p>\n<p>RUBINZOISIT (Herz-&#038; Sakralchakra)<br \/>\nFruchtbarkeit ~ Sexualit\u00e4t ~ Kreativit\u00e4t ~Spontanit\u00e4t<br \/>\nStein f\u00fcr Herz-&#038; Blutkreislauf<br \/>\nDer Rubinzoisit ist, als *Stein f\u00fcr Fruchtbarkeit* ein wunderbarer Begleiter in Beziehung &#038; Partnerschaft, insbesondere mlt Kinderwunsch  Au\u00dferdem f\u00f6rdert er deinen Sinn f\u00fcr Lust &#038; Sexualit\u00e4t und begleitet dich dabei, diese zu erkunden &#038; zu erleben<\/p>\n","protected":false},"excerpt":{"rendered":"<p>Doppelreihiges Armband, von Hand gefertigt aus gewachstem Makrameegarn (wasserfest &#038; strapazierf\u00e4hig), mit 6mm Rubinzoisit, vergoldeten H\u00e4matitperlen &#038; nickelfreiem, vergoldetem\/ros\u00e9vergoldetem Messingverbinder (15mm). Dank l\u00e4ngenverstellbarem Schiebeverschluss ideal zum individuellen Anpassen. *du bekommst dein Armband h\u00fcbsch verpackt &#038; mit pers\u00f6nlichem Steckbrief beigelegt auf dem du die wichtigsten Infos zu deinem neuen Begleiter nachlesen kannst RUBINZOISIT (Herz-&#038; Sakralchakra) Fruchtbarkeit &hellip; <a href=\"https:\/\/www.regionalis.shop\/ricardart\/shop\/doppelarmband-mandalablume-rubinzoisit\/\">Continued<\/a><\/p>\n","protected":false},"featured_media":1297,"template":"","meta":{"_acf_changed":false},"product_brand":[],"product_cat":[110,70],"product_tag":[],"class_list":{"0":"post-1296","1":"product","2":"type-product","3":"status-publish","4":"has-post-thumbnail","6":"product_cat-armbaender","7":"product_cat-schmuck","9":"first","10":"instock","11":"purchasable","12":"product-type-simple"},"acf":[],"_links":{"self":[{"href":"https:\/\/www.regionalis.shop\/ricardart\/wp-json\/wp\/v2\/product\/1296","targetHints":{"allow":["GET"]}}],"collection":[{"href":"https:\/\/www.regionalis.shop\/ricardart\/wp-json\/wp\/v2\/product"}],"about":[{"href":"https:\/\/www.regionalis.shop\/ricardart\/wp-json\/wp\/v2\/types\/product"}],"wp:featuredmedia":[{"embeddable":true,"href":"https:\/\/www.regionalis.shop\/ricardart\/wp-json\/wp\/v2\/media\/1297"}],"wp:attachment":[{"href":"https:\/\/www.regionalis.shop\/ricardart\/wp-json\/wp\/v2\/media?parent=1296"}],"wp:term":[{"taxonomy":"product_brand","embeddable":true,"href":"https:\/\/www.regionalis.shop\/ricardart\/wp-json\/wp\/v2\/product_brand?post=1296"},{"taxonomy":"product_cat","embeddable":true,"href":"https:\/\/www.regionalis.shop\/ricardart\/wp-json\/wp\/v2\/product_cat?post=1296"},{"taxonomy":"product_tag","embeddable":true,"href":"https:\/\/www.regionalis.shop\/ricardart\/wp-json\/wp\/v2\/product_tag?post=1296"}],"curies":[{"name":"wp","href":"https:\/\/api.w.org\/{rel}","templated":true}]}}