{"id":1301,"date":"2025-04-18T09:44:33","date_gmt":"2025-04-18T07:44:33","guid":{"rendered":"https:\/\/www.regionalis.shop\/ricardart\/product\/doppelarmband-mandalablume-rhodochrosit-rose\/"},"modified":"2025-04-18T09:44:33","modified_gmt":"2025-04-18T07:44:33","slug":"doppelarmband-mandalablume-rhodochrosit-rose","status":"publish","type":"product","link":"https:\/\/www.regionalis.shop\/ricardart\/shop\/doppelarmband-mandalablume-rhodochrosit-rose\/","title":{"rendered":"Doppelarmband *MANDALABLUME RHODOCHROSIT* ros\u00e9"},"content":{"rendered":"<p>Doppelreihiges Armband, von Hand gefertigt aus gewachstem Makrameegarn (wasserfest &#038; strapazierf\u00e4hig), mit 4mm\/6mm Rhodochrositperle, ros\u00e9vergoldeten H\u00e4matit-,\/Kupferperlen &#038; ros\u00e9vergoldetem Messingverbinder (15mm, nickelfrei).<br \/>\nDank l\u00e4ngenverstellbarem Schiebeverschluss l\u00e4sst sich das Armband individuell in der Gr\u00f6\u00dfe anpassen<\/p>\n<p>*du bekommst dein Armband h\u00fcbsch verpackt &#038; mit pers\u00f6nlichem Steckbrief beigelegt auf dem du die wichtigsten Infos zu deinem neuen Begleiter nachlesen kannst<\/p>\n<p>RHODOCHROSIT \u00a0(Herz-, &#038; Wurzelchakra)<br \/>\nKreativit\u00e4t ~ Lebensfreude ~ Wandel ~ Vitalit\u00e4t ~ Sexualit\u00e4t<br \/>\nSchenkt dir neue Perspektiven &#038; ist in Zeiten des Wandels ein treuer und unterst\u00fctzender Begleiter  Vitalit\u00e4t &#038; Lebensfreude werden gest\u00e4rkt und die positiven Dinge des Lebens r\u00fccken mit diesem rosaroten Schatz immer mehr in den Vordergrund<br \/>\nDer Rhodochrosit wird au\u00dferdem auch bei Hauptproblem angewendet (direkter Hautkontakt oder mit Edelsteinwasser)<br \/>\nSternzeichen: Stier<\/p>\n","protected":false},"excerpt":{"rendered":"<p>Doppelreihiges Armband, von Hand gefertigt aus gewachstem Makrameegarn (wasserfest &#038; strapazierf\u00e4hig), mit 4mm\/6mm Rhodochrositperle, ros\u00e9vergoldeten H\u00e4matit-,\/Kupferperlen &#038; ros\u00e9vergoldetem Messingverbinder (15mm, nickelfrei). Dank l\u00e4ngenverstellbarem Schiebeverschluss l\u00e4sst sich das Armband individuell in der Gr\u00f6\u00dfe anpassen *du bekommst dein Armband h\u00fcbsch verpackt &#038; mit pers\u00f6nlichem Steckbrief beigelegt auf dem du die wichtigsten Infos zu deinem neuen Begleiter nachlesen &hellip; <a href=\"https:\/\/www.regionalis.shop\/ricardart\/shop\/doppelarmband-mandalablume-rhodochrosit-rose\/\">Continued<\/a><\/p>\n","protected":false},"featured_media":1302,"template":"","meta":{"_acf_changed":false},"product_brand":[],"product_cat":[110,70],"product_tag":[],"class_list":{"0":"post-1301","1":"product","2":"type-product","3":"status-publish","4":"has-post-thumbnail","6":"product_cat-armbaender","7":"product_cat-schmuck","9":"first","10":"instock","11":"purchasable","12":"product-type-simple"},"acf":[],"_links":{"self":[{"href":"https:\/\/www.regionalis.shop\/ricardart\/wp-json\/wp\/v2\/product\/1301","targetHints":{"allow":["GET"]}}],"collection":[{"href":"https:\/\/www.regionalis.shop\/ricardart\/wp-json\/wp\/v2\/product"}],"about":[{"href":"https:\/\/www.regionalis.shop\/ricardart\/wp-json\/wp\/v2\/types\/product"}],"wp:featuredmedia":[{"embeddable":true,"href":"https:\/\/www.regionalis.shop\/ricardart\/wp-json\/wp\/v2\/media\/1302"}],"wp:attachment":[{"href":"https:\/\/www.regionalis.shop\/ricardart\/wp-json\/wp\/v2\/media?parent=1301"}],"wp:term":[{"taxonomy":"product_brand","embeddable":true,"href":"https:\/\/www.regionalis.shop\/ricardart\/wp-json\/wp\/v2\/product_brand?post=1301"},{"taxonomy":"product_cat","embeddable":true,"href":"https:\/\/www.regionalis.shop\/ricardart\/wp-json\/wp\/v2\/product_cat?post=1301"},{"taxonomy":"product_tag","embeddable":true,"href":"https:\/\/www.regionalis.shop\/ricardart\/wp-json\/wp\/v2\/product_tag?post=1301"}],"curies":[{"name":"wp","href":"https:\/\/api.w.org\/{rel}","templated":true}]}}