{"id":1311,"date":"2025-04-18T09:40:46","date_gmt":"2025-04-18T07:40:46","guid":{"rendered":"https:\/\/www.regionalis.shop\/ricardart\/product\/lapislazuli-amazonit-kristallarmband-18k-vergoldet\/"},"modified":"2025-04-18T09:40:46","modified_gmt":"2025-04-18T07:40:46","slug":"lapislazuli-amazonit-kristallarmband-18k-vergoldet","status":"publish","type":"product","link":"https:\/\/www.regionalis.shop\/ricardart\/shop\/lapislazuli-amazonit-kristallarmband-18k-vergoldet\/","title":{"rendered":"Lapislazuli\/Amazonit Kristallarmband *18k vergoldet"},"content":{"rendered":"<p>Zarte Edelsteinarmb\u00e4nder mit wasserfestem Band aus gewachstem Makrameegarn, facettierten 4mm Lapislazuli-&#038; Amazonitperlen, 18k vergoldeten Kupferperlen &#038; l\u00e4ngenverstellbarem Schiebeverschluss zum individuellen Anpassen<\/p>\n<p>Du bekommst dein Armband h\u00fcbsch verpackt in einer handbedruckten Box aus recyceltem Altpapier &#038; mit pers\u00f6nlichem Steckbrief beigelegt auf dem du die wichtigsten Infos zu deinem neuen Begleiter nachlesen kannst<\/p>\n<p>***die Bandfarbe kannst du gerne individuell bestimmen &#8211; einfach beim Bestellvorgang im Kommentarfeld angeben bitte \ud83d\ude42<\/p>\n","protected":false},"excerpt":{"rendered":"<p>Zarte Edelsteinarmb\u00e4nder mit wasserfestem Band aus gewachstem Makrameegarn, facettierten 4mm Lapislazuli-&#038; Amazonitperlen, 18k vergoldeten Kupferperlen &#038; l\u00e4ngenverstellbarem Schiebeverschluss zum individuellen Anpassen Du bekommst dein Armband h\u00fcbsch verpackt in einer handbedruckten Box aus recyceltem Altpapier &#038; mit pers\u00f6nlichem Steckbrief beigelegt auf dem du die wichtigsten Infos zu deinem neuen Begleiter nachlesen kannst ***die Bandfarbe kannst du &hellip; <a href=\"https:\/\/www.regionalis.shop\/ricardart\/shop\/lapislazuli-amazonit-kristallarmband-18k-vergoldet\/\">Continued<\/a><\/p>\n","protected":false},"featured_media":1312,"template":"","meta":{"_acf_changed":false},"product_brand":[],"product_cat":[110,70],"product_tag":[],"class_list":{"0":"post-1311","1":"product","2":"type-product","3":"status-publish","4":"has-post-thumbnail","6":"product_cat-armbaender","7":"product_cat-schmuck","9":"first","10":"instock","11":"purchasable","12":"product-type-simple"},"acf":[],"_links":{"self":[{"href":"https:\/\/www.regionalis.shop\/ricardart\/wp-json\/wp\/v2\/product\/1311","targetHints":{"allow":["GET"]}}],"collection":[{"href":"https:\/\/www.regionalis.shop\/ricardart\/wp-json\/wp\/v2\/product"}],"about":[{"href":"https:\/\/www.regionalis.shop\/ricardart\/wp-json\/wp\/v2\/types\/product"}],"wp:featuredmedia":[{"embeddable":true,"href":"https:\/\/www.regionalis.shop\/ricardart\/wp-json\/wp\/v2\/media\/1312"}],"wp:attachment":[{"href":"https:\/\/www.regionalis.shop\/ricardart\/wp-json\/wp\/v2\/media?parent=1311"}],"wp:term":[{"taxonomy":"product_brand","embeddable":true,"href":"https:\/\/www.regionalis.shop\/ricardart\/wp-json\/wp\/v2\/product_brand?post=1311"},{"taxonomy":"product_cat","embeddable":true,"href":"https:\/\/www.regionalis.shop\/ricardart\/wp-json\/wp\/v2\/product_cat?post=1311"},{"taxonomy":"product_tag","embeddable":true,"href":"https:\/\/www.regionalis.shop\/ricardart\/wp-json\/wp\/v2\/product_tag?post=1311"}],"curies":[{"name":"wp","href":"https:\/\/api.w.org\/{rel}","templated":true}]}}