{"id":1321,"date":"2025-04-18T09:40:02","date_gmt":"2025-04-18T07:40:02","guid":{"rendered":"https:\/\/www.regionalis.shop\/ricardart\/product\/makramee-ohrringe-feathers-nature\/"},"modified":"2025-04-18T09:40:02","modified_gmt":"2025-04-18T07:40:02","slug":"makramee-ohrringe-feathers-nature","status":"publish","type":"product","link":"https:\/\/www.regionalis.shop\/ricardart\/shop\/makramee-ohrringe-feathers-nature\/","title":{"rendered":"Makramee Ohrringe *FEATHERS*  nature"},"content":{"rendered":"<p>Einzigartiger Feder Ohrschmuck mit nickelfreien Brisuren (geschlossene Ohrhaken) aus hochwertigem Edelstahl.<br \/>\nHandgekn\u00fcpft mit naturfarbenem Makrameegarn aus recycelter Baumwolle, best\u00fcckt mit wundersch\u00f6nen Fasanfedern &#038; je einer Holzperle aus Tibet.<br \/>\nGesamtl\u00e4nge: ~15cm<\/p>\n<p>*du bekommst deine Ohrsch\u00e4tze h\u00fcbsch verpackt in einer handbedruckten Box aus recyceltem Altpapier<\/p>\n","protected":false},"excerpt":{"rendered":"<p>Einzigartiger Feder Ohrschmuck mit nickelfreien Brisuren (geschlossene Ohrhaken) aus hochwertigem Edelstahl. Handgekn\u00fcpft mit naturfarbenem Makrameegarn aus recycelter Baumwolle, best\u00fcckt mit wundersch\u00f6nen Fasanfedern &#038; je einer Holzperle aus Tibet. Gesamtl\u00e4nge: ~15cm *du bekommst deine Ohrsch\u00e4tze h\u00fcbsch verpackt in einer handbedruckten Box aus recyceltem Altpapier<\/p>\n","protected":false},"featured_media":1322,"template":"","meta":{"_acf_changed":false},"product_brand":[],"product_cat":[163,70],"product_tag":[],"class_list":{"0":"post-1321","1":"product","2":"type-product","3":"status-publish","4":"has-post-thumbnail","6":"product_cat-ohrringe","7":"product_cat-schmuck","9":"first","10":"instock","11":"purchasable","12":"product-type-simple"},"acf":[],"_links":{"self":[{"href":"https:\/\/www.regionalis.shop\/ricardart\/wp-json\/wp\/v2\/product\/1321","targetHints":{"allow":["GET"]}}],"collection":[{"href":"https:\/\/www.regionalis.shop\/ricardart\/wp-json\/wp\/v2\/product"}],"about":[{"href":"https:\/\/www.regionalis.shop\/ricardart\/wp-json\/wp\/v2\/types\/product"}],"wp:featuredmedia":[{"embeddable":true,"href":"https:\/\/www.regionalis.shop\/ricardart\/wp-json\/wp\/v2\/media\/1322"}],"wp:attachment":[{"href":"https:\/\/www.regionalis.shop\/ricardart\/wp-json\/wp\/v2\/media?parent=1321"}],"wp:term":[{"taxonomy":"product_brand","embeddable":true,"href":"https:\/\/www.regionalis.shop\/ricardart\/wp-json\/wp\/v2\/product_brand?post=1321"},{"taxonomy":"product_cat","embeddable":true,"href":"https:\/\/www.regionalis.shop\/ricardart\/wp-json\/wp\/v2\/product_cat?post=1321"},{"taxonomy":"product_tag","embeddable":true,"href":"https:\/\/www.regionalis.shop\/ricardart\/wp-json\/wp\/v2\/product_tag?post=1321"}],"curies":[{"name":"wp","href":"https:\/\/api.w.org\/{rel}","templated":true}]}}