{"id":1396,"date":"2025-04-18T09:20:17","date_gmt":"2025-04-18T07:20:17","guid":{"rendered":"https:\/\/www.regionalis.shop\/ricardart\/product\/aquamarin-saphir-armband-facettiert-gold\/"},"modified":"2025-04-18T09:20:17","modified_gmt":"2025-04-18T07:20:17","slug":"aquamarin-saphir-armband-facettiert-gold","status":"publish","type":"product","link":"https:\/\/www.regionalis.shop\/ricardart\/shop\/aquamarin-saphir-armband-facettiert-gold\/","title":{"rendered":"Aquamarin\/Saphir Armband *FACETTIERT gold"},"content":{"rendered":"<p>Zarte Kristallarmb\u00e4nder mit wasserfestem Band aus gewachstem Makrameegarn, facettierten Aquamarin-, oder Saphirperlen (4mm),  18k vergoldeten Kupferperlen (2mm) &#038; l\u00e4ngenverstellbarem Schiebeverschluss zum individuellen Anpassen<\/p>\n<p>Du bekommst dein Schmuckst\u00fcck h\u00fcbsch verpackt &#038; mit pers\u00f6nlichem Steckbrief beigelegt auf dem du die wichtigsten Infos zu deinem neuen Begleiter nachlesen kannst<\/p>\n<p>SAPHIR (Stirn-&#038; Halschakra)<br \/>\nAusgeglichenheit ~ Balance ~ Nervenberuhigend<br \/>\nName: griech. &#8222;sappheiros&#8220;= blau<br \/>\nDer tiefblaue Saphir st\u00e4rkt\u00a0 unsere Nerven &#038; sorgt f\u00fcr inneren Frieden &#038; Balance. Bereits Hildegard von Bingen verwendete ihn damals bei Nervenkrankheiten (zB bei &#8222;Besessenheit&#8220;) &#038; auch heute wird die st\u00e4rkste Wirkung auf unser Nervensystem dem Saphir nachgesagt<br \/>\nGeburtsstein: September<\/p>\n<p>AQUAMARIN (Halschakra\/Vi\u015buddha)<br \/>\nEmpathie &#8211; Harmonie &#8211; Leichtigkeit &#8211; Heiterkeit- innere Ruhe<br \/>\nAquamarin bedeutet \u00fcbersetzt soviel wie &#8222;Meereswasser&#8220;.  (Seefahrer trugen ihn fr\u00fcher als Schutzstein &#8211; zB gegen Seekrankheit) Der Aquamarin symbolisiert Leichtigkeit, Heiterkeit &#038; Frieden und wird auch gerne als Meditationsstein verwendet (mit direktem Hautkontakt)<br \/>\nAuch auf unsere Augen &#038; unsere Seekraft soll er eine positive Wirkung haben.<br \/>\nGeburtsstein: M\u00e4rz<\/p>\n","protected":false},"excerpt":{"rendered":"<p>Zarte Kristallarmb\u00e4nder mit wasserfestem Band aus gewachstem Makrameegarn, facettierten Aquamarin-, oder Saphirperlen (4mm), 18k vergoldeten Kupferperlen (2mm) &#038; l\u00e4ngenverstellbarem Schiebeverschluss zum individuellen Anpassen Du bekommst dein Schmuckst\u00fcck h\u00fcbsch verpackt &#038; mit pers\u00f6nlichem Steckbrief beigelegt auf dem du die wichtigsten Infos zu deinem neuen Begleiter nachlesen kannst SAPHIR (Stirn-&#038; Halschakra) Ausgeglichenheit ~ Balance ~ Nervenberuhigend Name: &hellip; <a href=\"https:\/\/www.regionalis.shop\/ricardart\/shop\/aquamarin-saphir-armband-facettiert-gold\/\">Continued<\/a><\/p>\n","protected":false},"featured_media":1397,"template":"","meta":{"_acf_changed":false},"product_brand":[],"product_cat":[110,70],"product_tag":[],"class_list":{"0":"post-1396","1":"product","2":"type-product","3":"status-publish","4":"has-post-thumbnail","6":"product_cat-armbaender","7":"product_cat-schmuck","9":"first","10":"instock","11":"purchasable","12":"product-type-simple"},"acf":[],"_links":{"self":[{"href":"https:\/\/www.regionalis.shop\/ricardart\/wp-json\/wp\/v2\/product\/1396","targetHints":{"allow":["GET"]}}],"collection":[{"href":"https:\/\/www.regionalis.shop\/ricardart\/wp-json\/wp\/v2\/product"}],"about":[{"href":"https:\/\/www.regionalis.shop\/ricardart\/wp-json\/wp\/v2\/types\/product"}],"wp:featuredmedia":[{"embeddable":true,"href":"https:\/\/www.regionalis.shop\/ricardart\/wp-json\/wp\/v2\/media\/1397"}],"wp:attachment":[{"href":"https:\/\/www.regionalis.shop\/ricardart\/wp-json\/wp\/v2\/media?parent=1396"}],"wp:term":[{"taxonomy":"product_brand","embeddable":true,"href":"https:\/\/www.regionalis.shop\/ricardart\/wp-json\/wp\/v2\/product_brand?post=1396"},{"taxonomy":"product_cat","embeddable":true,"href":"https:\/\/www.regionalis.shop\/ricardart\/wp-json\/wp\/v2\/product_cat?post=1396"},{"taxonomy":"product_tag","embeddable":true,"href":"https:\/\/www.regionalis.shop\/ricardart\/wp-json\/wp\/v2\/product_tag?post=1396"}],"curies":[{"name":"wp","href":"https:\/\/api.w.org\/{rel}","templated":true}]}}