{"id":1418,"date":"2025-04-18T09:18:13","date_gmt":"2025-04-18T07:18:13","guid":{"rendered":"https:\/\/www.regionalis.shop\/ricardart\/product\/ohrringe-fimo-ocean-blue-nickelfrei\/"},"modified":"2025-04-18T09:18:13","modified_gmt":"2025-04-18T07:18:13","slug":"ohrringe-fimo-ocean-blue-nickelfrei","status":"publish","type":"product","link":"https:\/\/www.regionalis.shop\/ricardart\/shop\/ohrringe-fimo-ocean-blue-nickelfrei\/","title":{"rendered":"Ohrringe *FIMO OCEAN BLUE* nickelfrei"},"content":{"rendered":"<p>Verspielter Ohrschmuck mit handgefertigten Fimo Anh\u00e4ngern in verschiedenen Farben &#038; Designs.<br \/>\n*kein St\u00fcck gleicht zu 100% dem anderen &#8211; > jedes Paar ist einzigartig &#038; ein Unikat<br \/>\nMit nickelfreien Edelstahlbrisuren (verschlie\u00dfbar) oder &#8222;normalen&#8220; Ohrhaken, ebenfalls aus hochwertigem Edelstahl<br \/>\nMessinghoops: 40mm \u00e4u\u00dfererm Durchmesser<\/p>\n<p>\u300b in GOLD oder SILBER (bitte beim Bestellvorgang die gew\u00fcnschte Variante angeben<\/p>\n<p>*du bekommst deine Ohrringe h\u00fcbsch vepackt in einer handbedruckten Box aus recyceltem Altpapier &#8211; individuell &#038; umweltfreundlich<\/p>\n","protected":false},"excerpt":{"rendered":"<p>Verspielter Ohrschmuck mit handgefertigten Fimo Anh\u00e4ngern in verschiedenen Farben &#038; Designs. *kein St\u00fcck gleicht zu 100% dem anderen &#8211; > jedes Paar ist einzigartig &#038; ein Unikat Mit nickelfreien Edelstahlbrisuren (verschlie\u00dfbar) oder &#8222;normalen&#8220; Ohrhaken, ebenfalls aus hochwertigem Edelstahl Messinghoops: 40mm \u00e4u\u00dfererm Durchmesser \u300b in GOLD oder SILBER (bitte beim Bestellvorgang die gew\u00fcnschte Variante angeben *du &hellip; <a href=\"https:\/\/www.regionalis.shop\/ricardart\/shop\/ohrringe-fimo-ocean-blue-nickelfrei\/\">Continued<\/a><\/p>\n","protected":false},"featured_media":1419,"template":"","meta":{"_acf_changed":false},"product_brand":[],"product_cat":[163,70],"product_tag":[],"class_list":{"0":"post-1418","1":"product","2":"type-product","3":"status-publish","4":"has-post-thumbnail","6":"product_cat-ohrringe","7":"product_cat-schmuck","9":"first","10":"instock","11":"purchasable","12":"product-type-simple"},"acf":[],"_links":{"self":[{"href":"https:\/\/www.regionalis.shop\/ricardart\/wp-json\/wp\/v2\/product\/1418","targetHints":{"allow":["GET"]}}],"collection":[{"href":"https:\/\/www.regionalis.shop\/ricardart\/wp-json\/wp\/v2\/product"}],"about":[{"href":"https:\/\/www.regionalis.shop\/ricardart\/wp-json\/wp\/v2\/types\/product"}],"wp:featuredmedia":[{"embeddable":true,"href":"https:\/\/www.regionalis.shop\/ricardart\/wp-json\/wp\/v2\/media\/1419"}],"wp:attachment":[{"href":"https:\/\/www.regionalis.shop\/ricardart\/wp-json\/wp\/v2\/media?parent=1418"}],"wp:term":[{"taxonomy":"product_brand","embeddable":true,"href":"https:\/\/www.regionalis.shop\/ricardart\/wp-json\/wp\/v2\/product_brand?post=1418"},{"taxonomy":"product_cat","embeddable":true,"href":"https:\/\/www.regionalis.shop\/ricardart\/wp-json\/wp\/v2\/product_cat?post=1418"},{"taxonomy":"product_tag","embeddable":true,"href":"https:\/\/www.regionalis.shop\/ricardart\/wp-json\/wp\/v2\/product_tag?post=1418"}],"curies":[{"name":"wp","href":"https:\/\/api.w.org\/{rel}","templated":true}]}}