{"id":1428,"date":"2025-04-18T09:15:39","date_gmt":"2025-04-18T07:15:39","guid":{"rendered":"https:\/\/www.regionalis.shop\/ricardart\/product\/makramee-ohrringe-feather-rostbraun\/"},"modified":"2025-04-18T09:15:39","modified_gmt":"2025-04-18T07:15:39","slug":"makramee-ohrringe-feather-rostbraun","status":"publish","type":"product","link":"https:\/\/www.regionalis.shop\/ricardart\/shop\/makramee-ohrringe-feather-rostbraun\/","title":{"rendered":"Makramee Ohrringe *FEATHER* rostbraun"},"content":{"rendered":"<p>Von Hand gefertigte Ohrringe, handgekn\u00fcpft mit rostbraunem Makrameegarn aus recycelter Baumwolle, best\u00fcckt mit nat\u00fcrlichen Federn &#038; Holzperle. Die Ohrhaken sind nickelfrei &#038; somit auch f\u00fcr sensible Ohren geeignet.<br \/>\nGesamtl\u00e4nge: ~7cm<br \/>\n*du bekommst deine Ohrsch\u00e4tze h\u00fcbsch verpackt in einer handbedruckten Box aus recyceltem Altpapier<\/p>\n","protected":false},"excerpt":{"rendered":"<p>Von Hand gefertigte Ohrringe, handgekn\u00fcpft mit rostbraunem Makrameegarn aus recycelter Baumwolle, best\u00fcckt mit nat\u00fcrlichen Federn &#038; Holzperle. Die Ohrhaken sind nickelfrei &#038; somit auch f\u00fcr sensible Ohren geeignet. Gesamtl\u00e4nge: ~7cm *du bekommst deine Ohrsch\u00e4tze h\u00fcbsch verpackt in einer handbedruckten Box aus recyceltem Altpapier<\/p>\n","protected":false},"featured_media":1429,"template":"","meta":{"_acf_changed":false},"product_brand":[],"product_cat":[163,70],"product_tag":[],"class_list":{"0":"post-1428","1":"product","2":"type-product","3":"status-publish","4":"has-post-thumbnail","6":"product_cat-ohrringe","7":"product_cat-schmuck","9":"first","10":"instock","11":"purchasable","12":"product-type-simple"},"acf":[],"_links":{"self":[{"href":"https:\/\/www.regionalis.shop\/ricardart\/wp-json\/wp\/v2\/product\/1428","targetHints":{"allow":["GET"]}}],"collection":[{"href":"https:\/\/www.regionalis.shop\/ricardart\/wp-json\/wp\/v2\/product"}],"about":[{"href":"https:\/\/www.regionalis.shop\/ricardart\/wp-json\/wp\/v2\/types\/product"}],"wp:featuredmedia":[{"embeddable":true,"href":"https:\/\/www.regionalis.shop\/ricardart\/wp-json\/wp\/v2\/media\/1429"}],"wp:attachment":[{"href":"https:\/\/www.regionalis.shop\/ricardart\/wp-json\/wp\/v2\/media?parent=1428"}],"wp:term":[{"taxonomy":"product_brand","embeddable":true,"href":"https:\/\/www.regionalis.shop\/ricardart\/wp-json\/wp\/v2\/product_brand?post=1428"},{"taxonomy":"product_cat","embeddable":true,"href":"https:\/\/www.regionalis.shop\/ricardart\/wp-json\/wp\/v2\/product_cat?post=1428"},{"taxonomy":"product_tag","embeddable":true,"href":"https:\/\/www.regionalis.shop\/ricardart\/wp-json\/wp\/v2\/product_tag?post=1428"}],"curies":[{"name":"wp","href":"https:\/\/api.w.org\/{rel}","templated":true}]}}