{"id":1515,"date":"2025-04-18T08:28:23","date_gmt":"2025-04-18T06:28:23","guid":{"rendered":"https:\/\/www.regionalis.shop\/ricardart\/product\/haematit-partnerarmband-herz-stern\/"},"modified":"2025-04-18T08:28:23","modified_gmt":"2025-04-18T06:28:23","slug":"haematit-partnerarmband-herz-stern","status":"publish","type":"product","link":"https:\/\/www.regionalis.shop\/ricardart\/shop\/haematit-partnerarmband-herz-stern\/","title":{"rendered":"H\u00e4matit Partnerarmband *HERZ &#038; STERN*"},"content":{"rendered":"<p>Zarte H\u00e4matit Armb\u00e4nder im Set f\u00fcr dich &#038; deinen LIEBLINGSMENSCHEN<br \/>\nVon Hand gefertigt aus gewachstem Makrameegarn (widerstandsf\u00e4hig &#038; wasserabweisend), mit l\u00e4ngenverstellbarem Schiebeverschluss zum individuellen Anpassen<\/p>\n<p>*du bekommst dein Set h\u00fcbsch verpackt in handbedrucktem, recyceltem Altpapier &#038; mit pers\u00f6nlichem Steckbrief beigelegt auf dem du die wichtigsten Infos zu deinem neuen Begleiter nachlesen kannst<\/p>\n<p>H\u00c4MATIT \/Blutstein (Wurzelchakra\/M\u016bl\u00e3dh\u00e3ra)<br \/>\nLebenskraft &#8211; Mut &#8211; Entschlossenheit<br \/>\nDer H\u00e4matit oder Blutstein verdankt seinen Namen seiner, aufgrund seines hohen Eisengehalts, positiven Wirkung auf unser Blut &#038; unseren Blutkreislauf. Bei Kreislaufbeschwerden oder auch bei An\u00e4mie kann er unterst\u00fctzend am K\u00f6rper getragen werden. Er harmonisiert negative Energien ist dir in jeder Lebenslage ein wohlwollender &#038; treuer Begleiter<\/p>\n","protected":false},"excerpt":{"rendered":"<p>Zarte H\u00e4matit Armb\u00e4nder im Set f\u00fcr dich &#038; deinen LIEBLINGSMENSCHEN Von Hand gefertigt aus gewachstem Makrameegarn (widerstandsf\u00e4hig &#038; wasserabweisend), mit l\u00e4ngenverstellbarem Schiebeverschluss zum individuellen Anpassen *du bekommst dein Set h\u00fcbsch verpackt in handbedrucktem, recyceltem Altpapier &#038; mit pers\u00f6nlichem Steckbrief beigelegt auf dem du die wichtigsten Infos zu deinem neuen Begleiter nachlesen kannst H\u00c4MATIT \/Blutstein (Wurzelchakra\/M\u016bl\u00e3dh\u00e3ra) &hellip; <a href=\"https:\/\/www.regionalis.shop\/ricardart\/shop\/haematit-partnerarmband-herz-stern\/\">Continued<\/a><\/p>\n","protected":false},"featured_media":1516,"template":"","meta":{"_acf_changed":false},"product_brand":[],"product_cat":[110,70],"product_tag":[],"class_list":{"0":"post-1515","1":"product","2":"type-product","3":"status-publish","4":"has-post-thumbnail","6":"product_cat-armbaender","7":"product_cat-schmuck","9":"first","10":"instock","11":"purchasable","12":"product-type-simple"},"acf":[],"_links":{"self":[{"href":"https:\/\/www.regionalis.shop\/ricardart\/wp-json\/wp\/v2\/product\/1515","targetHints":{"allow":["GET"]}}],"collection":[{"href":"https:\/\/www.regionalis.shop\/ricardart\/wp-json\/wp\/v2\/product"}],"about":[{"href":"https:\/\/www.regionalis.shop\/ricardart\/wp-json\/wp\/v2\/types\/product"}],"wp:featuredmedia":[{"embeddable":true,"href":"https:\/\/www.regionalis.shop\/ricardart\/wp-json\/wp\/v2\/media\/1516"}],"wp:attachment":[{"href":"https:\/\/www.regionalis.shop\/ricardart\/wp-json\/wp\/v2\/media?parent=1515"}],"wp:term":[{"taxonomy":"product_brand","embeddable":true,"href":"https:\/\/www.regionalis.shop\/ricardart\/wp-json\/wp\/v2\/product_brand?post=1515"},{"taxonomy":"product_cat","embeddable":true,"href":"https:\/\/www.regionalis.shop\/ricardart\/wp-json\/wp\/v2\/product_cat?post=1515"},{"taxonomy":"product_tag","embeddable":true,"href":"https:\/\/www.regionalis.shop\/ricardart\/wp-json\/wp\/v2\/product_tag?post=1515"}],"curies":[{"name":"wp","href":"https:\/\/api.w.org\/{rel}","templated":true}]}}