{"id":1577,"date":"2025-04-18T08:11:40","date_gmt":"2025-04-18T06:11:40","guid":{"rendered":"https:\/\/www.regionalis.shop\/ricardart\/product\/infinity-doppelarmband-malachit-rhodonit-18k-vergoldet\/"},"modified":"2025-04-18T08:11:40","modified_gmt":"2025-04-18T06:11:40","slug":"infinity-doppelarmband-malachit-rhodonit-18k-vergoldet","status":"publish","type":"product","link":"https:\/\/www.regionalis.shop\/ricardart\/shop\/infinity-doppelarmband-malachit-rhodonit-18k-vergoldet\/","title":{"rendered":"INFINITY Doppelarmband *MALACHIT\/RHODONIT* 18k vergoldet"},"content":{"rendered":"<p>Kraftvolle Infinity-Armb\u00e4nder kombiniert mit nat\u00fcrlichen Edelsteinen in geschliffener Perlenform (ca.4-6mm). Von Hand gefertigt aus wasserfestem Makrameegarn (gewachst &#038; strapazierf\u00e4hig), mit 18k vergoldeten Zwischenperlen aus Kupfer &#038; hochwertigen Infinity Verbindern aus 18k vergoldetem Edelstahl.  Dank l\u00e4ngenverstellbarem Schiebeverschluss\u00a0sind all meine Armb\u00e4nder individuell an (fast) jedes Handgelenk anpassbar <\/p>\n<p>*Du bekommst dein Schmuckst\u00fcck h\u00fcbsch verpackt in einer handbedruckten Box aus recyceltem Altpapier &#038; mit pers\u00f6nlichem Steckbrief beigelegt, auf dem du die wichtigsten Infos zu deinem neuen Begleiter nachlesen kannst<\/p>\n<p>*** Ein wunderbarer Wegblegleiter f\u00fcr jeden Tag ***<\/p>\n","protected":false},"excerpt":{"rendered":"<p>Kraftvolle Infinity-Armb\u00e4nder kombiniert mit nat\u00fcrlichen Edelsteinen in geschliffener Perlenform (ca.4-6mm). Von Hand gefertigt aus wasserfestem Makrameegarn (gewachst &#038; strapazierf\u00e4hig), mit 18k vergoldeten Zwischenperlen aus Kupfer &#038; hochwertigen Infinity Verbindern aus 18k vergoldetem Edelstahl. Dank l\u00e4ngenverstellbarem Schiebeverschluss\u00a0sind all meine Armb\u00e4nder individuell an (fast) jedes Handgelenk anpassbar *Du bekommst dein Schmuckst\u00fcck h\u00fcbsch verpackt in einer handbedruckten Box &hellip; <a href=\"https:\/\/www.regionalis.shop\/ricardart\/shop\/infinity-doppelarmband-malachit-rhodonit-18k-vergoldet\/\">Continued<\/a><\/p>\n","protected":false},"featured_media":1578,"template":"","meta":{"_acf_changed":false},"product_brand":[],"product_cat":[110,70],"product_tag":[],"class_list":{"0":"post-1577","1":"product","2":"type-product","3":"status-publish","4":"has-post-thumbnail","6":"product_cat-armbaender","7":"product_cat-schmuck","9":"first","10":"instock","11":"purchasable","12":"product-type-simple"},"acf":[],"_links":{"self":[{"href":"https:\/\/www.regionalis.shop\/ricardart\/wp-json\/wp\/v2\/product\/1577","targetHints":{"allow":["GET"]}}],"collection":[{"href":"https:\/\/www.regionalis.shop\/ricardart\/wp-json\/wp\/v2\/product"}],"about":[{"href":"https:\/\/www.regionalis.shop\/ricardart\/wp-json\/wp\/v2\/types\/product"}],"wp:featuredmedia":[{"embeddable":true,"href":"https:\/\/www.regionalis.shop\/ricardart\/wp-json\/wp\/v2\/media\/1578"}],"wp:attachment":[{"href":"https:\/\/www.regionalis.shop\/ricardart\/wp-json\/wp\/v2\/media?parent=1577"}],"wp:term":[{"taxonomy":"product_brand","embeddable":true,"href":"https:\/\/www.regionalis.shop\/ricardart\/wp-json\/wp\/v2\/product_brand?post=1577"},{"taxonomy":"product_cat","embeddable":true,"href":"https:\/\/www.regionalis.shop\/ricardart\/wp-json\/wp\/v2\/product_cat?post=1577"},{"taxonomy":"product_tag","embeddable":true,"href":"https:\/\/www.regionalis.shop\/ricardart\/wp-json\/wp\/v2\/product_tag?post=1577"}],"curies":[{"name":"wp","href":"https:\/\/api.w.org\/{rel}","templated":true}]}}