{"id":1641,"date":"2025-04-18T07:46:12","date_gmt":"2025-04-18T05:46:12","guid":{"rendered":"https:\/\/www.regionalis.shop\/ricardart\/product\/labradorit-creolen-star-30mm-silber\/"},"modified":"2025-04-18T07:46:12","modified_gmt":"2025-04-18T05:46:12","slug":"labradorit-creolen-star-30mm-silber","status":"publish","type":"product","link":"https:\/\/www.regionalis.shop\/ricardart\/shop\/labradorit-creolen-star-30mm-silber\/","title":{"rendered":"Labradorit Creolen *STAR 30mm silber"},"content":{"rendered":"<p>Handgefertigte Edelstein Ohrsch\u00e4tze mit 30mm Edelstahlhoops best\u00fcckt mit nat\u00fcrlichem Labradorit in unregelm\u00e4\u00dfiger &#038; einzigartiger Splitterform &#038; kleinen Sternanh\u00e4ngern aus versilbertem Messing.   Die Ohhaken sind nickelfrei &#038; auch f\u00fcr sensible Ohren geeignet (925 Sterlingsilber)<\/p>\n<p>*du bekommst deine Ohrringe h\u00fcbsch verpackt in einer handbedruckten Box aus recyceltem Altpapier, mit pers\u00f6nlichem Steckbrief beigelegt auf dem du die wichtigsten Infos zu deinem neuen Begleiter nachlesen kannst<\/p>\n<p>*LABRADORIT \u00a0(alle Chakren)<br \/>\nFantasie &#8211; Kreativit\u00e4t- Intuition &#8211; Balance ~<br \/>\nDer schimmernde Labradorit befl\u00fcgelt den Geist &#038; die kreative Vorstellungskraft. Er unterst\u00fctzt dich dabei im Leben voranzukommen &#038; ist dir ein wunderbarer, unterst\u00fctzender Begleiter in jeder Lebenslage<br \/>\nName: Fundort\/Halbinsel &#8218;Labrador&#8216;<br \/>\nSternzeichen: Wassermann<\/p>\n","protected":false},"excerpt":{"rendered":"<p>Handgefertigte Edelstein Ohrsch\u00e4tze mit 30mm Edelstahlhoops best\u00fcckt mit nat\u00fcrlichem Labradorit in unregelm\u00e4\u00dfiger &#038; einzigartiger Splitterform &#038; kleinen Sternanh\u00e4ngern aus versilbertem Messing. Die Ohhaken sind nickelfrei &#038; auch f\u00fcr sensible Ohren geeignet (925 Sterlingsilber) *du bekommst deine Ohrringe h\u00fcbsch verpackt in einer handbedruckten Box aus recyceltem Altpapier, mit pers\u00f6nlichem Steckbrief beigelegt auf dem du die wichtigsten &hellip; <a href=\"https:\/\/www.regionalis.shop\/ricardart\/shop\/labradorit-creolen-star-30mm-silber\/\">Continued<\/a><\/p>\n","protected":false},"featured_media":1642,"template":"","meta":{"_acf_changed":false},"product_brand":[],"product_cat":[163,70],"product_tag":[],"class_list":{"0":"post-1641","1":"product","2":"type-product","3":"status-publish","4":"has-post-thumbnail","6":"product_cat-ohrringe","7":"product_cat-schmuck","9":"first","10":"instock","11":"purchasable","12":"product-type-simple"},"acf":[],"_links":{"self":[{"href":"https:\/\/www.regionalis.shop\/ricardart\/wp-json\/wp\/v2\/product\/1641","targetHints":{"allow":["GET"]}}],"collection":[{"href":"https:\/\/www.regionalis.shop\/ricardart\/wp-json\/wp\/v2\/product"}],"about":[{"href":"https:\/\/www.regionalis.shop\/ricardart\/wp-json\/wp\/v2\/types\/product"}],"wp:featuredmedia":[{"embeddable":true,"href":"https:\/\/www.regionalis.shop\/ricardart\/wp-json\/wp\/v2\/media\/1642"}],"wp:attachment":[{"href":"https:\/\/www.regionalis.shop\/ricardart\/wp-json\/wp\/v2\/media?parent=1641"}],"wp:term":[{"taxonomy":"product_brand","embeddable":true,"href":"https:\/\/www.regionalis.shop\/ricardart\/wp-json\/wp\/v2\/product_brand?post=1641"},{"taxonomy":"product_cat","embeddable":true,"href":"https:\/\/www.regionalis.shop\/ricardart\/wp-json\/wp\/v2\/product_cat?post=1641"},{"taxonomy":"product_tag","embeddable":true,"href":"https:\/\/www.regionalis.shop\/ricardart\/wp-json\/wp\/v2\/product_tag?post=1641"}],"curies":[{"name":"wp","href":"https:\/\/api.w.org\/{rel}","templated":true}]}}