{"id":1645,"date":"2025-04-18T07:46:12","date_gmt":"2025-04-18T05:46:12","guid":{"rendered":"https:\/\/www.regionalis.shop\/ricardart\/product\/citrin-sonnenfaenger-lotus-circle\/"},"modified":"2025-04-18T07:46:12","modified_gmt":"2025-04-18T05:46:12","slug":"citrin-sonnenfaenger-lotus-circle","status":"publish","type":"product","link":"https:\/\/www.regionalis.shop\/ricardart\/shop\/citrin-sonnenfaenger-lotus-circle\/","title":{"rendered":"CITRIN Sonnenf\u00e4nger *LOTUS CIRCLE*"},"content":{"rendered":"<p>Der Sonnenf\u00e4nger liebt es besonders im Licht, vorallem in der Sonne oder vor Fenstern zu h\u00e4ngen. Die Prismaglaskristalle sorgen mit ihrem &#8222;Sonnenf\u00e4nger-Effekt&#8220; f\u00fcr ein angenehmes &#038; harmonisches Wohn-,&#038; Wohlgef\u00fchl<br \/>\n*Sonnenf\u00e4nger-Effekt: F\u00e4llt Licht auf ein Prisma\/ einen Prismakristall, so wird\u00a0 es gespalten &#038; in den wundersch\u00f6nen\u00a0 Farben des Regenbogens (Spektralfarben) auf deinen W\u00e4nden &#038; auf umgebenden Fl\u00e4chen reflektiert<br \/>\n*Laut Fengh Shui soll durch das Anbringen vorm Fenster, sollte sich dieses genau gegen\u00fcber einer T\u00fcr befinden, verhindert werden, dass positive Energien zu schnell wieder aus den Fenstern str\u00f6men<\/p>\n<p>Materialen:<br \/>\nDer Metallreifen aus vergoldetem Messing hat einen Durchmesser von 15cm. Die. LOTUSBLUME in der Mitte ist aus Hokz &#038; au\u00dferdem das Symbol f\u00fcr Weiblichkeit, Weisheit, Wiedergeburt &#038; Reinheit<br \/>\nBest\u00fcckt gabe ich den Sonnenf\u00e4nger mit nat\u00fcrlichem Citrin in unregelm\u00e4\u00dfiger, ungeschliffener Form (kraftvoll &#038; einzigartig),  mit facettierten Glaskristallen\/Prismaglaskristallen &#038; als &#8222;sch\u00fctzenden Abschluss&#8220; ein Hamsa Hand Symbol  (*das wohl bekannteste &#038; st\u00e4rkste Schutzsymbol ist das der sch\u00fctzenden Hand der Fatima, oder auch Hamsa Hand genannt.\u00a0 Hamsa wird abgeleitet vom arabischen Wort &#8222;Khamsa&#8220;, was soviel wie &#8222;f\u00fcnf&#8220; bedeutet &#038; f\u00fcr die 5 Finger steht. Ein kulturelles Symbol als Schutz gegen jegliche negative Energien)<\/p>\n<p>Du  bekommst deinen Sonnenf\u00e4nger liebevoll verpackt in handbedrucktem, recyceltem Altpapier &#038; mit pers\u00f6nlichem Steckbrief beigelegt auf dem du die wichtigsten Infos zu deinem neuen  Begleiter nachlesen kannst<br \/>\nCITRIN (Solarplexuschakra\/ Manip\u016bra)<br \/>\nLebensfreude ~ Energie ~ Lebensmut ~<br \/>\nEin Powerstein &#038; Energiespender \u00a0<br \/>\nDer Citrin bringt deine inneres Licht zum Strahlen  Er schenkt dir Lebensfreude &#038; Energie und ist, insbesonders auch an betr\u00fcbten Tagen, ein wahrer Sonnenspender &#038; Seelentr\u00f6ster  Ein idealer Begleiter bei psychischen Krisen, in belastenden Lebensphasen &#038; zum Finden deiner inneren Balance<br \/>\nSternzeichen: L\u00f6we<\/p>\n","protected":false},"excerpt":{"rendered":"<p>Der Sonnenf\u00e4nger liebt es besonders im Licht, vorallem in der Sonne oder vor Fenstern zu h\u00e4ngen. Die Prismaglaskristalle sorgen mit ihrem &#8222;Sonnenf\u00e4nger-Effekt&#8220; f\u00fcr ein angenehmes &#038; harmonisches Wohn-,&#038; Wohlgef\u00fchl *Sonnenf\u00e4nger-Effekt: F\u00e4llt Licht auf ein Prisma\/ einen Prismakristall, so wird\u00a0 es gespalten &#038; in den wundersch\u00f6nen\u00a0 Farben des Regenbogens (Spektralfarben) auf deinen W\u00e4nden &#038; auf umgebenden &hellip; <a href=\"https:\/\/www.regionalis.shop\/ricardart\/shop\/citrin-sonnenfaenger-lotus-circle\/\">Continued<\/a><\/p>\n","protected":false},"featured_media":1646,"template":"","meta":{"_acf_changed":false},"product_brand":[],"product_cat":[174,103],"product_tag":[],"class_list":{"0":"post-1645","1":"product","2":"type-product","3":"status-publish","4":"has-post-thumbnail","6":"product_cat-wohndekoration","7":"product_cat-wohnen-deko","9":"first","10":"instock","11":"purchasable","12":"product-type-simple"},"acf":[],"_links":{"self":[{"href":"https:\/\/www.regionalis.shop\/ricardart\/wp-json\/wp\/v2\/product\/1645","targetHints":{"allow":["GET"]}}],"collection":[{"href":"https:\/\/www.regionalis.shop\/ricardart\/wp-json\/wp\/v2\/product"}],"about":[{"href":"https:\/\/www.regionalis.shop\/ricardart\/wp-json\/wp\/v2\/types\/product"}],"wp:featuredmedia":[{"embeddable":true,"href":"https:\/\/www.regionalis.shop\/ricardart\/wp-json\/wp\/v2\/media\/1646"}],"wp:attachment":[{"href":"https:\/\/www.regionalis.shop\/ricardart\/wp-json\/wp\/v2\/media?parent=1645"}],"wp:term":[{"taxonomy":"product_brand","embeddable":true,"href":"https:\/\/www.regionalis.shop\/ricardart\/wp-json\/wp\/v2\/product_brand?post=1645"},{"taxonomy":"product_cat","embeddable":true,"href":"https:\/\/www.regionalis.shop\/ricardart\/wp-json\/wp\/v2\/product_cat?post=1645"},{"taxonomy":"product_tag","embeddable":true,"href":"https:\/\/www.regionalis.shop\/ricardart\/wp-json\/wp\/v2\/product_tag?post=1645"}],"curies":[{"name":"wp","href":"https:\/\/api.w.org\/{rel}","templated":true}]}}