{"id":1671,"date":"2025-04-18T07:35:29","date_gmt":"2025-04-18T05:35:29","guid":{"rendered":"https:\/\/www.regionalis.shop\/ricardart\/product\/aventurin-doppelarmband-mandala\/"},"modified":"2025-04-18T07:35:29","modified_gmt":"2025-04-18T05:35:29","slug":"aventurin-doppelarmband-mandala","status":"publish","type":"product","link":"https:\/\/www.regionalis.shop\/ricardart\/shop\/aventurin-doppelarmband-mandala\/","title":{"rendered":"AVENTURIN Doppelarmband *MANDALA"},"content":{"rendered":"<p>Handgefertigte Edelsteinarmb\u00e4nder aus wasserfestem, sehr strapazierf\u00e4higem Makrameegarn (gewachst), mit nat\u00fcrlichem Aventurin (6mm), 18k vergoldeten Kupferperlen (2mm) &#038; l\u00e4ngenverstellbarem Schiebeverschluss zum individuellen Anpassen<br \/>\n*du bekommst dein Schmuckst\u00fcck h\u00fcbsch verpackt &#038; mit pers\u00f6nlichem Steckbrief beigelegt auf dem du die wichtigsten Infos zu deinem neuen Begleiter nachlesen kannst<br \/>\nAVENTURIN \u00a0(Herzchakra\/ An\u00e3hata)<br \/>\nOptimismus~Mut~Selbstbestimmung~Lebensfreude~innere Ruhe<br \/>\nWie der Amethyst ist auch der Aventurin ein wunderbarer Helfer beim Ein-&#038;, Durchschlafen, denn er schenkt dir innere Ruhe &#038; Balance. Abgeleitet wird der Name aus dem Italienischen &#8222;a ventura&#8216;, was auf gut Gl\u00fcck bedeutet &#8211; denn auch Mut &#038; Optimismus geh\u00f6ren zu seinen f\u00f6rdernden Eigenschaften. Ein wohlwollender Begleiter in jeder Lebenslage<br \/>\nSternzeichen: Krebs<\/p>\n","protected":false},"excerpt":{"rendered":"<p>Handgefertigte Edelsteinarmb\u00e4nder aus wasserfestem, sehr strapazierf\u00e4higem Makrameegarn (gewachst), mit nat\u00fcrlichem Aventurin (6mm), 18k vergoldeten Kupferperlen (2mm) &#038; l\u00e4ngenverstellbarem Schiebeverschluss zum individuellen Anpassen *du bekommst dein Schmuckst\u00fcck h\u00fcbsch verpackt &#038; mit pers\u00f6nlichem Steckbrief beigelegt auf dem du die wichtigsten Infos zu deinem neuen Begleiter nachlesen kannst AVENTURIN \u00a0(Herzchakra\/ An\u00e3hata) Optimismus~Mut~Selbstbestimmung~Lebensfreude~innere Ruhe Wie der Amethyst ist auch &hellip; <a href=\"https:\/\/www.regionalis.shop\/ricardart\/shop\/aventurin-doppelarmband-mandala\/\">Continued<\/a><\/p>\n","protected":false},"featured_media":1672,"template":"","meta":{"_acf_changed":false},"product_brand":[],"product_cat":[110,70],"product_tag":[],"class_list":{"0":"post-1671","1":"product","2":"type-product","3":"status-publish","4":"has-post-thumbnail","6":"product_cat-armbaender","7":"product_cat-schmuck","9":"first","10":"instock","11":"purchasable","12":"product-type-simple"},"acf":[],"_links":{"self":[{"href":"https:\/\/www.regionalis.shop\/ricardart\/wp-json\/wp\/v2\/product\/1671","targetHints":{"allow":["GET"]}}],"collection":[{"href":"https:\/\/www.regionalis.shop\/ricardart\/wp-json\/wp\/v2\/product"}],"about":[{"href":"https:\/\/www.regionalis.shop\/ricardart\/wp-json\/wp\/v2\/types\/product"}],"wp:featuredmedia":[{"embeddable":true,"href":"https:\/\/www.regionalis.shop\/ricardart\/wp-json\/wp\/v2\/media\/1672"}],"wp:attachment":[{"href":"https:\/\/www.regionalis.shop\/ricardart\/wp-json\/wp\/v2\/media?parent=1671"}],"wp:term":[{"taxonomy":"product_brand","embeddable":true,"href":"https:\/\/www.regionalis.shop\/ricardart\/wp-json\/wp\/v2\/product_brand?post=1671"},{"taxonomy":"product_cat","embeddable":true,"href":"https:\/\/www.regionalis.shop\/ricardart\/wp-json\/wp\/v2\/product_cat?post=1671"},{"taxonomy":"product_tag","embeddable":true,"href":"https:\/\/www.regionalis.shop\/ricardart\/wp-json\/wp\/v2\/product_tag?post=1671"}],"curies":[{"name":"wp","href":"https:\/\/api.w.org\/{rel}","templated":true}]}}