{"id":1701,"date":"2025-04-18T07:30:04","date_gmt":"2025-04-18T05:30:04","guid":{"rendered":"https:\/\/www.regionalis.shop\/ricardart\/product\/makramee-ohrringe-seashell-circles-40mm-petrol\/"},"modified":"2025-04-18T07:30:04","modified_gmt":"2025-04-18T05:30:04","slug":"makramee-ohrringe-seashell-circles-40mm-petrol","status":"publish","type":"product","link":"https:\/\/www.regionalis.shop\/ricardart\/shop\/makramee-ohrringe-seashell-circles-40mm-petrol\/","title":{"rendered":"Makramee Ohrringe *SEASHELL CIRCLES* 40mm petrol"},"content":{"rendered":"<p>Von Hand gefertigte Ohrsch\u00e4tze im sommerlichen Boho- Stil, mit nat\u00fcrlichen Muschelpl\u00e4ttchen, vergoldeten Messinghoops &#038; Makrameegarn aus recycelter Baumwolle in petrol (OEKOTEX). Die Ohrhaken aus vergoldetem Edelstahl sind nickel-&#038; bleifrei und somit auch f\u00fcr sensible Ohren geeignet. Durchmesser Hoops: 40mm<br \/>\n*Die Makrameefransen k\u00f6nnen bei Bedarf mit einem Kamm wieder in Form gebracht werden <\/p>\n<p>***du bekommst deine Ohrringe liebevoll verpackt in einer handbedruckten Box aus recyceltem Altpapier &#8211; individuell &#038; umweltbewusst<\/p>\n","protected":false},"excerpt":{"rendered":"<p>Von Hand gefertigte Ohrsch\u00e4tze im sommerlichen Boho- Stil, mit nat\u00fcrlichen Muschelpl\u00e4ttchen, vergoldeten Messinghoops &#038; Makrameegarn aus recycelter Baumwolle in petrol (OEKOTEX). Die Ohrhaken aus vergoldetem Edelstahl sind nickel-&#038; bleifrei und somit auch f\u00fcr sensible Ohren geeignet. Durchmesser Hoops: 40mm *Die Makrameefransen k\u00f6nnen bei Bedarf mit einem Kamm wieder in Form gebracht werden ***du bekommst deine &hellip; <a href=\"https:\/\/www.regionalis.shop\/ricardart\/shop\/makramee-ohrringe-seashell-circles-40mm-petrol\/\">Continued<\/a><\/p>\n","protected":false},"featured_media":1702,"template":"","meta":{"_acf_changed":false},"product_brand":[],"product_cat":[163,70],"product_tag":[],"class_list":{"0":"post-1701","1":"product","2":"type-product","3":"status-publish","4":"has-post-thumbnail","6":"product_cat-ohrringe","7":"product_cat-schmuck","9":"first","10":"instock","11":"purchasable","12":"product-type-simple"},"acf":[],"_links":{"self":[{"href":"https:\/\/www.regionalis.shop\/ricardart\/wp-json\/wp\/v2\/product\/1701","targetHints":{"allow":["GET"]}}],"collection":[{"href":"https:\/\/www.regionalis.shop\/ricardart\/wp-json\/wp\/v2\/product"}],"about":[{"href":"https:\/\/www.regionalis.shop\/ricardart\/wp-json\/wp\/v2\/types\/product"}],"wp:featuredmedia":[{"embeddable":true,"href":"https:\/\/www.regionalis.shop\/ricardart\/wp-json\/wp\/v2\/media\/1702"}],"wp:attachment":[{"href":"https:\/\/www.regionalis.shop\/ricardart\/wp-json\/wp\/v2\/media?parent=1701"}],"wp:term":[{"taxonomy":"product_brand","embeddable":true,"href":"https:\/\/www.regionalis.shop\/ricardart\/wp-json\/wp\/v2\/product_brand?post=1701"},{"taxonomy":"product_cat","embeddable":true,"href":"https:\/\/www.regionalis.shop\/ricardart\/wp-json\/wp\/v2\/product_cat?post=1701"},{"taxonomy":"product_tag","embeddable":true,"href":"https:\/\/www.regionalis.shop\/ricardart\/wp-json\/wp\/v2\/product_tag?post=1701"}],"curies":[{"name":"wp","href":"https:\/\/api.w.org\/{rel}","templated":true}]}}