{"id":1712,"date":"2025-04-18T07:28:26","date_gmt":"2025-04-18T05:28:26","guid":{"rendered":"https:\/\/www.regionalis.shop\/ricardart\/product\/mondstein-creolen-sunflower-30mm-silber\/"},"modified":"2025-04-18T07:28:26","modified_gmt":"2025-04-18T05:28:26","slug":"mondstein-creolen-sunflower-30mm-silber","status":"publish","type":"product","link":"https:\/\/www.regionalis.shop\/ricardart\/shop\/mondstein-creolen-sunflower-30mm-silber\/","title":{"rendered":"Mondstein Creolen *SUNFLOWER* 30mm silber"},"content":{"rendered":"<p>Handgefertigte Mondsteinohrsch\u00e4tze mit strahlenden, silberfarbenen Sonnenblumen in 30mm Edelstahlhoops.<br \/>\nBest\u00fcckt hab ich sie mit nat\u00fcrlichen Mondsteinperlen in unregelm\u00e4\u00dfiger, ungeschliffener Splitterform (was jedes St\u00fcck   einzigartig macht). Ohrhaken: 925Silber <\/p>\n<p>*du bekommst deine Ohrringe h\u00fcbsch verpackt in einer handbedruckten Box aus recyceltem Altpapier, mit pers\u00f6nlichem Steckbrief beigelegt auf dem du die wichtigsten Infos zu deinem neuen Begleiter nachlesen kannst<\/p>\n<p>MONDSTEIN\u00a0(Sakralchakra\/Sv\u00e3dhisth\u00e3na)<br \/>\nIntuition ~ Sch\u00f6pferkraft &#8211; Weiblichkeit &#8211; Fruchtbarkeit\u00a0<br \/>\nDer Mondstein f\u00f6rdert die Empathie dir selbst gegen\u00fcber. Ganz besonders unterst\u00fctzt dich der Mondstein in allen Aspekten deiner wunderbaren Weiblichkeit und hilft dir, deine Yin-Energie zu entdecken und in Balance zu bringen. Er ist dir auch bei Kinderwunsch, in der Schwangerschaft und als Mama ein wunderbarer &#038; unterst\u00fctzenden Begleiter\u00a0<\/p>\n","protected":false},"excerpt":{"rendered":"<p>Handgefertigte Mondsteinohrsch\u00e4tze mit strahlenden, silberfarbenen Sonnenblumen in 30mm Edelstahlhoops. Best\u00fcckt hab ich sie mit nat\u00fcrlichen Mondsteinperlen in unregelm\u00e4\u00dfiger, ungeschliffener Splitterform (was jedes St\u00fcck einzigartig macht). Ohrhaken: 925Silber *du bekommst deine Ohrringe h\u00fcbsch verpackt in einer handbedruckten Box aus recyceltem Altpapier, mit pers\u00f6nlichem Steckbrief beigelegt auf dem du die wichtigsten Infos zu deinem neuen Begleiter nachlesen &hellip; <a href=\"https:\/\/www.regionalis.shop\/ricardart\/shop\/mondstein-creolen-sunflower-30mm-silber\/\">Continued<\/a><\/p>\n","protected":false},"featured_media":1713,"template":"","meta":{"_acf_changed":false},"product_brand":[],"product_cat":[163,70],"product_tag":[],"class_list":{"0":"post-1712","1":"product","2":"type-product","3":"status-publish","4":"has-post-thumbnail","6":"product_cat-ohrringe","7":"product_cat-schmuck","9":"first","10":"instock","11":"purchasable","12":"product-type-simple"},"acf":[],"_links":{"self":[{"href":"https:\/\/www.regionalis.shop\/ricardart\/wp-json\/wp\/v2\/product\/1712","targetHints":{"allow":["GET"]}}],"collection":[{"href":"https:\/\/www.regionalis.shop\/ricardart\/wp-json\/wp\/v2\/product"}],"about":[{"href":"https:\/\/www.regionalis.shop\/ricardart\/wp-json\/wp\/v2\/types\/product"}],"wp:featuredmedia":[{"embeddable":true,"href":"https:\/\/www.regionalis.shop\/ricardart\/wp-json\/wp\/v2\/media\/1713"}],"wp:attachment":[{"href":"https:\/\/www.regionalis.shop\/ricardart\/wp-json\/wp\/v2\/media?parent=1712"}],"wp:term":[{"taxonomy":"product_brand","embeddable":true,"href":"https:\/\/www.regionalis.shop\/ricardart\/wp-json\/wp\/v2\/product_brand?post=1712"},{"taxonomy":"product_cat","embeddable":true,"href":"https:\/\/www.regionalis.shop\/ricardart\/wp-json\/wp\/v2\/product_cat?post=1712"},{"taxonomy":"product_tag","embeddable":true,"href":"https:\/\/www.regionalis.shop\/ricardart\/wp-json\/wp\/v2\/product_tag?post=1712"}],"curies":[{"name":"wp","href":"https:\/\/api.w.org\/{rel}","templated":true}]}}