{"id":1821,"date":"2025-04-18T07:23:23","date_gmt":"2025-04-18T05:23:23","guid":{"rendered":"https:\/\/www.regionalis.shop\/ricardart\/product\/rhodonit-tuerkis-fussband-seestern-silber\/"},"modified":"2025-04-18T07:23:23","modified_gmt":"2025-04-18T05:23:23","slug":"rhodonit-tuerkis-fussband-seestern-silber","status":"publish","type":"product","link":"https:\/\/www.regionalis.shop\/ricardart\/shop\/rhodonit-tuerkis-fussband-seestern-silber\/","title":{"rendered":"Rhodonit\/T\u00fcrkis Fu\u00dfband *SEESTERN* silber"},"content":{"rendered":"<p>Zartes, doppelreihiges Fu\u00dfband aus wasserfestem Makrameegarn (gewachst &#038; strapazierf\u00e4hig), mit nat\u00fcrlichen Edelsteinen (4-6mm) &#038; nickelfreiem Seesternanh\u00e4nger in antikem silber mit 13x16mm.<br \/>\nDank \u00e4ngenverstellbarem Schiebeverschluss l\u00e4sst sich jedes Fu\u00dfband individuell anpassen. <\/p>\n<p>*du bekommst dein Schmuckst\u00fcck h\u00fcbsch verpackt in einem handbedruckten Naturleinenbeutel, mit pers\u00f6nlichem Steckbrief beigelegt auf dem du die wichtigsten Infos zu deinem neuen Begleiter nachlesen kannst<\/p>\n<p>T\u00dcRKIS (Halschakra\/ Vi\u015buddha)<br \/>\nKreativit\u00e4t ~ Lebensfreude\/ Lebenskraft ~ Selbstbewusstsein ~ Kommunikation<\/p>\n<p>RHODONIT (Wurzelchakra\/ M\u016bl\u00e3dh\u00e3ra)<br \/>\nVergebung ~ Loslassen ~\u00a0 Neubeginn ~ Erste Hilfe Stein~<\/p>\n","protected":false},"excerpt":{"rendered":"<p>Zartes, doppelreihiges Fu\u00dfband aus wasserfestem Makrameegarn (gewachst &#038; strapazierf\u00e4hig), mit nat\u00fcrlichen Edelsteinen (4-6mm) &#038; nickelfreiem Seesternanh\u00e4nger in antikem silber mit 13x16mm. Dank \u00e4ngenverstellbarem Schiebeverschluss l\u00e4sst sich jedes Fu\u00dfband individuell anpassen. *du bekommst dein Schmuckst\u00fcck h\u00fcbsch verpackt in einem handbedruckten Naturleinenbeutel, mit pers\u00f6nlichem Steckbrief beigelegt auf dem du die wichtigsten Infos zu deinem neuen Begleiter nachlesen &hellip; <a href=\"https:\/\/www.regionalis.shop\/ricardart\/shop\/rhodonit-tuerkis-fussband-seestern-silber\/\">Continued<\/a><\/p>\n","protected":false},"featured_media":1822,"template":"","meta":{"_acf_changed":false},"product_brand":[],"product_cat":[154,70],"product_tag":[],"class_list":{"0":"post-1821","1":"product","2":"type-product","3":"status-publish","4":"has-post-thumbnail","6":"product_cat-koerperschmuck","7":"product_cat-schmuck","9":"first","10":"instock","11":"purchasable","12":"product-type-simple"},"acf":[],"_links":{"self":[{"href":"https:\/\/www.regionalis.shop\/ricardart\/wp-json\/wp\/v2\/product\/1821","targetHints":{"allow":["GET"]}}],"collection":[{"href":"https:\/\/www.regionalis.shop\/ricardart\/wp-json\/wp\/v2\/product"}],"about":[{"href":"https:\/\/www.regionalis.shop\/ricardart\/wp-json\/wp\/v2\/types\/product"}],"wp:featuredmedia":[{"embeddable":true,"href":"https:\/\/www.regionalis.shop\/ricardart\/wp-json\/wp\/v2\/media\/1822"}],"wp:attachment":[{"href":"https:\/\/www.regionalis.shop\/ricardart\/wp-json\/wp\/v2\/media?parent=1821"}],"wp:term":[{"taxonomy":"product_brand","embeddable":true,"href":"https:\/\/www.regionalis.shop\/ricardart\/wp-json\/wp\/v2\/product_brand?post=1821"},{"taxonomy":"product_cat","embeddable":true,"href":"https:\/\/www.regionalis.shop\/ricardart\/wp-json\/wp\/v2\/product_cat?post=1821"},{"taxonomy":"product_tag","embeddable":true,"href":"https:\/\/www.regionalis.shop\/ricardart\/wp-json\/wp\/v2\/product_tag?post=1821"}],"curies":[{"name":"wp","href":"https:\/\/api.w.org\/{rel}","templated":true}]}}