{"id":1840,"date":"2025-04-18T07:22:29","date_gmt":"2025-04-18T05:22:29","guid":{"rendered":"https:\/\/www.regionalis.shop\/ricardart\/product\/amethyst-ohrringe-seashell-gold\/"},"modified":"2025-04-18T07:22:29","modified_gmt":"2025-04-18T05:22:29","slug":"amethyst-ohrringe-seashell-gold","status":"publish","type":"product","link":"https:\/\/www.regionalis.shop\/ricardart\/shop\/amethyst-ohrringe-seashell-gold\/","title":{"rendered":"Amethyst Ohrringe *SEASHELL* gold"},"content":{"rendered":"<p>Zarte Ohrsch\u00e4tze mit 18k vergoldeten Kupferperlen (4\u00d73mm facettiert\/Tube)  nat\u00fcrlichem Amethyst (6mm), &#038; kleinem, vergoldetem Muschelanh\u00e4nger mit ~15mm<br \/>\nDie Ohrhaken aus echtvergoldetem Edelstahl sind nickelfrei &#038; somit auch f\u00fcr sensible Ohren geeignet.<br \/>\n*du bekommst deine Ohrringe h\u00fcbsch verpackt in einer handbedruckten Box aus recyceltem Altpapier, mit pers\u00f6nlichem Steckbrief beigelegt auf dem du die wichtigsten Infos zu deinem neuen Begleiter nachlesen kannst<\/p>\n<p>AMETHYST \u00a0(Kronenchakra\/Sahasr\u00e2ra)<br \/>\nKonzentration ~ Klarheit ~ Wahrnehmung\u00a0 ~ Ruhe<br \/>\nDer Amethyst, mit seiner wundersch\u00f6nen &#038; unverkennbar violetten Farbe ist ein wunderbarer &#8222;Lern-Stein&#8220; &#038; ideal zum Einschlafen<br \/>\nAnwendungsgebiete: bei Kopfschmerzen, Schlafproblemen oder Konzentrationsschwierigkeiten. Zur Unterst\u00fctzung in Lern-&#038;, Pr\u00fcfungssituationen<br \/>\nSternzeichen: Fische<\/p>\n","protected":false},"excerpt":{"rendered":"<p>Zarte Ohrsch\u00e4tze mit 18k vergoldeten Kupferperlen (4\u00d73mm facettiert\/Tube) nat\u00fcrlichem Amethyst (6mm), &#038; kleinem, vergoldetem Muschelanh\u00e4nger mit ~15mm Die Ohrhaken aus echtvergoldetem Edelstahl sind nickelfrei &#038; somit auch f\u00fcr sensible Ohren geeignet. *du bekommst deine Ohrringe h\u00fcbsch verpackt in einer handbedruckten Box aus recyceltem Altpapier, mit pers\u00f6nlichem Steckbrief beigelegt auf dem du die wichtigsten Infos zu &hellip; <a href=\"https:\/\/www.regionalis.shop\/ricardart\/shop\/amethyst-ohrringe-seashell-gold\/\">Continued<\/a><\/p>\n","protected":false},"featured_media":1841,"template":"","meta":{"_acf_changed":false},"product_brand":[],"product_cat":[163,70],"product_tag":[],"class_list":{"0":"post-1840","1":"product","2":"type-product","3":"status-publish","4":"has-post-thumbnail","6":"product_cat-ohrringe","7":"product_cat-schmuck","9":"first","10":"instock","11":"purchasable","12":"product-type-simple"},"acf":[],"_links":{"self":[{"href":"https:\/\/www.regionalis.shop\/ricardart\/wp-json\/wp\/v2\/product\/1840","targetHints":{"allow":["GET"]}}],"collection":[{"href":"https:\/\/www.regionalis.shop\/ricardart\/wp-json\/wp\/v2\/product"}],"about":[{"href":"https:\/\/www.regionalis.shop\/ricardart\/wp-json\/wp\/v2\/types\/product"}],"wp:featuredmedia":[{"embeddable":true,"href":"https:\/\/www.regionalis.shop\/ricardart\/wp-json\/wp\/v2\/media\/1841"}],"wp:attachment":[{"href":"https:\/\/www.regionalis.shop\/ricardart\/wp-json\/wp\/v2\/media?parent=1840"}],"wp:term":[{"taxonomy":"product_brand","embeddable":true,"href":"https:\/\/www.regionalis.shop\/ricardart\/wp-json\/wp\/v2\/product_brand?post=1840"},{"taxonomy":"product_cat","embeddable":true,"href":"https:\/\/www.regionalis.shop\/ricardart\/wp-json\/wp\/v2\/product_cat?post=1840"},{"taxonomy":"product_tag","embeddable":true,"href":"https:\/\/www.regionalis.shop\/ricardart\/wp-json\/wp\/v2\/product_tag?post=1840"}],"curies":[{"name":"wp","href":"https:\/\/api.w.org\/{rel}","templated":true}]}}