{"id":1937,"date":"2025-04-18T06:44:16","date_gmt":"2025-04-18T04:44:16","guid":{"rendered":"https:\/\/www.regionalis.shop\/ricardart\/product\/mondstein-doppelarmband-seed-of-life\/"},"modified":"2025-04-18T06:44:16","modified_gmt":"2025-04-18T04:44:16","slug":"mondstein-doppelarmband-seed-of-life","status":"publish","type":"product","link":"https:\/\/www.regionalis.shop\/ricardart\/shop\/mondstein-doppelarmband-seed-of-life\/","title":{"rendered":"MONDSTEIN Doppelarmband *SEED OF LIFE*"},"content":{"rendered":"<p>Zarte Doppelarmb\u00e4nder aus<br \/>\ngewachstem, sehr strapazierf\u00e4higem Makrameegarn (wasserabweisend &#038; langlebig), mit nat\u00fcrlichem Mondstein, 8mm Verbinderungsst\u00fcck aus nickelfreiem Messing, &#038; l\u00e4ngenverstellbarem Schiebeverschluss zum individuellen anpassen\u00a0<br \/>\n*Du bekommst dein Armband h\u00fcbsch verpackt mit pers\u00f6nlichem Steckbrief beigelegt auf dem du die wichtigsten Infos zu deinem neuen Begleiter nachlesen kannst<\/p>\n<p>MONDSTEIN\u00a0(Sakralchakra\/Sv\u00e3dhisth\u00e3na)<br \/>\nIntuition ~ Sch\u00f6pferkraft &#8211; Weiblichkeit &#8211; Fruchtbarkeit\u00a0<br \/>\nDer Mondstein f\u00f6rdert die Empathie dir selbst gegen\u00fcber. Ganz besonders unterst\u00fctzt dich der Mondstein in allen Aspekten deiner wunderbaren Weiblichkeit und hilft dir, deine Yin-Energie zu entdecken und in Balance zu bringen. Er ist dir auch bei Kinderwunsch, in der Schwangerschaft und als Mama ein wunderbarer &#038; unterst\u00fctzenden Begleiter\u00a0<\/p>\n","protected":false},"excerpt":{"rendered":"<p>Zarte Doppelarmb\u00e4nder aus gewachstem, sehr strapazierf\u00e4higem Makrameegarn (wasserabweisend &#038; langlebig), mit nat\u00fcrlichem Mondstein, 8mm Verbinderungsst\u00fcck aus nickelfreiem Messing, &#038; l\u00e4ngenverstellbarem Schiebeverschluss zum individuellen anpassen\u00a0 *Du bekommst dein Armband h\u00fcbsch verpackt mit pers\u00f6nlichem Steckbrief beigelegt auf dem du die wichtigsten Infos zu deinem neuen Begleiter nachlesen kannst MONDSTEIN\u00a0(Sakralchakra\/Sv\u00e3dhisth\u00e3na) Intuition ~ Sch\u00f6pferkraft &#8211; Weiblichkeit &#8211; Fruchtbarkeit\u00a0 Der &hellip; <a href=\"https:\/\/www.regionalis.shop\/ricardart\/shop\/mondstein-doppelarmband-seed-of-life\/\">Continued<\/a><\/p>\n","protected":false},"featured_media":1938,"template":"","meta":{"_acf_changed":false},"product_brand":[],"product_cat":[110,70],"product_tag":[],"class_list":{"0":"post-1937","1":"product","2":"type-product","3":"status-publish","4":"has-post-thumbnail","6":"product_cat-armbaender","7":"product_cat-schmuck","9":"first","10":"instock","11":"purchasable","12":"product-type-simple"},"acf":[],"_links":{"self":[{"href":"https:\/\/www.regionalis.shop\/ricardart\/wp-json\/wp\/v2\/product\/1937","targetHints":{"allow":["GET"]}}],"collection":[{"href":"https:\/\/www.regionalis.shop\/ricardart\/wp-json\/wp\/v2\/product"}],"about":[{"href":"https:\/\/www.regionalis.shop\/ricardart\/wp-json\/wp\/v2\/types\/product"}],"wp:featuredmedia":[{"embeddable":true,"href":"https:\/\/www.regionalis.shop\/ricardart\/wp-json\/wp\/v2\/media\/1938"}],"wp:attachment":[{"href":"https:\/\/www.regionalis.shop\/ricardart\/wp-json\/wp\/v2\/media?parent=1937"}],"wp:term":[{"taxonomy":"product_brand","embeddable":true,"href":"https:\/\/www.regionalis.shop\/ricardart\/wp-json\/wp\/v2\/product_brand?post=1937"},{"taxonomy":"product_cat","embeddable":true,"href":"https:\/\/www.regionalis.shop\/ricardart\/wp-json\/wp\/v2\/product_cat?post=1937"},{"taxonomy":"product_tag","embeddable":true,"href":"https:\/\/www.regionalis.shop\/ricardart\/wp-json\/wp\/v2\/product_tag?post=1937"}],"curies":[{"name":"wp","href":"https:\/\/api.w.org\/{rel}","templated":true}]}}