{"id":1997,"date":"2025-04-18T06:15:23","date_gmt":"2025-04-18T04:15:23","guid":{"rendered":"https:\/\/www.regionalis.shop\/ricardart\/product\/amazonit-tuerkis-doppelarmband-18k-vergoldet-sandfarben\/"},"modified":"2025-04-18T06:15:23","modified_gmt":"2025-04-18T04:15:23","slug":"amazonit-tuerkis-doppelarmband-18k-vergoldet-sandfarben","status":"publish","type":"product","link":"https:\/\/www.regionalis.shop\/ricardart\/shop\/amazonit-tuerkis-doppelarmband-18k-vergoldet-sandfarben\/","title":{"rendered":"Amazonit &#8211; T\u00fcrkis Doppelarmband *18k vergoldet\/sandfarben"},"content":{"rendered":"<p>Von Hand gefertigtes, doppelreihiges Edelsteinarmband aus gewachstem Makrameegarn (strapazierf\u00e4hig &#038; wasserfest), mit nat\u00fcrlichen Amazonit &#038; T\u00fcrkisperlen (4mm) &#038; 18k vergoldeten Kupferperlen (2mm).<br \/>\n&#8211; Mit l\u00e4ngenverstellbarem Schiebeverschluss zum  individuellen anpassen<\/p>\n<p>*du bekommst dein Schmuckst\u00fcck h\u00fcbsch verpackt in einer handbedruckten Box aus recyceltem Altpapier, mit pers\u00f6nlichem Steckbrief beigelegt auf dem du die wichtigsten Infos zu deinem neuen Begleiter nachlesen kannst<\/p>\n","protected":false},"excerpt":{"rendered":"<p>Von Hand gefertigtes, doppelreihiges Edelsteinarmband aus gewachstem Makrameegarn (strapazierf\u00e4hig &#038; wasserfest), mit nat\u00fcrlichen Amazonit &#038; T\u00fcrkisperlen (4mm) &#038; 18k vergoldeten Kupferperlen (2mm). &#8211; Mit l\u00e4ngenverstellbarem Schiebeverschluss zum individuellen anpassen *du bekommst dein Schmuckst\u00fcck h\u00fcbsch verpackt in einer handbedruckten Box aus recyceltem Altpapier, mit pers\u00f6nlichem Steckbrief beigelegt auf dem du die wichtigsten Infos zu deinem neuen &hellip; <a href=\"https:\/\/www.regionalis.shop\/ricardart\/shop\/amazonit-tuerkis-doppelarmband-18k-vergoldet-sandfarben\/\">Continued<\/a><\/p>\n","protected":false},"featured_media":1998,"template":"","meta":{"_acf_changed":false},"product_brand":[],"product_cat":[110,70],"product_tag":[],"class_list":{"0":"post-1997","1":"product","2":"type-product","3":"status-publish","4":"has-post-thumbnail","6":"product_cat-armbaender","7":"product_cat-schmuck","9":"first","10":"instock","11":"purchasable","12":"product-type-simple"},"acf":[],"_links":{"self":[{"href":"https:\/\/www.regionalis.shop\/ricardart\/wp-json\/wp\/v2\/product\/1997","targetHints":{"allow":["GET"]}}],"collection":[{"href":"https:\/\/www.regionalis.shop\/ricardart\/wp-json\/wp\/v2\/product"}],"about":[{"href":"https:\/\/www.regionalis.shop\/ricardart\/wp-json\/wp\/v2\/types\/product"}],"wp:featuredmedia":[{"embeddable":true,"href":"https:\/\/www.regionalis.shop\/ricardart\/wp-json\/wp\/v2\/media\/1998"}],"wp:attachment":[{"href":"https:\/\/www.regionalis.shop\/ricardart\/wp-json\/wp\/v2\/media?parent=1997"}],"wp:term":[{"taxonomy":"product_brand","embeddable":true,"href":"https:\/\/www.regionalis.shop\/ricardart\/wp-json\/wp\/v2\/product_brand?post=1997"},{"taxonomy":"product_cat","embeddable":true,"href":"https:\/\/www.regionalis.shop\/ricardart\/wp-json\/wp\/v2\/product_cat?post=1997"},{"taxonomy":"product_tag","embeddable":true,"href":"https:\/\/www.regionalis.shop\/ricardart\/wp-json\/wp\/v2\/product_tag?post=1997"}],"curies":[{"name":"wp","href":"https:\/\/api.w.org\/{rel}","templated":true}]}}