{"id":2002,"date":"2025-04-18T06:14:52","date_gmt":"2025-04-18T04:14:52","guid":{"rendered":"https:\/\/www.regionalis.shop\/ricardart\/product\/makramee-ohrringe-feather-circle\/"},"modified":"2025-04-18T06:14:52","modified_gmt":"2025-04-18T04:14:52","slug":"makramee-ohrringe-feather-circle","status":"publish","type":"product","link":"https:\/\/www.regionalis.shop\/ricardart\/shop\/makramee-ohrringe-feather-circle\/","title":{"rendered":"Makramee Ohrringe *FEATHER CIRCLE*"},"content":{"rendered":"<p>Von Hand gefertigte Ohrsch\u00e4tze im Boho-Stil, umkn\u00fcpft mit dunkelgr\u00fcnem Makrameegarn, mit Ohrhaken aus 925 Sterlingsilber &#038; kleinem Metallanh\u00e4nger<br \/>\nDurchmesser Edelstahlhoops: 30mm<\/p>\n<p>*Die Makrameefransen k\u00f6nnen bei Bedarf mit einem Kamm wieder in Form gebracht werden<\/p>\n","protected":false},"excerpt":{"rendered":"<p>Von Hand gefertigte Ohrsch\u00e4tze im Boho-Stil, umkn\u00fcpft mit dunkelgr\u00fcnem Makrameegarn, mit Ohrhaken aus 925 Sterlingsilber &#038; kleinem Metallanh\u00e4nger Durchmesser Edelstahlhoops: 30mm *Die Makrameefransen k\u00f6nnen bei Bedarf mit einem Kamm wieder in Form gebracht werden<\/p>\n","protected":false},"featured_media":2003,"template":"","meta":{"_acf_changed":false},"product_brand":[],"product_cat":[163,70],"product_tag":[],"class_list":{"0":"post-2002","1":"product","2":"type-product","3":"status-publish","4":"has-post-thumbnail","6":"product_cat-ohrringe","7":"product_cat-schmuck","9":"first","10":"instock","11":"purchasable","12":"product-type-simple"},"acf":[],"_links":{"self":[{"href":"https:\/\/www.regionalis.shop\/ricardart\/wp-json\/wp\/v2\/product\/2002","targetHints":{"allow":["GET"]}}],"collection":[{"href":"https:\/\/www.regionalis.shop\/ricardart\/wp-json\/wp\/v2\/product"}],"about":[{"href":"https:\/\/www.regionalis.shop\/ricardart\/wp-json\/wp\/v2\/types\/product"}],"wp:featuredmedia":[{"embeddable":true,"href":"https:\/\/www.regionalis.shop\/ricardart\/wp-json\/wp\/v2\/media\/2003"}],"wp:attachment":[{"href":"https:\/\/www.regionalis.shop\/ricardart\/wp-json\/wp\/v2\/media?parent=2002"}],"wp:term":[{"taxonomy":"product_brand","embeddable":true,"href":"https:\/\/www.regionalis.shop\/ricardart\/wp-json\/wp\/v2\/product_brand?post=2002"},{"taxonomy":"product_cat","embeddable":true,"href":"https:\/\/www.regionalis.shop\/ricardart\/wp-json\/wp\/v2\/product_cat?post=2002"},{"taxonomy":"product_tag","embeddable":true,"href":"https:\/\/www.regionalis.shop\/ricardart\/wp-json\/wp\/v2\/product_tag?post=2002"}],"curies":[{"name":"wp","href":"https:\/\/api.w.org\/{rel}","templated":true}]}}