{"id":2064,"date":"2025-04-18T05:53:09","date_gmt":"2025-04-18T03:53:09","guid":{"rendered":"https:\/\/www.regionalis.shop\/ricardart\/product\/amethyst-creolen-butterfly-silver\/"},"modified":"2025-04-18T05:53:09","modified_gmt":"2025-04-18T03:53:09","slug":"amethyst-creolen-butterfly-silver","status":"publish","type":"product","link":"https:\/\/www.regionalis.shop\/ricardart\/shop\/amethyst-creolen-butterfly-silver\/","title":{"rendered":"Amethyst Creolen *BUTTERFLY silver"},"content":{"rendered":"<p>Mit nat\u00fcrlichem Amethyst in seiner wundersch\u00f6nen &#038; einzigartig violetten Erscheinung \u2661<br \/>\nHoops &#038; Schmetterlingsanh\u00e4nger aus Messing, Ohrhaken aus 925 Sterlingsilber.<br \/>\nDurchmesser Hoops: 25mm<\/p>\n<p>*du bekommst dein Schmuckst\u00fcck h\u00fcbsch verpackt in einer handbedruckten Box aus recyceltem Altpapier, mit pers\u00f6nlichem Steckbrief beigelegt auf dem du die wichtigsten Infos zu deinem neuen Begleiter nachlesen kannst<\/p>\n<p>AMETHYST \u00a0(Kronenchakra\/Sahasr\u00e2ra)<br \/>\nKonzentration ~ Klarheit ~ Wahrnehmung\u00a0 ~ Ruhe<br \/>\nDer Amethyst, mit seiner wundersch\u00f6nen &#038; unverkennbar violetten Farbe ist ein wunderbarer &#8222;Lern-Stein&#8220; &#038; ideal zum Einschlafen<br \/>\nAnwendungsgebiete: bei Kopfschmerzen, Schlafproblemen oder Konzentrationsschwierigkeiten. Zur Unterst\u00fctzung in Lern-&#038;, Pr\u00fcfungssituationen<br \/>\nSternzeichen: Fische <\/p>\n<p>*aufgrund der Einzigartigkeit der einzelnen Edelsteine wird auch jedes Schmuckst\u00fcck zu einem Unikat &#038; somit  einzigartig- so einzigartig wie du \u2661<\/p>\n","protected":false},"excerpt":{"rendered":"<p>Mit nat\u00fcrlichem Amethyst in seiner wundersch\u00f6nen &#038; einzigartig violetten Erscheinung \u2661 Hoops &#038; Schmetterlingsanh\u00e4nger aus Messing, Ohrhaken aus 925 Sterlingsilber. Durchmesser Hoops: 25mm *du bekommst dein Schmuckst\u00fcck h\u00fcbsch verpackt in einer handbedruckten Box aus recyceltem Altpapier, mit pers\u00f6nlichem Steckbrief beigelegt auf dem du die wichtigsten Infos zu deinem neuen Begleiter nachlesen kannst AMETHYST \u00a0(Kronenchakra\/Sahasr\u00e2ra) Konzentration &hellip; <a href=\"https:\/\/www.regionalis.shop\/ricardart\/shop\/amethyst-creolen-butterfly-silver\/\">Continued<\/a><\/p>\n","protected":false},"featured_media":2065,"template":"","meta":{"_acf_changed":false},"product_brand":[],"product_cat":[163,70],"product_tag":[],"class_list":{"0":"post-2064","1":"product","2":"type-product","3":"status-publish","4":"has-post-thumbnail","6":"product_cat-ohrringe","7":"product_cat-schmuck","9":"first","10":"instock","11":"purchasable","12":"product-type-simple"},"acf":[],"_links":{"self":[{"href":"https:\/\/www.regionalis.shop\/ricardart\/wp-json\/wp\/v2\/product\/2064","targetHints":{"allow":["GET"]}}],"collection":[{"href":"https:\/\/www.regionalis.shop\/ricardart\/wp-json\/wp\/v2\/product"}],"about":[{"href":"https:\/\/www.regionalis.shop\/ricardart\/wp-json\/wp\/v2\/types\/product"}],"wp:featuredmedia":[{"embeddable":true,"href":"https:\/\/www.regionalis.shop\/ricardart\/wp-json\/wp\/v2\/media\/2065"}],"wp:attachment":[{"href":"https:\/\/www.regionalis.shop\/ricardart\/wp-json\/wp\/v2\/media?parent=2064"}],"wp:term":[{"taxonomy":"product_brand","embeddable":true,"href":"https:\/\/www.regionalis.shop\/ricardart\/wp-json\/wp\/v2\/product_brand?post=2064"},{"taxonomy":"product_cat","embeddable":true,"href":"https:\/\/www.regionalis.shop\/ricardart\/wp-json\/wp\/v2\/product_cat?post=2064"},{"taxonomy":"product_tag","embeddable":true,"href":"https:\/\/www.regionalis.shop\/ricardart\/wp-json\/wp\/v2\/product_tag?post=2064"}],"curies":[{"name":"wp","href":"https:\/\/api.w.org\/{rel}","templated":true}]}}