{"id":2092,"date":"2025-04-18T05:42:34","date_gmt":"2025-04-18T03:42:34","guid":{"rendered":"https:\/\/www.regionalis.shop\/ricardart\/product\/chakra-lebensblume-traumfaenger-kauriliebe\/"},"modified":"2025-04-18T05:42:34","modified_gmt":"2025-04-18T03:42:34","slug":"chakra-lebensblume-traumfaenger-kauriliebe","status":"publish","type":"product","link":"https:\/\/www.regionalis.shop\/ricardart\/shop\/chakra-lebensblume-traumfaenger-kauriliebe\/","title":{"rendered":"Chakra Lebensblume Traumf\u00e4nger *KAURILIEBE*"},"content":{"rendered":"<p>Ein einzigartiges Wohnaccessoire im Makramee-Chakra- Stil.<br \/>\nDie Lebensblume aus Holz (15cm Dm) wurde mit 7 sorgf\u00e4ltig ausgew\u00e4hlten Edelsteinen best\u00fcckt und mit recycelter Baumwolle &#038; 5 Kaurimuscheln umkn\u00fcpft.<br \/>\nMit viel Liebe zum Detail \u2661\u2661\u2661<br \/>\nGesamtl\u00e4nge (ohne Aufh\u00e4ngung): ~ 45cm<\/p>\n","protected":false},"excerpt":{"rendered":"<p>Ein einzigartiges Wohnaccessoire im Makramee-Chakra- Stil. Die Lebensblume aus Holz (15cm Dm) wurde mit 7 sorgf\u00e4ltig ausgew\u00e4hlten Edelsteinen best\u00fcckt und mit recycelter Baumwolle &#038; 5 Kaurimuscheln umkn\u00fcpft. Mit viel Liebe zum Detail \u2661\u2661\u2661 Gesamtl\u00e4nge (ohne Aufh\u00e4ngung): ~ 45cm<\/p>\n","protected":false},"featured_media":2093,"template":"","meta":{"_acf_changed":false},"product_brand":[],"product_cat":[174,103],"product_tag":[],"class_list":{"0":"post-2092","1":"product","2":"type-product","3":"status-publish","4":"has-post-thumbnail","6":"product_cat-wohndekoration","7":"product_cat-wohnen-deko","9":"first","10":"instock","11":"purchasable","12":"product-type-simple"},"acf":[],"_links":{"self":[{"href":"https:\/\/www.regionalis.shop\/ricardart\/wp-json\/wp\/v2\/product\/2092","targetHints":{"allow":["GET"]}}],"collection":[{"href":"https:\/\/www.regionalis.shop\/ricardart\/wp-json\/wp\/v2\/product"}],"about":[{"href":"https:\/\/www.regionalis.shop\/ricardart\/wp-json\/wp\/v2\/types\/product"}],"wp:featuredmedia":[{"embeddable":true,"href":"https:\/\/www.regionalis.shop\/ricardart\/wp-json\/wp\/v2\/media\/2093"}],"wp:attachment":[{"href":"https:\/\/www.regionalis.shop\/ricardart\/wp-json\/wp\/v2\/media?parent=2092"}],"wp:term":[{"taxonomy":"product_brand","embeddable":true,"href":"https:\/\/www.regionalis.shop\/ricardart\/wp-json\/wp\/v2\/product_brand?post=2092"},{"taxonomy":"product_cat","embeddable":true,"href":"https:\/\/www.regionalis.shop\/ricardart\/wp-json\/wp\/v2\/product_cat?post=2092"},{"taxonomy":"product_tag","embeddable":true,"href":"https:\/\/www.regionalis.shop\/ricardart\/wp-json\/wp\/v2\/product_tag?post=2092"}],"curies":[{"name":"wp","href":"https:\/\/api.w.org\/{rel}","templated":true}]}}