{"id":2199,"date":"2025-04-18T05:21:48","date_gmt":"2025-04-18T03:21:48","guid":{"rendered":"https:\/\/www.regionalis.shop\/ricardart\/product\/amethyst-bergkristall-rosenquarz-armband-golden-triangle\/"},"modified":"2025-04-18T05:21:48","modified_gmt":"2025-04-18T03:21:48","slug":"amethyst-bergkristall-rosenquarz-armband-golden-triangle","status":"publish","type":"product","link":"https:\/\/www.regionalis.shop\/ricardart\/shop\/amethyst-bergkristall-rosenquarz-armband-golden-triangle\/","title":{"rendered":"Amethyst Bergkristall Rosenquarz Armband *GOLDEN TRIANGLE*"},"content":{"rendered":"<p>Das goldene Dreieck<br \/>\nAmethyst, Bergkristall &#038; Rosenquarz ergeben zusammen den idealen Energiefluss f\u00fcr K\u00f6rper, Geist &#038; Seele<br \/>\nKombiniert man diese 3\u00a0 Edelsteine so ensteht ein wunderbarer Einklang &#038; ein harmonisches Schwingungsmuster, das negative Energien ausgleichen &#038; positiv auf Mensch &#038; Umgebung wirken soll. Zur optimalen Wirkung im Wohnbereich werden die Edelsteine in einem Dreieck angeordnet, das den Raum von negativen Energien befreien soll.<\/p>\n<p>Von Hand gefertigtes Armband aus gewachstem, sehr strapazierf\u00e4higem Makrameegarn (wasserfest) mit l\u00e4ngenverstellbarem Schiebeverschluss zum individuellen anpassen.<br \/>\nBest\u00fcckt mit 3 nat\u00fcrlichen Edelsteinen (6-10mm Durchmesser), 18k vergoldeten Kupferperlen &#038; goldenen H\u00e4matitperlen <\/p>\n<p>*du bekommst dein Armband h\u00fcbsch verpackt in einer handbedruckten Box aus recyceltem Altpapier, mit pers\u00f6nlichem Steckbrief beigelegt, auf dem du die wichtigsten Infos zu deinem neuen Begleiter nachlesen kannst<\/p>\n","protected":false},"excerpt":{"rendered":"<p>Das goldene Dreieck Amethyst, Bergkristall &#038; Rosenquarz ergeben zusammen den idealen Energiefluss f\u00fcr K\u00f6rper, Geist &#038; Seele Kombiniert man diese 3\u00a0 Edelsteine so ensteht ein wunderbarer Einklang &#038; ein harmonisches Schwingungsmuster, das negative Energien ausgleichen &#038; positiv auf Mensch &#038; Umgebung wirken soll. Zur optimalen Wirkung im Wohnbereich werden die Edelsteine in einem Dreieck angeordnet, &hellip; <a href=\"https:\/\/www.regionalis.shop\/ricardart\/shop\/amethyst-bergkristall-rosenquarz-armband-golden-triangle\/\">Continued<\/a><\/p>\n","protected":false},"featured_media":2200,"template":"","meta":{"_acf_changed":false},"product_brand":[],"product_cat":[110,70],"product_tag":[],"class_list":{"0":"post-2199","1":"product","2":"type-product","3":"status-publish","4":"has-post-thumbnail","6":"product_cat-armbaender","7":"product_cat-schmuck","9":"first","10":"instock","11":"purchasable","12":"product-type-simple"},"acf":[],"_links":{"self":[{"href":"https:\/\/www.regionalis.shop\/ricardart\/wp-json\/wp\/v2\/product\/2199","targetHints":{"allow":["GET"]}}],"collection":[{"href":"https:\/\/www.regionalis.shop\/ricardart\/wp-json\/wp\/v2\/product"}],"about":[{"href":"https:\/\/www.regionalis.shop\/ricardart\/wp-json\/wp\/v2\/types\/product"}],"wp:featuredmedia":[{"embeddable":true,"href":"https:\/\/www.regionalis.shop\/ricardart\/wp-json\/wp\/v2\/media\/2200"}],"wp:attachment":[{"href":"https:\/\/www.regionalis.shop\/ricardart\/wp-json\/wp\/v2\/media?parent=2199"}],"wp:term":[{"taxonomy":"product_brand","embeddable":true,"href":"https:\/\/www.regionalis.shop\/ricardart\/wp-json\/wp\/v2\/product_brand?post=2199"},{"taxonomy":"product_cat","embeddable":true,"href":"https:\/\/www.regionalis.shop\/ricardart\/wp-json\/wp\/v2\/product_cat?post=2199"},{"taxonomy":"product_tag","embeddable":true,"href":"https:\/\/www.regionalis.shop\/ricardart\/wp-json\/wp\/v2\/product_tag?post=2199"}],"curies":[{"name":"wp","href":"https:\/\/api.w.org\/{rel}","templated":true}]}}